{"id":27475,"date":"2019-04-06T20:37:58","date_gmt":"2019-04-06T18:37:58","guid":{"rendered":"https:\/\/legrandcontinent.eu\/fr\/?post_type=event&#038;p=27475"},"modified":"2019-04-06T20:37:59","modified_gmt":"2019-04-06T18:37:59","slug":"intervention-du-geg-lors-des-internationals-days-a-rouen","status":"publish","type":"event","link":"https:\/\/legrandcontinent.eu\/fr\/evenements\/intervention-du-geg-lors-des-internationals-days-a-rouen\/","title":{"rendered":"Intervention du GEG lors des Internationals Days \u00e0 Rouen"},"content":{"rendered":"\n<p>Lors des International Days \u00e0 Rouen, Baptiste Roger Lacan et Gilles Gressani, normaliens et membres actifs du\u00a0<a href=\"https:\/\/gegeurope.org\/\">GEG<\/a>, Groupe d\u2019\u00e9tudes g\u00e9opolitiques, ont invit\u00e9 les \u00e9tudiants de l\u2019ISCOM \u00e0 se questionner sur leur rapport \u00e0 l\u2019Europe et plus largement sur leur lecture de l\u2019actualit\u00e9.<br><\/p>\n","protected":false},"author":193,"featured_media":27474,"template":"templates\/event-seminar.php","categories":[],"event-type":[],"geo":[],"class_list":["post-27475","event","type-event","status-publish","hentry"],"acf":[],"yoast_head":"<!-- This site is optimized with the Yoast SEO plugin v26.1.1 - https:\/\/yoast.com\/wordpress\/plugins\/seo\/ -->\n<title>Intervention du GEG lors des Internationals Days \u00e0 Rouen | Le Grand Continent<\/title>\n<meta name=\"robots\" content=\"index, follow, max-snippet:-1, max-image-preview:large, max-video-preview:-1\" \/>\n<link rel=\"canonical\" href=\"https:\/\/legrandcontinent.eu\/fr\/evenements\/intervention-du-geg-lors-des-internationals-days-a-rouen\/\" \/>\n<meta property=\"og:locale\" content=\"fr_FR\" \/>\n<meta property=\"og:type\" content=\"article\" \/>\n<meta property=\"og:title\" content=\"Intervention du GEG lors des Internationals Days \u00e0 Rouen | Le Grand Continent\" \/>\n<meta property=\"og:description\" content=\"Lors des International Days \u00e0 Rouen, Baptiste Roger Lacan et Gilles Gressani, normaliens et membres actifs du GEG, Groupe d\u2019\u00e9tudes g\u00e9opolitiques, ont invit\u00e9 les \u00e9tudiants de l\u2019ISCOM \u00e0 se questionner sur leur rapport \u00e0 l\u2019Europe et plus largement sur leur lecture de l\u2019actualit\u00e9.\" \/>\n<meta property=\"og:url\" content=\"https:\/\/legrandcontinent.eu\/fr\/evenements\/intervention-du-geg-lors-des-internationals-days-a-rouen\/\" \/>\n<meta property=\"og:site_name\" content=\"Le Grand Continent\" \/>\n<meta property=\"article:modified_time\" content=\"2019-04-06T18:37:59+00:00\" \/>\n<meta property=\"og:image\" content=\"https:\/\/legrandcontinent.eu\/fr\/wp-content\/uploads\/sites\/2\/2019\/04\/Rouen-GES-2.jpg\" \/>\n\t<meta property=\"og:image:width\" content=\"365\" \/>\n\t<meta property=\"og:image:height\" content=\"243\" \/>\n\t<meta property=\"og:image:type\" content=\"image\/jpeg\" \/>\n<meta name=\"twitter:card\" content=\"summary_large_image\" \/>\n<script type=\"application\/ld+json\" class=\"yoast-schema-graph\">{\"@context\":\"https:\/\/schema.org\",\"@graph\":[{\"@type\":\"WebPage\",\"@id\":\"https:\/\/legrandcontinent.eu\/fr\/evenements\/intervention-du-geg-lors-des-internationals-days-a-rouen\/\",\"url\":\"https:\/\/legrandcontinent.eu\/fr\/evenements\/intervention-du-geg-lors-des-internationals-days-a-rouen\/\",\"name\":\"Intervention du GEG lors des Internationals Days \u00e0 Rouen | Le Grand Continent\",\"isPartOf\":{\"@id\":\"https:\/\/legrandcontinent.eu\/fr\/#website\"},\"primaryImageOfPage\":{\"@id\":\"https:\/\/legrandcontinent.eu\/fr\/evenements\/intervention-du-geg-lors-des-internationals-days-a-rouen\/#primaryimage\"},\"image\":{\"@id\":\"https:\/\/legrandcontinent.eu\/fr\/evenements\/intervention-du-geg-lors-des-internationals-days-a-rouen\/#primaryimage\"},\"thumbnailUrl\":\"https:\/\/legrandcontinent.eu\/fr\/wp-content\/uploads\/sites\/2\/2019\/04\/Rouen-GES-2.jpg\",\"datePublished\":\"2019-04-06T18:37:58+00:00\",\"dateModified\":\"2019-04-06T18:37:59+00:00\",\"breadcrumb\":{\"@id\":\"https:\/\/legrandcontinent.eu\/fr\/evenements\/intervention-du-geg-lors-des-internationals-days-a-rouen\/#breadcrumb\"},\"inLanguage\":\"fr-FR\",\"potentialAction\":[{\"@type\":\"ReadAction\",\"target\":[\"https:\/\/legrandcontinent.eu\/fr\/evenements\/intervention-du-geg-lors-des-internationals-days-a-rouen\/\"]}]},{\"@type\":\"ImageObject\",\"inLanguage\":\"fr-FR\",\"@id\":\"https:\/\/legrandcontinent.eu\/fr\/evenements\/intervention-du-geg-lors-des-internationals-days-a-rouen\/#primaryimage\",\"url\":\"https:\/\/legrandcontinent.eu\/fr\/wp-content\/uploads\/sites\/2\/2019\/04\/Rouen-GES-2.jpg\",\"contentUrl\":\"https:\/\/legrandcontinent.eu\/fr\/wp-content\/uploads\/sites\/2\/2019\/04\/Rouen-GES-2.jpg\",\"width\":365,\"height\":243},{\"@type\":\"BreadcrumbList\",\"@id\":\"https:\/\/legrandcontinent.eu\/fr\/evenements\/intervention-du-geg-lors-des-internationals-days-a-rouen\/#breadcrumb\",\"itemListElement\":[{\"@type\":\"ListItem\",\"position\":1,\"name\":\"Accueil\",\"item\":\"https:\/\/legrandcontinent.eu\/fr\/\"},{\"@type\":\"ListItem\",\"position\":2,\"name\":\"Events\",\"item\":\"https:\/\/legrandcontinent.eu\/fr\/events\/\"},{\"@type\":\"ListItem\",\"position\":3,\"name\":\"Intervention du GEG lors des Internationals Days \u00e0 Rouen\"}]},{\"@type\":\"WebSite\",\"@id\":\"https:\/\/legrandcontinent.eu\/fr\/#website\",\"url\":\"https:\/\/legrandcontinent.eu\/fr\/\",\"name\":\"Le Grand Continent\",\"description\":\"L&#039;\u00e9chelle pertinente\",\"potentialAction\":[{\"@type\":\"SearchAction\",\"target\":{\"@type\":\"EntryPoint\",\"urlTemplate\":\"https:\/\/legrandcontinent.eu\/fr\/?s={search_term_string}\"},\"query-input\":{\"@type\":\"PropertyValueSpecification\",\"valueRequired\":true,\"valueName\":\"search_term_string\"}}],\"inLanguage\":\"fr-FR\"}]}<\/script>\n<!-- \/ Yoast SEO plugin. -->","yoast_head_json":{"title":"Intervention du GEG lors des Internationals Days \u00e0 Rouen | Le Grand Continent","robots":{"index":"index","follow":"follow","max-snippet":"max-snippet:-1","max-image-preview":"max-image-preview:large","max-video-preview":"max-video-preview:-1"},"canonical":"https:\/\/legrandcontinent.eu\/fr\/evenements\/intervention-du-geg-lors-des-internationals-days-a-rouen\/","og_locale":"fr_FR","og_type":"article","og_title":"Intervention du GEG lors des Internationals Days \u00e0 Rouen | Le Grand Continent","og_description":"Lors des International Days \u00e0 Rouen, Baptiste Roger Lacan et Gilles Gressani, normaliens et membres actifs du GEG, Groupe d\u2019\u00e9tudes g\u00e9opolitiques, ont invit\u00e9 les \u00e9tudiants de l\u2019ISCOM \u00e0 se questionner sur leur rapport \u00e0 l\u2019Europe et plus largement sur leur lecture de l\u2019actualit\u00e9.","og_url":"https:\/\/legrandcontinent.eu\/fr\/evenements\/intervention-du-geg-lors-des-internationals-days-a-rouen\/","og_site_name":"Le Grand Continent","article_modified_time":"2019-04-06T18:37:59+00:00","og_image":[{"width":365,"height":243,"url":"https:\/\/legrandcontinent.eu\/fr\/wp-content\/uploads\/sites\/2\/2019\/04\/Rouen-GES-2.jpg","type":"image\/jpeg"}],"twitter_card":"summary_large_image","schema":{"@context":"https:\/\/schema.org","@graph":[{"@type":"WebPage","@id":"https:\/\/legrandcontinent.eu\/fr\/evenements\/intervention-du-geg-lors-des-internationals-days-a-rouen\/","url":"https:\/\/legrandcontinent.eu\/fr\/evenements\/intervention-du-geg-lors-des-internationals-days-a-rouen\/","name":"Intervention du GEG lors des Internationals Days \u00e0 Rouen | Le Grand Continent","isPartOf":{"@id":"https:\/\/legrandcontinent.eu\/fr\/#website"},"primaryImageOfPage":{"@id":"https:\/\/legrandcontinent.eu\/fr\/evenements\/intervention-du-geg-lors-des-internationals-days-a-rouen\/#primaryimage"},"image":{"@id":"https:\/\/legrandcontinent.eu\/fr\/evenements\/intervention-du-geg-lors-des-internationals-days-a-rouen\/#primaryimage"},"thumbnailUrl":"https:\/\/legrandcontinent.eu\/fr\/wp-content\/uploads\/sites\/2\/2019\/04\/Rouen-GES-2.jpg","datePublished":"2019-04-06T18:37:58+00:00","dateModified":"2019-04-06T18:37:59+00:00","breadcrumb":{"@id":"https:\/\/legrandcontinent.eu\/fr\/evenements\/intervention-du-geg-lors-des-internationals-days-a-rouen\/#breadcrumb"},"inLanguage":"fr-FR","potentialAction":[{"@type":"ReadAction","target":["https:\/\/legrandcontinent.eu\/fr\/evenements\/intervention-du-geg-lors-des-internationals-days-a-rouen\/"]}]},{"@type":"ImageObject","inLanguage":"fr-FR","@id":"https:\/\/legrandcontinent.eu\/fr\/evenements\/intervention-du-geg-lors-des-internationals-days-a-rouen\/#primaryimage","url":"https:\/\/legrandcontinent.eu\/fr\/wp-content\/uploads\/sites\/2\/2019\/04\/Rouen-GES-2.jpg","contentUrl":"https:\/\/legrandcontinent.eu\/fr\/wp-content\/uploads\/sites\/2\/2019\/04\/Rouen-GES-2.jpg","width":365,"height":243},{"@type":"BreadcrumbList","@id":"https:\/\/legrandcontinent.eu\/fr\/evenements\/intervention-du-geg-lors-des-internationals-days-a-rouen\/#breadcrumb","itemListElement":[{"@type":"ListItem","position":1,"name":"Accueil","item":"https:\/\/legrandcontinent.eu\/fr\/"},{"@type":"ListItem","position":2,"name":"Events","item":"https:\/\/legrandcontinent.eu\/fr\/events\/"},{"@type":"ListItem","position":3,"name":"Intervention du GEG lors des Internationals Days \u00e0 Rouen"}]},{"@type":"WebSite","@id":"https:\/\/legrandcontinent.eu\/fr\/#website","url":"https:\/\/legrandcontinent.eu\/fr\/","name":"Le Grand Continent","description":"L&#039;\u00e9chelle pertinente","potentialAction":[{"@type":"SearchAction","target":{"@type":"EntryPoint","urlTemplate":"https:\/\/legrandcontinent.eu\/fr\/?s={search_term_string}"},"query-input":{"@type":"PropertyValueSpecification","valueRequired":true,"valueName":"search_term_string"}}],"inLanguage":"fr-FR"}]}},"_links":{"self":[{"href":"https:\/\/legrandcontinent.eu\/fr\/wp-json\/wp\/v2\/event\/27475","targetHints":{"allow":["GET"]}}],"collection":[{"href":"https:\/\/legrandcontinent.eu\/fr\/wp-json\/wp\/v2\/event"}],"about":[{"href":"https:\/\/legrandcontinent.eu\/fr\/wp-json\/wp\/v2\/types\/event"}],"author":[{"embeddable":true,"href":"https:\/\/legrandcontinent.eu\/fr\/wp-json\/wp\/v2\/users\/193"}],"wp:featuredmedia":[{"embeddable":true,"href":"https:\/\/legrandcontinent.eu\/fr\/wp-json\/wp\/v2\/media\/27474"}],"wp:attachment":[{"href":"https:\/\/legrandcontinent.eu\/fr\/wp-json\/wp\/v2\/media?parent=27475"}],"wp:term":[{"taxonomy":"category","embeddable":true,"href":"https:\/\/legrandcontinent.eu\/fr\/wp-json\/wp\/v2\/categories?post=27475"},{"taxonomy":"event-type","embeddable":true,"href":"https:\/\/legrandcontinent.eu\/fr\/wp-json\/wp\/v2\/event-type?post=27475"},{"taxonomy":"geo","embeddable":true,"href":"https:\/\/legrandcontinent.eu\/fr\/wp-json\/wp\/v2\/geo?post=27475"}],"curies":[{"name":"wp","href":"https:\/\/api.w.org\/{rel}","templated":true}]}}

Intervention du GEG lors des Internationals Days à Rouen

<p>Lors des International Days à Rouen, Baptiste Roger Lacan et Gilles Gressani, normaliens et membres actifs du <a href="https://gegeurope.org/">GEG</a>, Groupe d’études géopolitiques, ont invité les étudiants de l’ISCOM à se questionner sur leur rapport à l’Europe et plus largement sur leur lecture de l’actualité.<br></p>

<!-- This site is optimized with the Yoast SEO plugin v26.1.1 - https://yoast.com/wordpress/plugins/seo/ -->
<title>Intervention du GEG lors des Internationals Days à Rouen | Le Grand Continent</title>
<meta name="robots" content="index, follow, max-snippet:-1, max-image-preview:large, max-video-preview:-1" />
<link rel="canonical" href="https://legrandcontinent.eu/fr/evenements/intervention-du-geg-lors-des-internationals-days-a-rouen/" />
<meta property="og:locale" content="fr_FR" />
<meta property="og:type" content="article" />
<meta property="og:title" content="Intervention du GEG lors des Internationals Days à Rouen | Le Grand Continent" />
<meta property="og:description" content="Lors des International Days à Rouen, Baptiste Roger Lacan et Gilles Gressani, normaliens et membres actifs du GEG, Groupe d’études géopolitiques, ont invité les étudiants de l’ISCOM à se questionner sur leur rapport à l’Europe et plus largement sur leur lecture de l’actualité." />
<meta property="og:url" content="https://legrandcontinent.eu/fr/evenements/intervention-du-geg-lors-des-internationals-days-a-rouen/" />
<meta property="og:site_name" content="Le Grand Continent" />
<meta property="article:modified_time" content="2019-04-06T18:37:59+00:00" />
<meta property="og:image" content="https://legrandcontinent.eu/fr/wp-content/uploads/sites/2/2019/04/Rouen-GES-2.jpg" />
	<meta property="og:image:width" content="365" />
	<meta property="og:image:height" content="243" />
	<meta property="og:image:type" content="image/jpeg" />
<meta name="twitter:card" content="summary_large_image" />
<script type="application/ld+json" class="yoast-schema-graph">{"@context":"https://schema.org","@graph":[{"@type":"WebPage","@id":"https://legrandcontinent.eu/fr/evenements/intervention-du-geg-lors-des-internationals-days-a-rouen/","url":"https://legrandcontinent.eu/fr/evenements/intervention-du-geg-lors-des-internationals-days-a-rouen/","name":"Intervention du GEG lors des Internationals Days à Rouen | Le Grand Continent","isPartOf":{"@id":"https://legrandcontinent.eu/fr/#website"},"primaryImageOfPage":{"@id":"https://legrandcontinent.eu/fr/evenements/intervention-du-geg-lors-des-internationals-days-a-rouen/#primaryimage"},"image":{"@id":"https://legrandcontinent.eu/fr/evenements/intervention-du-geg-lors-des-internationals-days-a-rouen/#primaryimage"},"thumbnailUrl":"https://legrandcontinent.eu/fr/wp-content/uploads/sites/2/2019/04/Rouen-GES-2.jpg","datePublished":"2019-04-06T18:37:58+00:00","dateModified":"2019-04-06T18:37:59+00:00","breadcrumb":{"@id":"https://legrandcontinent.eu/fr/evenements/intervention-du-geg-lors-des-internationals-days-a-rouen/#breadcrumb"},"inLanguage":"fr-FR","potentialAction":[{"@type":"ReadAction","target":["https://legrandcontinent.eu/fr/evenements/intervention-du-geg-lors-des-internationals-days-a-rouen/"]}]},{"@type":"ImageObject","inLanguage":"fr-FR","@id":"https://legrandcontinent.eu/fr/evenements/intervention-du-geg-lors-des-internationals-days-a-rouen/#primaryimage","url":"https://legrandcontinent.eu/fr/wp-content/uploads/sites/2/2019/04/Rouen-GES-2.jpg","contentUrl":"https://legrandcontinent.eu/fr/wp-content/uploads/sites/2/2019/04/Rouen-GES-2.jpg","width":365,"height":243},{"@type":"BreadcrumbList","@id":"https://legrandcontinent.eu/fr/evenements/intervention-du-geg-lors-des-internationals-days-a-rouen/#breadcrumb","itemListElement":[{"@type":"ListItem","position":1,"name":"Accueil","item":"https://legrandcontinent.eu/fr/"},{"@type":"ListItem","position":2,"name":"Events","item":"https://legrandcontinent.eu/fr/events/"},{"@type":"ListItem","position":3,"name":"Intervention du GEG lors des Internationals Days à Rouen"}]},{"@type":"WebSite","@id":"https://legrandcontinent.eu/fr/#website","url":"https://legrandcontinent.eu/fr/","name":"Le Grand Continent","description":"L&#039;échelle pertinente","potentialAction":[{"@type":"SearchAction","target":{"@type":"EntryPoint","urlTemplate":"https://legrandcontinent.eu/fr/?s={search_term_string}"},"query-input":{"@type":"PropertyValueSpecification","valueRequired":true,"valueName":"search_term_string"}}],"inLanguage":"fr-FR"}]}</script>
<!-- / Yoast SEO plugin. -->

Intervention du GEG lors des Internationals Days à Rouen | Le Grand Continent

Lors des International Days à Rouen, Baptiste Roger Lacan et Gilles Gressani, normaliens et membres actifs du GEG, Groupe d’études géopolitiques, ont invité les étudiants de l’ISCOM à se questionner sur leur rapport à l’Europe et plus largement sur leur lecture de l’actualité.

L&#039;échelle pertinente
