{"id":183575,"date":"2023-05-07T17:48:53","date_gmt":"2023-05-07T15:48:53","guid":{"rendered":"https:\/\/legrandcontinent.eu\/fr\/?post_type=event&#038;p=183575"},"modified":"2023-05-07T17:49:47","modified_gmt":"2023-05-07T15:49:47","slug":"journee-de-leurope-de-la-cour-des-comptes","status":"publish","type":"event","link":"https:\/\/legrandcontinent.eu\/fr\/evenements\/journee-de-leurope-de-la-cour-des-comptes\/","title":{"rendered":"Journ\u00e9e de l&rsquo;Europe de la Cour des Comptes"},"content":{"rendered":"\n<p>Le Grand Continent a le plaisir de prendre part \u00e0 la Journ\u00e9e de l&rsquo;Europe de la Cour des Comptes. <\/p>\n\n\n\n<p>Elle se d\u00e9roulera de 15h \u00e0 16h30 dans la Grand&rsquo;chambre de la Cour des Comptes. <\/p>\n\n\n\n<p>Introduction par <strong>Pierre Moscovici<\/strong>, Premier pr\u00e9sident de la Cour des comptes<\/p>\n\n\n\n<p>Table ronde mod\u00e9r\u00e9e par\u00a0<strong>Gilles Gressani<\/strong>, directeur\u00a0du Grand Continent avec&#160;:<\/p>\n\n\n\n<ul class=\"wp-block-list\">\n<li><strong>Zaki La\u00efdi<\/strong>, conseiller diplomatique du Haut Repr\u00e9sentant Josep Borrell, professeur \u00e0 Sciences Po<\/li>\n\n\n\n<li><strong>Arancha Gonzalez Laya<\/strong>, doyenne de l\u2019\u00c9cole des affaires internationales de Sciences Po, ancienne ministre des affaires \u00e9trang\u00e8res d\u2019Espagne<\/li>\n\n\n\n<li><strong>Pascal Lamy,<\/strong>\u00a0ancien directeur g\u00e9n\u00e9ral de l\u2019OMC.<\/li>\n<\/ul>\n\n\n\n<p>Les inscriptions sont obligatoires <a href=\"https:\/\/evenium-site.com\/site\/conference-journee-de-l-europe-9-mai\/inscription;jsessionid=FOufGyNse4kLsMAMJN93eeVW.gl1?locale=2&amp;surveyName=Default&amp;pg=inscription\">en cliquant sur ce lien<\/a>.<\/p>\n","protected":false},"author":11,"featured_media":0,"template":"templates\/event-debate.php","categories":[],"event-type":[],"geo":[],"class_list":["post-183575","event","type-event","status-publish","hentry"],"acf":[],"yoast_head":"<!-- This site is optimized with the Yoast SEO plugin v26.1.1 - https:\/\/yoast.com\/wordpress\/plugins\/seo\/ -->\n<title>Journ\u00e9e de l&#039;Europe de la Cour des Comptes | Le Grand Continent<\/title>\n<meta name=\"description\" content=\"Journ\u00e9e de l&#039;Europe \u00e0 la Cour des Comptes, avec Pierre Moscovici, Gilles Gressani, Pascal Lamy, Zaki La\u00efdi et Arancha Gonzalez.\" \/>\n<meta name=\"robots\" content=\"index, follow, max-snippet:-1, max-image-preview:large, max-video-preview:-1\" \/>\n<link rel=\"canonical\" href=\"https:\/\/legrandcontinent.eu\/fr\/evenements\/journee-de-leurope-de-la-cour-des-comptes\/\" \/>\n<meta property=\"og:locale\" content=\"fr_FR\" \/>\n<meta property=\"og:type\" content=\"article\" \/>\n<meta property=\"og:title\" content=\"Journ\u00e9e de l&#039;Europe de la Cour des Comptes | Le Grand Continent\" \/>\n<meta property=\"og:description\" content=\"Journ\u00e9e de l&#039;Europe \u00e0 la Cour des Comptes, avec Pierre Moscovici, Gilles Gressani, Pascal Lamy, Zaki La\u00efdi et Arancha Gonzalez.\" \/>\n<meta property=\"og:url\" content=\"https:\/\/legrandcontinent.eu\/fr\/evenements\/journee-de-leurope-de-la-cour-des-comptes\/\" \/>\n<meta property=\"og:site_name\" content=\"Le Grand Continent\" \/>\n<meta property=\"article:modified_time\" content=\"2023-05-07T15:49:47+00:00\" \/>\n<meta name=\"twitter:card\" content=\"summary_large_image\" \/>\n<meta name=\"twitter:label1\" content=\"Dur\u00e9e de lecture estim\u00e9e\" \/>\n\t<meta name=\"twitter:data1\" content=\"1 minute\" \/>\n<script type=\"application\/ld+json\" class=\"yoast-schema-graph\">{\"@context\":\"https:\/\/schema.org\",\"@graph\":[{\"@type\":\"WebPage\",\"@id\":\"https:\/\/legrandcontinent.eu\/fr\/evenements\/journee-de-leurope-de-la-cour-des-comptes\/\",\"url\":\"https:\/\/legrandcontinent.eu\/fr\/evenements\/journee-de-leurope-de-la-cour-des-comptes\/\",\"name\":\"Journ\u00e9e de l'Europe de la Cour des Comptes | Le Grand Continent\",\"isPartOf\":{\"@id\":\"https:\/\/legrandcontinent.eu\/fr\/#website\"},\"datePublished\":\"2023-05-07T15:48:53+00:00\",\"dateModified\":\"2023-05-07T15:49:47+00:00\",\"description\":\"Journ\u00e9e de l'Europe \u00e0 la Cour des Comptes, avec Pierre Moscovici, Gilles Gressani, Pascal Lamy, Zaki La\u00efdi et Arancha Gonzalez.\",\"breadcrumb\":{\"@id\":\"https:\/\/legrandcontinent.eu\/fr\/evenements\/journee-de-leurope-de-la-cour-des-comptes\/#breadcrumb\"},\"inLanguage\":\"fr-FR\",\"potentialAction\":[{\"@type\":\"ReadAction\",\"target\":[\"https:\/\/legrandcontinent.eu\/fr\/evenements\/journee-de-leurope-de-la-cour-des-comptes\/\"]}]},{\"@type\":\"BreadcrumbList\",\"@id\":\"https:\/\/legrandcontinent.eu\/fr\/evenements\/journee-de-leurope-de-la-cour-des-comptes\/#breadcrumb\",\"itemListElement\":[{\"@type\":\"ListItem\",\"position\":1,\"name\":\"Accueil\",\"item\":\"https:\/\/legrandcontinent.eu\/fr\/\"},{\"@type\":\"ListItem\",\"position\":2,\"name\":\"Events\",\"item\":\"https:\/\/legrandcontinent.eu\/fr\/events\/\"},{\"@type\":\"ListItem\",\"position\":3,\"name\":\"Journ\u00e9e de l&rsquo;Europe de la Cour des Comptes\"}]},{\"@type\":\"WebSite\",\"@id\":\"https:\/\/legrandcontinent.eu\/fr\/#website\",\"url\":\"https:\/\/legrandcontinent.eu\/fr\/\",\"name\":\"Le Grand Continent\",\"description\":\"L&#039;\u00e9chelle pertinente\",\"potentialAction\":[{\"@type\":\"SearchAction\",\"target\":{\"@type\":\"EntryPoint\",\"urlTemplate\":\"https:\/\/legrandcontinent.eu\/fr\/?s={search_term_string}\"},\"query-input\":{\"@type\":\"PropertyValueSpecification\",\"valueRequired\":true,\"valueName\":\"search_term_string\"}}],\"inLanguage\":\"fr-FR\"}]}<\/script>\n<!-- \/ Yoast SEO plugin. -->","yoast_head_json":{"title":"Journ\u00e9e de l'Europe de la Cour des Comptes | Le Grand Continent","description":"Journ\u00e9e de l'Europe \u00e0 la Cour des Comptes, avec Pierre Moscovici, Gilles Gressani, Pascal Lamy, Zaki La\u00efdi et Arancha Gonzalez.","robots":{"index":"index","follow":"follow","max-snippet":"max-snippet:-1","max-image-preview":"max-image-preview:large","max-video-preview":"max-video-preview:-1"},"canonical":"https:\/\/legrandcontinent.eu\/fr\/evenements\/journee-de-leurope-de-la-cour-des-comptes\/","og_locale":"fr_FR","og_type":"article","og_title":"Journ\u00e9e de l'Europe de la Cour des Comptes | Le Grand Continent","og_description":"Journ\u00e9e de l'Europe \u00e0 la Cour des Comptes, avec Pierre Moscovici, Gilles Gressani, Pascal Lamy, Zaki La\u00efdi et Arancha Gonzalez.","og_url":"https:\/\/legrandcontinent.eu\/fr\/evenements\/journee-de-leurope-de-la-cour-des-comptes\/","og_site_name":"Le Grand Continent","article_modified_time":"2023-05-07T15:49:47+00:00","twitter_card":"summary_large_image","twitter_misc":{"Dur\u00e9e de lecture estim\u00e9e":"1 minute"},"schema":{"@context":"https:\/\/schema.org","@graph":[{"@type":"WebPage","@id":"https:\/\/legrandcontinent.eu\/fr\/evenements\/journee-de-leurope-de-la-cour-des-comptes\/","url":"https:\/\/legrandcontinent.eu\/fr\/evenements\/journee-de-leurope-de-la-cour-des-comptes\/","name":"Journ\u00e9e de l'Europe de la Cour des Comptes | Le Grand Continent","isPartOf":{"@id":"https:\/\/legrandcontinent.eu\/fr\/#website"},"datePublished":"2023-05-07T15:48:53+00:00","dateModified":"2023-05-07T15:49:47+00:00","description":"Journ\u00e9e de l'Europe \u00e0 la Cour des Comptes, avec Pierre Moscovici, Gilles Gressani, Pascal Lamy, Zaki La\u00efdi et Arancha Gonzalez.","breadcrumb":{"@id":"https:\/\/legrandcontinent.eu\/fr\/evenements\/journee-de-leurope-de-la-cour-des-comptes\/#breadcrumb"},"inLanguage":"fr-FR","potentialAction":[{"@type":"ReadAction","target":["https:\/\/legrandcontinent.eu\/fr\/evenements\/journee-de-leurope-de-la-cour-des-comptes\/"]}]},{"@type":"BreadcrumbList","@id":"https:\/\/legrandcontinent.eu\/fr\/evenements\/journee-de-leurope-de-la-cour-des-comptes\/#breadcrumb","itemListElement":[{"@type":"ListItem","position":1,"name":"Accueil","item":"https:\/\/legrandcontinent.eu\/fr\/"},{"@type":"ListItem","position":2,"name":"Events","item":"https:\/\/legrandcontinent.eu\/fr\/events\/"},{"@type":"ListItem","position":3,"name":"Journ\u00e9e de l&rsquo;Europe de la Cour des Comptes"}]},{"@type":"WebSite","@id":"https:\/\/legrandcontinent.eu\/fr\/#website","url":"https:\/\/legrandcontinent.eu\/fr\/","name":"Le Grand Continent","description":"L&#039;\u00e9chelle pertinente","potentialAction":[{"@type":"SearchAction","target":{"@type":"EntryPoint","urlTemplate":"https:\/\/legrandcontinent.eu\/fr\/?s={search_term_string}"},"query-input":{"@type":"PropertyValueSpecification","valueRequired":true,"valueName":"search_term_string"}}],"inLanguage":"fr-FR"}]}},"_links":{"self":[{"href":"https:\/\/legrandcontinent.eu\/fr\/wp-json\/wp\/v2\/event\/183575","targetHints":{"allow":["GET"]}}],"collection":[{"href":"https:\/\/legrandcontinent.eu\/fr\/wp-json\/wp\/v2\/event"}],"about":[{"href":"https:\/\/legrandcontinent.eu\/fr\/wp-json\/wp\/v2\/types\/event"}],"author":[{"embeddable":true,"href":"https:\/\/legrandcontinent.eu\/fr\/wp-json\/wp\/v2\/users\/11"}],"wp:attachment":[{"href":"https:\/\/legrandcontinent.eu\/fr\/wp-json\/wp\/v2\/media?parent=183575"}],"wp:term":[{"taxonomy":"category","embeddable":true,"href":"https:\/\/legrandcontinent.eu\/fr\/wp-json\/wp\/v2\/categories?post=183575"},{"taxonomy":"event-type","embeddable":true,"href":"https:\/\/legrandcontinent.eu\/fr\/wp-json\/wp\/v2\/event-type?post=183575"},{"taxonomy":"geo","embeddable":true,"href":"https:\/\/legrandcontinent.eu\/fr\/wp-json\/wp\/v2\/geo?post=183575"}],"curies":[{"name":"wp","href":"https:\/\/api.w.org\/{rel}","templated":true}]}}

Journée de l&rsquo;Europe de la Cour des Comptes

<p>Le Grand Continent a le plaisir de prendre part à la Journée de l&rsquo;Europe de la Cour des Comptes. </p>



<p>Elle se déroulera de 15h à 16h30 dans la Grand&rsquo;chambre de la Cour des Comptes. </p>



<p>Introduction par <strong>Pierre Moscovici</strong>, Premier président de la Cour des comptes</p>



<p>Table ronde modérée par <strong>Gilles Gressani</strong>, directeur du Grand Continent avec&#160;:</p>



<ul class="wp-block-list">
<li><strong>Zaki Laïdi</strong>, conseiller diplomatique du Haut Représentant Josep Borrell, professeur à Sciences Po</li>



<li><strong>Arancha Gonzalez Laya</strong>, doyenne de l’École des affaires internationales de Sciences Po, ancienne ministre des affaires étrangères d’Espagne</li>



<li><strong>Pascal Lamy,</strong> ancien directeur général de l’OMC.</li>
</ul>



<p>Les inscriptions sont obligatoires <a href="https://evenium-site.com/site/conference-journee-de-l-europe-9-mai/inscription;jsessionid=FOufGyNse4kLsMAMJN93eeVW.gl1?locale=2&amp;surveyName=Default&amp;pg=inscription">en cliquant sur ce lien</a>.</p>

<!-- This site is optimized with the Yoast SEO plugin v26.1.1 - https://yoast.com/wordpress/plugins/seo/ -->
<title>Journée de l&#039;Europe de la Cour des Comptes | Le Grand Continent</title>
<meta name="description" content="Journée de l&#039;Europe à la Cour des Comptes, avec Pierre Moscovici, Gilles Gressani, Pascal Lamy, Zaki Laïdi et Arancha Gonzalez." />
<meta name="robots" content="index, follow, max-snippet:-1, max-image-preview:large, max-video-preview:-1" />
<link rel="canonical" href="https://legrandcontinent.eu/fr/evenements/journee-de-leurope-de-la-cour-des-comptes/" />
<meta property="og:locale" content="fr_FR" />
<meta property="og:type" content="article" />
<meta property="og:title" content="Journée de l&#039;Europe de la Cour des Comptes | Le Grand Continent" />
<meta property="og:description" content="Journée de l&#039;Europe à la Cour des Comptes, avec Pierre Moscovici, Gilles Gressani, Pascal Lamy, Zaki Laïdi et Arancha Gonzalez." />
<meta property="og:url" content="https://legrandcontinent.eu/fr/evenements/journee-de-leurope-de-la-cour-des-comptes/" />
<meta property="og:site_name" content="Le Grand Continent" />
<meta property="article:modified_time" content="2023-05-07T15:49:47+00:00" />
<meta name="twitter:card" content="summary_large_image" />
<meta name="twitter:label1" content="Durée de lecture estimée" />
	<meta name="twitter:data1" content="1 minute" />
<script type="application/ld+json" class="yoast-schema-graph">{"@context":"https://schema.org","@graph":[{"@type":"WebPage","@id":"https://legrandcontinent.eu/fr/evenements/journee-de-leurope-de-la-cour-des-comptes/","url":"https://legrandcontinent.eu/fr/evenements/journee-de-leurope-de-la-cour-des-comptes/","name":"Journée de l'Europe de la Cour des Comptes | Le Grand Continent","isPartOf":{"@id":"https://legrandcontinent.eu/fr/#website"},"datePublished":"2023-05-07T15:48:53+00:00","dateModified":"2023-05-07T15:49:47+00:00","description":"Journée de l'Europe à la Cour des Comptes, avec Pierre Moscovici, Gilles Gressani, Pascal Lamy, Zaki Laïdi et Arancha Gonzalez.","breadcrumb":{"@id":"https://legrandcontinent.eu/fr/evenements/journee-de-leurope-de-la-cour-des-comptes/#breadcrumb"},"inLanguage":"fr-FR","potentialAction":[{"@type":"ReadAction","target":["https://legrandcontinent.eu/fr/evenements/journee-de-leurope-de-la-cour-des-comptes/"]}]},{"@type":"BreadcrumbList","@id":"https://legrandcontinent.eu/fr/evenements/journee-de-leurope-de-la-cour-des-comptes/#breadcrumb","itemListElement":[{"@type":"ListItem","position":1,"name":"Accueil","item":"https://legrandcontinent.eu/fr/"},{"@type":"ListItem","position":2,"name":"Events","item":"https://legrandcontinent.eu/fr/events/"},{"@type":"ListItem","position":3,"name":"Journée de l&rsquo;Europe de la Cour des Comptes"}]},{"@type":"WebSite","@id":"https://legrandcontinent.eu/fr/#website","url":"https://legrandcontinent.eu/fr/","name":"Le Grand Continent","description":"L&#039;échelle pertinente","potentialAction":[{"@type":"SearchAction","target":{"@type":"EntryPoint","urlTemplate":"https://legrandcontinent.eu/fr/?s={search_term_string}"},"query-input":{"@type":"PropertyValueSpecification","valueRequired":true,"valueName":"search_term_string"}}],"inLanguage":"fr-FR"}]}</script>
<!-- / Yoast SEO plugin. -->

Journée de l'Europe de la Cour des Comptes | Le Grand Continent

Journée de l'Europe à la Cour des Comptes, avec Pierre Moscovici, Gilles Gressani, Pascal Lamy, Zaki Laïdi et Arancha Gonzalez.

L&#039;échelle pertinente
