{"version":"1.0","provider_name":"Le Grand Continent","provider_url":"https:\/\/legrandcontinent.eu\/fr","title":"L\u2019autre guerre : le Pakistan et l\u2019Afghanistan face au chaos iranien","type":"rich","width":600,"height":338,"html":"<blockquote class=\"wp-embedded-content\" data-secret=\"slvn151CBc\"><a href=\"https:\/\/legrandcontinent.eu\/fr\/2026\/03\/05\/pakistan-afghanistan-iran\/\">L\u2019autre guerre&#160;: le Pakistan et l\u2019Afghanistan face au chaos iranien<\/a><\/blockquote><iframe sandbox=\"allow-scripts\" security=\"restricted\" src=\"https:\/\/legrandcontinent.eu\/fr\/2026\/03\/05\/pakistan-afghanistan-iran\/embed\/#?secret=slvn151CBc\" width=\"600\" height=\"338\" title=\"\u00ab\u00a0L\u2019autre guerre&#160;: le Pakistan et l\u2019Afghanistan face au chaos iranien\u00a0\u00bb &#8212; Le Grand Continent\" data-secret=\"slvn151CBc\" frameborder=\"0\" marginwidth=\"0\" marginheight=\"0\" scrolling=\"no\" class=\"wp-embedded-content\"><\/iframe><script type=\"text\/javascript\">\n\/* <![CDATA[ *\/\n\/*! This file is auto-generated *\/\n!function(d,l){\"use strict\";l.querySelector&&d.addEventListener&&\"undefined\"!=typeof URL&&(d.wp=d.wp||{},d.wp.receiveEmbedMessage||(d.wp.receiveEmbedMessage=function(e){var t=e.data;if((t||t.secret||t.message||t.value)&&!\/[^a-zA-Z0-9]\/.test(t.secret)){for(var s,r,n,a=l.querySelectorAll('iframe[data-secret=\"'+t.secret+'\"]'),o=l.querySelectorAll('blockquote[data-secret=\"'+t.secret+'\"]'),c=new RegExp(\"^https?:$\",\"i\"),i=0;i<o.length;i++)o[i].style.display=\"none\";for(i=0;i<a.length;i++)s=a[i],e.source===s.contentWindow&&(s.removeAttribute(\"style\"),\"height\"===t.message?(1e3<(r=parseInt(t.value,10))?r=1e3:~~r<200&&(r=200),s.height=r):\"link\"===t.message&&(r=new URL(s.getAttribute(\"src\")),n=new URL(t.value),c.test(n.protocol))&&n.host===r.host&&l.activeElement===s&&(d.top.location.href=t.value))}},d.addEventListener(\"message\",d.wp.receiveEmbedMessage,!1),l.addEventListener(\"DOMContentLoaded\",function(){for(var e,t,s=l.querySelectorAll(\"iframe.wp-embedded-content\"),r=0;r<s.length;r++)(t=(e=s[r]).getAttribute(\"data-secret\"))||(t=Math.random().toString(36).substring(2,12),e.src+=\"#?secret=\"+t,e.setAttribute(\"data-secret\",t)),e.contentWindow.postMessage({message:\"ready\",secret:t},\"*\")},!1)))}(window,document);\n\/* ]]> *\/\n<\/script>\n","thumbnail_url":"https:\/\/legrandcontinent.eu\/fr\/wp-content\/uploads\/sites\/2\/2026\/03\/gc-talibans-scaled.jpg","thumbnail_width":2560,"thumbnail_height":1440,"description":"Alors que la guerre d\u2019Iran s\u2019\u00e9tend d\u00e9sormais \u00e0 seize pays, le Pakistan et l\u2019Afghanistan voisins sont eux aussi engag\u00e9s dans un conflit ouvert.  Si ces deux th\u00e9\u00e2tres sont distincts, leurs interd\u00e9pendances pourraient cr\u00e9er un embrasement r\u00e9gional.  Pour comprendre la g\u00e9opolitique de cette Asie interm\u00e9diaire, il faut revenir \u00e0 l\u2019histoire \u2014 Christophe Jaffrelot signe une \u00e9tude fouill\u00e9e."}

Alors que la guerre d’Iran s’étend désormais à seize pays, le Pakistan et l’Afghanistan voisins sont eux aussi engagés dans un conflit ouvert.  Si ces deux théâtres sont distincts, leurs interdépendances pourraient créer un embrasement régional.  Pour comprendre la géopolitique de cette Asie intermédiaire, il faut revenir à l’histoire — Christophe Jaffrelot signe une étude fouillée.
