{"version":"1.0","provider_name":"Le Grand Continent","provider_url":"https:\/\/legrandcontinent.eu\/fr","title":"Paul Val\u00e9ry sur la crise et l'avenir de l'Europe | Le Grand Continent","type":"rich","width":600,"height":338,"html":"<blockquote class=\"wp-embedded-content\" data-secret=\"PXniCfZbTL\"><a href=\"https:\/\/legrandcontinent.eu\/fr\/2025\/12\/25\/paul-valery-crise-de-lesprit\/\">Paul Val\u00e9ry sur la crise et l&rsquo;avenir de l&rsquo;Europe<\/a><\/blockquote><iframe sandbox=\"allow-scripts\" security=\"restricted\" src=\"https:\/\/legrandcontinent.eu\/fr\/2025\/12\/25\/paul-valery-crise-de-lesprit\/embed\/#?secret=PXniCfZbTL\" width=\"600\" height=\"338\" title=\"\u00ab\u00a0Paul Val\u00e9ry sur la crise et l&rsquo;avenir de l&rsquo;Europe\u00a0\u00bb &#8212; Le Grand Continent\" data-secret=\"PXniCfZbTL\" frameborder=\"0\" marginwidth=\"0\" marginheight=\"0\" scrolling=\"no\" class=\"wp-embedded-content\"><\/iframe><script type=\"text\/javascript\">\n\/* <![CDATA[ *\/\n\/*! This file is auto-generated *\/\n!function(d,l){\"use strict\";l.querySelector&&d.addEventListener&&\"undefined\"!=typeof URL&&(d.wp=d.wp||{},d.wp.receiveEmbedMessage||(d.wp.receiveEmbedMessage=function(e){var t=e.data;if((t||t.secret||t.message||t.value)&&!\/[^a-zA-Z0-9]\/.test(t.secret)){for(var s,r,n,a=l.querySelectorAll('iframe[data-secret=\"'+t.secret+'\"]'),o=l.querySelectorAll('blockquote[data-secret=\"'+t.secret+'\"]'),c=new RegExp(\"^https?:$\",\"i\"),i=0;i<o.length;i++)o[i].style.display=\"none\";for(i=0;i<a.length;i++)s=a[i],e.source===s.contentWindow&&(s.removeAttribute(\"style\"),\"height\"===t.message?(1e3<(r=parseInt(t.value,10))?r=1e3:~~r<200&&(r=200),s.height=r):\"link\"===t.message&&(r=new URL(s.getAttribute(\"src\")),n=new URL(t.value),c.test(n.protocol))&&n.host===r.host&&l.activeElement===s&&(d.top.location.href=t.value))}},d.addEventListener(\"message\",d.wp.receiveEmbedMessage,!1),l.addEventListener(\"DOMContentLoaded\",function(){for(var e,t,s=l.querySelectorAll(\"iframe.wp-embedded-content\"),r=0;r<s.length;r++)(t=(e=s[r]).getAttribute(\"data-secret\"))||(t=Math.random().toString(36).substring(2,12),e.src+=\"#?secret=\"+t,e.setAttribute(\"data-secret\",t)),e.contentWindow.postMessage({message:\"ready\",secret:t},\"*\")},!1)))}(window,document);\n\/* ]]> *\/\n<\/script>\n","thumbnail_url":"https:\/\/legrandcontinent.eu\/fr\/wp-content\/uploads\/sites\/2\/2025\/12\/Capture-decran-2025-12-23-a-20.13.50-990x581.png","thumbnail_width":990,"thumbnail_height":581,"description":"Nous savons que nous sommes mortels \u2014\u00a0c'est pr\u00e9cis\u00e9ment pour cela qu'il faut croire que nous sommes capables de construire un futur meilleur.  Ce matin du 25 d\u00e9cembre, dans une ann\u00e9e incertaine, parfois monstrueuse, nous publions la le\u00e7on radicalement et paradoxalement \u00e9nergisante de Paul Val\u00e9ry sur l'Europe."}

Paul Valéry sur la crise et l'avenir de l'Europe | Le Grand Continent

<blockquote class="wp-embedded-content" data-secret="PXniCfZbTL"><a href="https://legrandcontinent.eu/fr/2025/12/25/paul-valery-crise-de-lesprit/">Paul Valéry sur la crise et l&rsquo;avenir de l&rsquo;Europe</a></blockquote><iframe sandbox="allow-scripts" security="restricted" src="https://legrandcontinent.eu/fr/2025/12/25/paul-valery-crise-de-lesprit/embed/#?secret=PXniCfZbTL" width="600" height="338" title="« Paul Valéry sur la crise et l&rsquo;avenir de l&rsquo;Europe » &#8212; Le Grand Continent" data-secret="PXniCfZbTL" frameborder="0" marginwidth="0" marginheight="0" scrolling="no" class="wp-embedded-content"></iframe><script type="text/javascript">
/* <![CDATA[ */
/*! This file is auto-generated */
!function(d,l){"use strict";l.querySelector&&d.addEventListener&&"undefined"!=typeof URL&&(d.wp=d.wp||{},d.wp.receiveEmbedMessage||(d.wp.receiveEmbedMessage=function(e){var t=e.data;if((t||t.secret||t.message||t.value)&&!/[^a-zA-Z0-9]/.test(t.secret)){for(var s,r,n,a=l.querySelectorAll('iframe[data-secret="'+t.secret+'"]'),o=l.querySelectorAll('blockquote[data-secret="'+t.secret+'"]'),c=new RegExp("^https?:$","i"),i=0;i<o.length;i++)o[i].style.display="none";for(i=0;i<a.length;i++)s=a[i],e.source===s.contentWindow&&(s.removeAttribute("style"),"height"===t.message?(1e3<(r=parseInt(t.value,10))?r=1e3:~~r<200&&(r=200),s.height=r):"link"===t.message&&(r=new URL(s.getAttribute("src")),n=new URL(t.value),c.test(n.protocol))&&n.host===r.host&&l.activeElement===s&&(d.top.location.href=t.value))}},d.addEventListener("message",d.wp.receiveEmbedMessage,!1),l.addEventListener("DOMContentLoaded",function(){for(var e,t,s=l.querySelectorAll("iframe.wp-embedded-content"),r=0;r<s.length;r++)(t=(e=s[r]).getAttribute("data-secret"))||(t=Math.random().toString(36).substring(2,12),e.src+="#?secret="+t,e.setAttribute("data-secret",t)),e.contentWindow.postMessage({message:"ready",secret:t},"*")},!1)))}(window,document);
/* ]]> */
</script>

Nous savons que nous sommes mortels — c'est précisément pour cela qu'il faut croire que nous sommes capables de construire un futur meilleur.  Ce matin du 25 décembre, dans une année incertaine, parfois monstrueuse, nous publions la leçon radicalement et paradoxalement énergisante de Paul Valéry sur l'Europe.
