{"version":"1.0","provider_name":"Le Grand Continent","provider_url":"https:\/\/legrandcontinent.eu\/fr","title":"Nawrocki \u00e0 Washington : qui dirige la Pologne ?","type":"rich","width":600,"height":338,"html":"<blockquote class=\"wp-embedded-content\" data-secret=\"3ENdh4BQ0u\"><a href=\"https:\/\/legrandcontinent.eu\/fr\/2025\/09\/03\/nawrocki-a-washington-qui-dirige-la-pologne\/\">Nawrocki \u00e0 Washington&#160;: qui dirige la Pologne&#160;?<\/a><\/blockquote><iframe sandbox=\"allow-scripts\" security=\"restricted\" src=\"https:\/\/legrandcontinent.eu\/fr\/2025\/09\/03\/nawrocki-a-washington-qui-dirige-la-pologne\/embed\/#?secret=3ENdh4BQ0u\" width=\"600\" height=\"338\" title=\"\u00ab\u00a0Nawrocki \u00e0 Washington&#160;: qui dirige la Pologne&#160;?\u00a0\u00bb &#8212; Le Grand Continent\" data-secret=\"3ENdh4BQ0u\" frameborder=\"0\" marginwidth=\"0\" marginheight=\"0\" scrolling=\"no\" class=\"wp-embedded-content\"><\/iframe><script type=\"text\/javascript\">\n\/* <![CDATA[ *\/\n\/*! This file is auto-generated *\/\n!function(d,l){\"use strict\";l.querySelector&&d.addEventListener&&\"undefined\"!=typeof URL&&(d.wp=d.wp||{},d.wp.receiveEmbedMessage||(d.wp.receiveEmbedMessage=function(e){var t=e.data;if((t||t.secret||t.message||t.value)&&!\/[^a-zA-Z0-9]\/.test(t.secret)){for(var s,r,n,a=l.querySelectorAll('iframe[data-secret=\"'+t.secret+'\"]'),o=l.querySelectorAll('blockquote[data-secret=\"'+t.secret+'\"]'),c=new RegExp(\"^https?:$\",\"i\"),i=0;i<o.length;i++)o[i].style.display=\"none\";for(i=0;i<a.length;i++)s=a[i],e.source===s.contentWindow&&(s.removeAttribute(\"style\"),\"height\"===t.message?(1e3<(r=parseInt(t.value,10))?r=1e3:~~r<200&&(r=200),s.height=r):\"link\"===t.message&&(r=new URL(s.getAttribute(\"src\")),n=new URL(t.value),c.test(n.protocol))&&n.host===r.host&&l.activeElement===s&&(d.top.location.href=t.value))}},d.addEventListener(\"message\",d.wp.receiveEmbedMessage,!1),l.addEventListener(\"DOMContentLoaded\",function(){for(var e,t,s=l.querySelectorAll(\"iframe.wp-embedded-content\"),r=0;r<s.length;r++)(t=(e=s[r]).getAttribute(\"data-secret\"))||(t=Math.random().toString(36).substring(2,12),e.src+=\"#?secret=\"+t,e.setAttribute(\"data-secret\",t)),e.contentWindow.postMessage({message:\"ready\",secret:t},\"*\")},!1)))}(window,document);\n\/* ]]> *\/\n<\/script>\n","thumbnail_url":"https:\/\/legrandcontinent.eu\/fr\/wp-content\/uploads\/sites\/2\/2025\/09\/gc-share-rencontre-nawrocki-trump-2.png","thumbnail_width":1904,"thumbnail_height":1066,"description":"Le pr\u00e9sident polonais, Karol Nawrocki, est re\u00e7u aujourd'hui, mercredi 3 septembre, par le pr\u00e9sident am\u00e9ricain Donald Trump \u00e0 Washington.  Depuis sa prestation de serment le 6 ao\u00fbt, il y a presque un mois, Nawrocki a choisi de mener une pr\u00e9sidence offensive contre le gouvernement de Donald Tusk, plongeant la Pologne dans une nouvelle querelle institutionnelle \u2014 qui n'est pas sans cons\u00e9quence sur son image \u00e0 l'international."}

Nawrocki à Washington : qui dirige la Pologne ?

<blockquote class="wp-embedded-content" data-secret="3ENdh4BQ0u"><a href="https://legrandcontinent.eu/fr/2025/09/03/nawrocki-a-washington-qui-dirige-la-pologne/">Nawrocki à Washington&#160;: qui dirige la Pologne&#160;?</a></blockquote><iframe sandbox="allow-scripts" security="restricted" src="https://legrandcontinent.eu/fr/2025/09/03/nawrocki-a-washington-qui-dirige-la-pologne/embed/#?secret=3ENdh4BQ0u" width="600" height="338" title="« Nawrocki à Washington&#160;: qui dirige la Pologne&#160;? » &#8212; Le Grand Continent" data-secret="3ENdh4BQ0u" frameborder="0" marginwidth="0" marginheight="0" scrolling="no" class="wp-embedded-content"></iframe><script type="text/javascript">
/* <![CDATA[ */
/*! This file is auto-generated */
!function(d,l){"use strict";l.querySelector&&d.addEventListener&&"undefined"!=typeof URL&&(d.wp=d.wp||{},d.wp.receiveEmbedMessage||(d.wp.receiveEmbedMessage=function(e){var t=e.data;if((t||t.secret||t.message||t.value)&&!/[^a-zA-Z0-9]/.test(t.secret)){for(var s,r,n,a=l.querySelectorAll('iframe[data-secret="'+t.secret+'"]'),o=l.querySelectorAll('blockquote[data-secret="'+t.secret+'"]'),c=new RegExp("^https?:$","i"),i=0;i<o.length;i++)o[i].style.display="none";for(i=0;i<a.length;i++)s=a[i],e.source===s.contentWindow&&(s.removeAttribute("style"),"height"===t.message?(1e3<(r=parseInt(t.value,10))?r=1e3:~~r<200&&(r=200),s.height=r):"link"===t.message&&(r=new URL(s.getAttribute("src")),n=new URL(t.value),c.test(n.protocol))&&n.host===r.host&&l.activeElement===s&&(d.top.location.href=t.value))}},d.addEventListener("message",d.wp.receiveEmbedMessage,!1),l.addEventListener("DOMContentLoaded",function(){for(var e,t,s=l.querySelectorAll("iframe.wp-embedded-content"),r=0;r<s.length;r++)(t=(e=s[r]).getAttribute("data-secret"))||(t=Math.random().toString(36).substring(2,12),e.src+="#?secret="+t,e.setAttribute("data-secret",t)),e.contentWindow.postMessage({message:"ready",secret:t},"*")},!1)))}(window,document);
/* ]]> */
</script>

Le président polonais, Karol Nawrocki, est reçu aujourd'hui, mercredi 3 septembre, par le président américain Donald Trump à Washington.  Depuis sa prestation de serment le 6 août, il y a presque un mois, Nawrocki a choisi de mener une présidence offensive contre le gouvernement de Donald Tusk, plongeant la Pologne dans une nouvelle querelle institutionnelle — qui n'est pas sans conséquence sur son image à l'international.
