{"version":"1.0","provider_name":"Le Grand Continent","provider_url":"https:\/\/legrandcontinent.eu\/fr","title":"Doctrine du double \u00e9quilibre : une strat\u00e9gie pour l\u2019Union face \u00e0 la Chine et aux \u00c9tats-Unis, conversation avec St\u00e9phane S\u00e9journ\u00e9 | Le Grand Continent","type":"rich","width":600,"height":338,"html":"<blockquote class=\"wp-embedded-content\" data-secret=\"sbI1e22qSc\"><a href=\"https:\/\/legrandcontinent.eu\/fr\/2025\/06\/24\/conversation-stephane-sejourne\/\">Doctrine du double \u00e9quilibre&#160;: une strat\u00e9gie pour l\u2019Union face \u00e0 la Chine et aux \u00c9tats-Unis, conversation avec St\u00e9phane S\u00e9journ\u00e9<\/a><\/blockquote><iframe sandbox=\"allow-scripts\" security=\"restricted\" src=\"https:\/\/legrandcontinent.eu\/fr\/2025\/06\/24\/conversation-stephane-sejourne\/embed\/#?secret=sbI1e22qSc\" width=\"600\" height=\"338\" title=\"\u00ab\u00a0Doctrine du double \u00e9quilibre&#160;: une strat\u00e9gie pour l\u2019Union face \u00e0 la Chine et aux \u00c9tats-Unis, conversation avec St\u00e9phane S\u00e9journ\u00e9\u00a0\u00bb &#8212; Le Grand Continent\" data-secret=\"sbI1e22qSc\" frameborder=\"0\" marginwidth=\"0\" marginheight=\"0\" scrolling=\"no\" class=\"wp-embedded-content\"><\/iframe><script type=\"text\/javascript\">\n\/* <![CDATA[ *\/\n\/*! This file is auto-generated *\/\n!function(d,l){\"use strict\";l.querySelector&&d.addEventListener&&\"undefined\"!=typeof URL&&(d.wp=d.wp||{},d.wp.receiveEmbedMessage||(d.wp.receiveEmbedMessage=function(e){var t=e.data;if((t||t.secret||t.message||t.value)&&!\/[^a-zA-Z0-9]\/.test(t.secret)){for(var s,r,n,a=l.querySelectorAll('iframe[data-secret=\"'+t.secret+'\"]'),o=l.querySelectorAll('blockquote[data-secret=\"'+t.secret+'\"]'),c=new RegExp(\"^https?:$\",\"i\"),i=0;i<o.length;i++)o[i].style.display=\"none\";for(i=0;i<a.length;i++)s=a[i],e.source===s.contentWindow&&(s.removeAttribute(\"style\"),\"height\"===t.message?(1e3<(r=parseInt(t.value,10))?r=1e3:~~r<200&&(r=200),s.height=r):\"link\"===t.message&&(r=new URL(s.getAttribute(\"src\")),n=new URL(t.value),c.test(n.protocol))&&n.host===r.host&&l.activeElement===s&&(d.top.location.href=t.value))}},d.addEventListener(\"message\",d.wp.receiveEmbedMessage,!1),l.addEventListener(\"DOMContentLoaded\",function(){for(var e,t,s=l.querySelectorAll(\"iframe.wp-embedded-content\"),r=0;r<s.length;r++)(t=(e=s[r]).getAttribute(\"data-secret\"))||(t=Math.random().toString(36).substring(2,12),e.src+=\"#?secret=\"+t,e.setAttribute(\"data-secret\",t)),e.contentWindow.postMessage({message:\"ready\",secret:t},\"*\")},!1)))}(window,document);\n\/* ]]> *\/\n<\/script>\n","thumbnail_url":"https:\/\/legrandcontinent.eu\/fr\/wp-content\/uploads\/sites\/2\/2025\/06\/gc-sejourneboussole-scaled.jpg","thumbnail_width":2560,"thumbnail_height":1431,"description":"\u00ab&#160;Ouverture au monde et protection des fronti\u00e8res ext\u00e9rieures&#160;; ouverture interne et pr\u00e9f\u00e9rence europ\u00e9enne \u2014 c\u2019est ce double \u00e9quilibre qu\u2019il faut b\u00e2tir.&#160;\u00bb  Avant un Conseil europ\u00e9en clef, un sommet de l\u2019OTAN sous tension et une visite en Chine tr\u00e8s attendue, l\u2019Union est \u00e0 un tournant.  Pour \u00e9voquer les transformations majeures dans lesquelles est plong\u00e9 le continent, nous avons rencontr\u00e9 le Vice-pr\u00e9sident ex\u00e9cutif de la Commission europ\u00e9enne \u00e0 la Prosp\u00e9rit\u00e9 et \u00e0 la Strat\u00e9gie industrielle, St\u00e9phane S\u00e9journ\u00e9."}

Doctrine du double équilibre : une stratégie pour l’Union face à la Chine et aux États-Unis, conversation avec Stéphane Séjourné | Le Grand Continent

<blockquote class="wp-embedded-content" data-secret="sbI1e22qSc"><a href="https://legrandcontinent.eu/fr/2025/06/24/conversation-stephane-sejourne/">Doctrine du double équilibre&#160;: une stratégie pour l’Union face à la Chine et aux États-Unis, conversation avec Stéphane Séjourné</a></blockquote><iframe sandbox="allow-scripts" security="restricted" src="https://legrandcontinent.eu/fr/2025/06/24/conversation-stephane-sejourne/embed/#?secret=sbI1e22qSc" width="600" height="338" title="« Doctrine du double équilibre&#160;: une stratégie pour l’Union face à la Chine et aux États-Unis, conversation avec Stéphane Séjourné » &#8212; Le Grand Continent" data-secret="sbI1e22qSc" frameborder="0" marginwidth="0" marginheight="0" scrolling="no" class="wp-embedded-content"></iframe><script type="text/javascript">
/* <![CDATA[ */
/*! This file is auto-generated */
!function(d,l){"use strict";l.querySelector&&d.addEventListener&&"undefined"!=typeof URL&&(d.wp=d.wp||{},d.wp.receiveEmbedMessage||(d.wp.receiveEmbedMessage=function(e){var t=e.data;if((t||t.secret||t.message||t.value)&&!/[^a-zA-Z0-9]/.test(t.secret)){for(var s,r,n,a=l.querySelectorAll('iframe[data-secret="'+t.secret+'"]'),o=l.querySelectorAll('blockquote[data-secret="'+t.secret+'"]'),c=new RegExp("^https?:$","i"),i=0;i<o.length;i++)o[i].style.display="none";for(i=0;i<a.length;i++)s=a[i],e.source===s.contentWindow&&(s.removeAttribute("style"),"height"===t.message?(1e3<(r=parseInt(t.value,10))?r=1e3:~~r<200&&(r=200),s.height=r):"link"===t.message&&(r=new URL(s.getAttribute("src")),n=new URL(t.value),c.test(n.protocol))&&n.host===r.host&&l.activeElement===s&&(d.top.location.href=t.value))}},d.addEventListener("message",d.wp.receiveEmbedMessage,!1),l.addEventListener("DOMContentLoaded",function(){for(var e,t,s=l.querySelectorAll("iframe.wp-embedded-content"),r=0;r<s.length;r++)(t=(e=s[r]).getAttribute("data-secret"))||(t=Math.random().toString(36).substring(2,12),e.src+="#?secret="+t,e.setAttribute("data-secret",t)),e.contentWindow.postMessage({message:"ready",secret:t},"*")},!1)))}(window,document);
/* ]]> */
</script>

«&#160;Ouverture au monde et protection des frontières extérieures&#160;; ouverture interne et préférence européenne — c’est ce double équilibre qu’il faut bâtir.&#160;»  Avant un Conseil européen clef, un sommet de l’OTAN sous tension et une visite en Chine très attendue, l’Union est à un tournant.  Pour évoquer les transformations majeures dans lesquelles est plongé le continent, nous avons rencontré le Vice-président exécutif de la Commission européenne à la Prospérité et à la Stratégie industrielle, Stéphane Séjourné.
