{"version":"1.0","provider_name":"Le Grand Continent","provider_url":"https:\/\/legrandcontinent.eu\/fr","title":"L\u00e9on XIV est le nouveau pape | Le Grand Continent","type":"rich","width":600,"height":338,"html":"<blockquote class=\"wp-embedded-content\" data-secret=\"YGQDP2zJRo\"><a href=\"https:\/\/legrandcontinent.eu\/fr\/2025\/05\/07\/direct-conclave\/\">L\u00e9on XIV est le nouveau pape<\/a><\/blockquote><iframe sandbox=\"allow-scripts\" security=\"restricted\" src=\"https:\/\/legrandcontinent.eu\/fr\/2025\/05\/07\/direct-conclave\/embed\/#?secret=YGQDP2zJRo\" width=\"600\" height=\"338\" title=\"\u00ab\u00a0L\u00e9on XIV est le nouveau pape\u00a0\u00bb &#8212; Le Grand Continent\" data-secret=\"YGQDP2zJRo\" frameborder=\"0\" marginwidth=\"0\" marginheight=\"0\" scrolling=\"no\" class=\"wp-embedded-content\"><\/iframe><script type=\"text\/javascript\">\n\/* <![CDATA[ *\/\n\/*! This file is auto-generated *\/\n!function(d,l){\"use strict\";l.querySelector&&d.addEventListener&&\"undefined\"!=typeof URL&&(d.wp=d.wp||{},d.wp.receiveEmbedMessage||(d.wp.receiveEmbedMessage=function(e){var t=e.data;if((t||t.secret||t.message||t.value)&&!\/[^a-zA-Z0-9]\/.test(t.secret)){for(var s,r,n,a=l.querySelectorAll('iframe[data-secret=\"'+t.secret+'\"]'),o=l.querySelectorAll('blockquote[data-secret=\"'+t.secret+'\"]'),c=new RegExp(\"^https?:$\",\"i\"),i=0;i<o.length;i++)o[i].style.display=\"none\";for(i=0;i<a.length;i++)s=a[i],e.source===s.contentWindow&&(s.removeAttribute(\"style\"),\"height\"===t.message?(1e3<(r=parseInt(t.value,10))?r=1e3:~~r<200&&(r=200),s.height=r):\"link\"===t.message&&(r=new URL(s.getAttribute(\"src\")),n=new URL(t.value),c.test(n.protocol))&&n.host===r.host&&l.activeElement===s&&(d.top.location.href=t.value))}},d.addEventListener(\"message\",d.wp.receiveEmbedMessage,!1),l.addEventListener(\"DOMContentLoaded\",function(){for(var e,t,s=l.querySelectorAll(\"iframe.wp-embedded-content\"),r=0;r<s.length;r++)(t=(e=s[r]).getAttribute(\"data-secret\"))||(t=Math.random().toString(36).substring(2,12),e.src+=\"#?secret=\"+t,e.setAttribute(\"data-secret\",t)),e.contentWindow.postMessage({message:\"ready\",secret:t},\"*\")},!1)))}(window,document);\n\/* ]]> *\/\n<\/script>\n","thumbnail_url":"https:\/\/legrandcontinent.eu\/fr\/wp-content\/uploads\/sites\/2\/2025\/05\/gc-shareconclive-scaled.jpg","thumbnail_width":2560,"thumbnail_height":1440,"description":"Le Grand Continent se mobilise pour suivre un conclave historique.   C\u2019est le premier conclave de l\u2019histoire de l\u2019\u00c9glise o\u00f9 la majorit\u00e9 des cardinaux \u00e9lecteurs ne sont pas europ\u00e9ens, le premier depuis un si\u00e8cle qui fait l\u2019objet de pressions imp\u00e9riales \u00e9videntes.  Cartes, graphiques, anecdotes, sources confidentielles \u2014 suivez notre direct pour comprendre ce moment g\u00e9opolitique plan\u00e9taire."}

Léon XIV est le nouveau pape | Le Grand Continent

<blockquote class="wp-embedded-content" data-secret="YGQDP2zJRo"><a href="https://legrandcontinent.eu/fr/2025/05/07/direct-conclave/">Léon XIV est le nouveau pape</a></blockquote><iframe sandbox="allow-scripts" security="restricted" src="https://legrandcontinent.eu/fr/2025/05/07/direct-conclave/embed/#?secret=YGQDP2zJRo" width="600" height="338" title="« Léon XIV est le nouveau pape » &#8212; Le Grand Continent" data-secret="YGQDP2zJRo" frameborder="0" marginwidth="0" marginheight="0" scrolling="no" class="wp-embedded-content"></iframe><script type="text/javascript">
/* <![CDATA[ */
/*! This file is auto-generated */
!function(d,l){"use strict";l.querySelector&&d.addEventListener&&"undefined"!=typeof URL&&(d.wp=d.wp||{},d.wp.receiveEmbedMessage||(d.wp.receiveEmbedMessage=function(e){var t=e.data;if((t||t.secret||t.message||t.value)&&!/[^a-zA-Z0-9]/.test(t.secret)){for(var s,r,n,a=l.querySelectorAll('iframe[data-secret="'+t.secret+'"]'),o=l.querySelectorAll('blockquote[data-secret="'+t.secret+'"]'),c=new RegExp("^https?:$","i"),i=0;i<o.length;i++)o[i].style.display="none";for(i=0;i<a.length;i++)s=a[i],e.source===s.contentWindow&&(s.removeAttribute("style"),"height"===t.message?(1e3<(r=parseInt(t.value,10))?r=1e3:~~r<200&&(r=200),s.height=r):"link"===t.message&&(r=new URL(s.getAttribute("src")),n=new URL(t.value),c.test(n.protocol))&&n.host===r.host&&l.activeElement===s&&(d.top.location.href=t.value))}},d.addEventListener("message",d.wp.receiveEmbedMessage,!1),l.addEventListener("DOMContentLoaded",function(){for(var e,t,s=l.querySelectorAll("iframe.wp-embedded-content"),r=0;r<s.length;r++)(t=(e=s[r]).getAttribute("data-secret"))||(t=Math.random().toString(36).substring(2,12),e.src+="#?secret="+t,e.setAttribute("data-secret",t)),e.contentWindow.postMessage({message:"ready",secret:t},"*")},!1)))}(window,document);
/* ]]> */
</script>

Le Grand Continent se mobilise pour suivre un conclave historique.   C’est le premier conclave de l’histoire de l’Église où la majorité des cardinaux électeurs ne sont pas européens, le premier depuis un siècle qui fait l’objet de pressions impériales évidentes.  Cartes, graphiques, anecdotes, sources confidentielles — suivez notre direct pour comprendre ce moment géopolitique planétaire.
