{"version":"1.0","provider_name":"Le Grand Continent","provider_url":"https:\/\/legrandcontinent.eu\/fr","title":"Le retrait am\u00e9ricain d\u2019Afghanistan trois ans apr\u00e8s | Le Grand Continent","type":"rich","width":600,"height":338,"html":"<blockquote class=\"wp-embedded-content\" data-secret=\"yfoEFsmjyc\"><a href=\"https:\/\/legrandcontinent.eu\/fr\/2024\/08\/30\/le-retrait-americain-dafghanistan-trois-ans-apres\/\">Le retrait am\u00e9ricain d\u2019Afghanistan trois ans apr\u00e8s<\/a><\/blockquote><iframe sandbox=\"allow-scripts\" security=\"restricted\" src=\"https:\/\/legrandcontinent.eu\/fr\/2024\/08\/30\/le-retrait-americain-dafghanistan-trois-ans-apres\/embed\/#?secret=yfoEFsmjyc\" width=\"600\" height=\"338\" title=\"\u00ab\u00a0Le retrait am\u00e9ricain d\u2019Afghanistan trois ans apr\u00e8s\u00a0\u00bb &#8212; Le Grand Continent\" data-secret=\"yfoEFsmjyc\" frameborder=\"0\" marginwidth=\"0\" marginheight=\"0\" scrolling=\"no\" class=\"wp-embedded-content\"><\/iframe><script type=\"text\/javascript\">\n\/* <![CDATA[ *\/\n\/*! This file is auto-generated *\/\n!function(d,l){\"use strict\";l.querySelector&&d.addEventListener&&\"undefined\"!=typeof URL&&(d.wp=d.wp||{},d.wp.receiveEmbedMessage||(d.wp.receiveEmbedMessage=function(e){var t=e.data;if((t||t.secret||t.message||t.value)&&!\/[^a-zA-Z0-9]\/.test(t.secret)){for(var s,r,n,a=l.querySelectorAll('iframe[data-secret=\"'+t.secret+'\"]'),o=l.querySelectorAll('blockquote[data-secret=\"'+t.secret+'\"]'),c=new RegExp(\"^https?:$\",\"i\"),i=0;i<o.length;i++)o[i].style.display=\"none\";for(i=0;i<a.length;i++)s=a[i],e.source===s.contentWindow&&(s.removeAttribute(\"style\"),\"height\"===t.message?(1e3<(r=parseInt(t.value,10))?r=1e3:~~r<200&&(r=200),s.height=r):\"link\"===t.message&&(r=new URL(s.getAttribute(\"src\")),n=new URL(t.value),c.test(n.protocol))&&n.host===r.host&&l.activeElement===s&&(d.top.location.href=t.value))}},d.addEventListener(\"message\",d.wp.receiveEmbedMessage,!1),l.addEventListener(\"DOMContentLoaded\",function(){for(var e,t,s=l.querySelectorAll(\"iframe.wp-embedded-content\"),r=0;r<s.length;r++)(t=(e=s[r]).getAttribute(\"data-secret\"))||(t=Math.random().toString(36).substring(2,12),e.src+=\"#?secret=\"+t,e.setAttribute(\"data-secret\",t)),e.contentWindow.postMessage({message:\"ready\",secret:t},\"*\")},!1)))}(window,document);\n\/* ]]> *\/\n<\/script>\n","thumbnail_url":"https:\/\/legrandcontinent.eu\/fr\/wp-content\/uploads\/sites\/2\/2024\/08\/gc-share-afghanistan-trois-ans-apres.jpg","thumbnail_width":1906,"thumbnail_height":1068,"description":"Le vendredi 30 ao\u00fbt 2021, soit trois ans jour pour jour aujourd\u2019hui, le dernier appareil militaire am\u00e9ricain d\u00e9collait de l\u2019a\u00e9roport international de Kaboul dans un retrait chaotique. La guerre d\u2019Afghanistan aura \u00e9t\u00e9 la plus longue et la plus co\u00fbteuse de l\u2019histoire des \u00c9tats-Unis."}

Le retrait américain d’Afghanistan trois ans après | Le Grand Continent

<blockquote class="wp-embedded-content" data-secret="yfoEFsmjyc"><a href="https://legrandcontinent.eu/fr/2024/08/30/le-retrait-americain-dafghanistan-trois-ans-apres/">Le retrait américain d’Afghanistan trois ans après</a></blockquote><iframe sandbox="allow-scripts" security="restricted" src="https://legrandcontinent.eu/fr/2024/08/30/le-retrait-americain-dafghanistan-trois-ans-apres/embed/#?secret=yfoEFsmjyc" width="600" height="338" title="« Le retrait américain d’Afghanistan trois ans après » &#8212; Le Grand Continent" data-secret="yfoEFsmjyc" frameborder="0" marginwidth="0" marginheight="0" scrolling="no" class="wp-embedded-content"></iframe><script type="text/javascript">
/* <![CDATA[ */
/*! This file is auto-generated */
!function(d,l){"use strict";l.querySelector&&d.addEventListener&&"undefined"!=typeof URL&&(d.wp=d.wp||{},d.wp.receiveEmbedMessage||(d.wp.receiveEmbedMessage=function(e){var t=e.data;if((t||t.secret||t.message||t.value)&&!/[^a-zA-Z0-9]/.test(t.secret)){for(var s,r,n,a=l.querySelectorAll('iframe[data-secret="'+t.secret+'"]'),o=l.querySelectorAll('blockquote[data-secret="'+t.secret+'"]'),c=new RegExp("^https?:$","i"),i=0;i<o.length;i++)o[i].style.display="none";for(i=0;i<a.length;i++)s=a[i],e.source===s.contentWindow&&(s.removeAttribute("style"),"height"===t.message?(1e3<(r=parseInt(t.value,10))?r=1e3:~~r<200&&(r=200),s.height=r):"link"===t.message&&(r=new URL(s.getAttribute("src")),n=new URL(t.value),c.test(n.protocol))&&n.host===r.host&&l.activeElement===s&&(d.top.location.href=t.value))}},d.addEventListener("message",d.wp.receiveEmbedMessage,!1),l.addEventListener("DOMContentLoaded",function(){for(var e,t,s=l.querySelectorAll("iframe.wp-embedded-content"),r=0;r<s.length;r++)(t=(e=s[r]).getAttribute("data-secret"))||(t=Math.random().toString(36).substring(2,12),e.src+="#?secret="+t,e.setAttribute("data-secret",t)),e.contentWindow.postMessage({message:"ready",secret:t},"*")},!1)))}(window,document);
/* ]]> */
</script>

Le vendredi 30 août 2021, soit trois ans jour pour jour aujourd’hui, le dernier appareil militaire américain décollait de l’aéroport international de Kaboul dans un retrait chaotique. La guerre d’Afghanistan aura été la plus longue et la plus coûteuse de l’histoire des États-Unis.
