{"version":"1.0","provider_name":"Le Grand Continent","provider_url":"https:\/\/legrandcontinent.eu\/fr","title":"5 le\u00e7ons des \u00e9lections g\u00e9n\u00e9rales espagnoles | Le Grand Continent","type":"rich","width":600,"height":338,"html":"<blockquote class=\"wp-embedded-content\" data-secret=\"H0UEFnUXTx\"><a href=\"https:\/\/legrandcontinent.eu\/fr\/2023\/07\/24\/5-lecons-des-elections-generales-espagnoles\/\">5 le\u00e7ons des \u00e9lections g\u00e9n\u00e9rales espagnoles<\/a><\/blockquote><iframe sandbox=\"allow-scripts\" security=\"restricted\" src=\"https:\/\/legrandcontinent.eu\/fr\/2023\/07\/24\/5-lecons-des-elections-generales-espagnoles\/embed\/#?secret=H0UEFnUXTx\" width=\"600\" height=\"338\" title=\"\u00ab\u00a05 le\u00e7ons des \u00e9lections g\u00e9n\u00e9rales espagnoles\u00a0\u00bb &#8212; Le Grand Continent\" data-secret=\"H0UEFnUXTx\" frameborder=\"0\" marginwidth=\"0\" marginheight=\"0\" scrolling=\"no\" class=\"wp-embedded-content\"><\/iframe><script type=\"text\/javascript\">\n\/* <![CDATA[ *\/\n\/*! This file is auto-generated *\/\n!function(d,l){\"use strict\";l.querySelector&&d.addEventListener&&\"undefined\"!=typeof URL&&(d.wp=d.wp||{},d.wp.receiveEmbedMessage||(d.wp.receiveEmbedMessage=function(e){var t=e.data;if((t||t.secret||t.message||t.value)&&!\/[^a-zA-Z0-9]\/.test(t.secret)){for(var s,r,n,a=l.querySelectorAll('iframe[data-secret=\"'+t.secret+'\"]'),o=l.querySelectorAll('blockquote[data-secret=\"'+t.secret+'\"]'),c=new RegExp(\"^https?:$\",\"i\"),i=0;i<o.length;i++)o[i].style.display=\"none\";for(i=0;i<a.length;i++)s=a[i],e.source===s.contentWindow&&(s.removeAttribute(\"style\"),\"height\"===t.message?(1e3<(r=parseInt(t.value,10))?r=1e3:~~r<200&&(r=200),s.height=r):\"link\"===t.message&&(r=new URL(s.getAttribute(\"src\")),n=new URL(t.value),c.test(n.protocol))&&n.host===r.host&&l.activeElement===s&&(d.top.location.href=t.value))}},d.addEventListener(\"message\",d.wp.receiveEmbedMessage,!1),l.addEventListener(\"DOMContentLoaded\",function(){for(var e,t,s=l.querySelectorAll(\"iframe.wp-embedded-content\"),r=0;r<s.length;r++)(t=(e=s[r]).getAttribute(\"data-secret\"))||(t=Math.random().toString(36).substring(2,12),e.src+=\"#?secret=\"+t,e.setAttribute(\"data-secret\",t)),e.contentWindow.postMessage({message:\"ready\",secret:t},\"*\")},!1)))}(window,document);\n\/* ]]> *\/\n<\/script>\n","thumbnail_url":"https:\/\/legrandcontinent.eu\/fr\/wp-content\/uploads\/sites\/2\/2023\/07\/gc-espa-scaled.jpg","thumbnail_width":2560,"thumbnail_height":1436,"description":"L\u2019Espagne votait hier lors d\u2019\u00e9lections l\u00e9gislatives anticip\u00e9es convoqu\u00e9es par le socialiste Pedro S\u00e1nchez \u00e0 la suite de l\u2019\u00e9chec de la gauche aux \u00e9lections r\u00e9gionales. Si la droite de Feijoo l\u2019emporte, nulle majorit\u00e9 ne se d\u00e9gage et le Premier ministre sortant r\u00e9ussit son pari&#160;: il est en mesure de tenter une nouvelle investiture en misant tout sur le soutien des partis ind\u00e9pendantistes \u2014 si le pays r\u00e9ussit \u00e0 \u00e9chapper au blocage."}

5 leçons des élections générales espagnoles | Le Grand Continent

<blockquote class="wp-embedded-content" data-secret="H0UEFnUXTx"><a href="https://legrandcontinent.eu/fr/2023/07/24/5-lecons-des-elections-generales-espagnoles/">5 leçons des élections générales espagnoles</a></blockquote><iframe sandbox="allow-scripts" security="restricted" src="https://legrandcontinent.eu/fr/2023/07/24/5-lecons-des-elections-generales-espagnoles/embed/#?secret=H0UEFnUXTx" width="600" height="338" title="« 5 leçons des élections générales espagnoles » &#8212; Le Grand Continent" data-secret="H0UEFnUXTx" frameborder="0" marginwidth="0" marginheight="0" scrolling="no" class="wp-embedded-content"></iframe><script type="text/javascript">
/* <![CDATA[ */
/*! This file is auto-generated */
!function(d,l){"use strict";l.querySelector&&d.addEventListener&&"undefined"!=typeof URL&&(d.wp=d.wp||{},d.wp.receiveEmbedMessage||(d.wp.receiveEmbedMessage=function(e){var t=e.data;if((t||t.secret||t.message||t.value)&&!/[^a-zA-Z0-9]/.test(t.secret)){for(var s,r,n,a=l.querySelectorAll('iframe[data-secret="'+t.secret+'"]'),o=l.querySelectorAll('blockquote[data-secret="'+t.secret+'"]'),c=new RegExp("^https?:$","i"),i=0;i<o.length;i++)o[i].style.display="none";for(i=0;i<a.length;i++)s=a[i],e.source===s.contentWindow&&(s.removeAttribute("style"),"height"===t.message?(1e3<(r=parseInt(t.value,10))?r=1e3:~~r<200&&(r=200),s.height=r):"link"===t.message&&(r=new URL(s.getAttribute("src")),n=new URL(t.value),c.test(n.protocol))&&n.host===r.host&&l.activeElement===s&&(d.top.location.href=t.value))}},d.addEventListener("message",d.wp.receiveEmbedMessage,!1),l.addEventListener("DOMContentLoaded",function(){for(var e,t,s=l.querySelectorAll("iframe.wp-embedded-content"),r=0;r<s.length;r++)(t=(e=s[r]).getAttribute("data-secret"))||(t=Math.random().toString(36).substring(2,12),e.src+="#?secret="+t,e.setAttribute("data-secret",t)),e.contentWindow.postMessage({message:"ready",secret:t},"*")},!1)))}(window,document);
/* ]]> */
</script>

L’Espagne votait hier lors d’élections législatives anticipées convoquées par le socialiste Pedro Sánchez à la suite de l’échec de la gauche aux élections régionales. Si la droite de Feijoo l’emporte, nulle majorité ne se dégage et le Premier ministre sortant réussit son pari&#160;: il est en mesure de tenter une nouvelle investiture en misant tout sur le soutien des partis indépendantistes — si le pays réussit à échapper au blocage.
