{"version":"1.0","provider_name":"Le Grand Continent","provider_url":"https:\/\/legrandcontinent.eu\/fr","title":"Quelles perspectives pour le Sommet de Vilnius ? | Le Grand Continent","type":"rich","width":600,"height":338,"html":"<blockquote class=\"wp-embedded-content\" data-secret=\"E6r9ckb1Di\"><a href=\"https:\/\/legrandcontinent.eu\/fr\/2023\/07\/10\/quelles-perspectives-pour-le-sommet-de-vilnius\/\">Quelles perspectives pour le Sommet de Vilnius&#160;?<\/a><\/blockquote><iframe sandbox=\"allow-scripts\" security=\"restricted\" src=\"https:\/\/legrandcontinent.eu\/fr\/2023\/07\/10\/quelles-perspectives-pour-le-sommet-de-vilnius\/embed\/#?secret=E6r9ckb1Di\" width=\"600\" height=\"338\" title=\"\u00ab\u00a0Quelles perspectives pour le Sommet de Vilnius&#160;?\u00a0\u00bb &#8212; Le Grand Continent\" data-secret=\"E6r9ckb1Di\" frameborder=\"0\" marginwidth=\"0\" marginheight=\"0\" scrolling=\"no\" class=\"wp-embedded-content\"><\/iframe><script type=\"text\/javascript\">\n\/* <![CDATA[ *\/\n\/*! This file is auto-generated *\/\n!function(d,l){\"use strict\";l.querySelector&&d.addEventListener&&\"undefined\"!=typeof URL&&(d.wp=d.wp||{},d.wp.receiveEmbedMessage||(d.wp.receiveEmbedMessage=function(e){var t=e.data;if((t||t.secret||t.message||t.value)&&!\/[^a-zA-Z0-9]\/.test(t.secret)){for(var s,r,n,a=l.querySelectorAll('iframe[data-secret=\"'+t.secret+'\"]'),o=l.querySelectorAll('blockquote[data-secret=\"'+t.secret+'\"]'),c=new RegExp(\"^https?:$\",\"i\"),i=0;i<o.length;i++)o[i].style.display=\"none\";for(i=0;i<a.length;i++)s=a[i],e.source===s.contentWindow&&(s.removeAttribute(\"style\"),\"height\"===t.message?(1e3<(r=parseInt(t.value,10))?r=1e3:~~r<200&&(r=200),s.height=r):\"link\"===t.message&&(r=new URL(s.getAttribute(\"src\")),n=new URL(t.value),c.test(n.protocol))&&n.host===r.host&&l.activeElement===s&&(d.top.location.href=t.value))}},d.addEventListener(\"message\",d.wp.receiveEmbedMessage,!1),l.addEventListener(\"DOMContentLoaded\",function(){for(var e,t,s=l.querySelectorAll(\"iframe.wp-embedded-content\"),r=0;r<s.length;r++)(t=(e=s[r]).getAttribute(\"data-secret\"))||(t=Math.random().toString(36).substring(2,12),e.src+=\"#?secret=\"+t,e.setAttribute(\"data-secret\",t)),e.contentWindow.postMessage({message:\"ready\",secret:t},\"*\")},!1)))}(window,document);\n\/* ]]> *\/\n<\/script>\n","thumbnail_url":"https:\/\/legrandcontinent.eu\/fr\/wp-content\/uploads\/sites\/2\/2023\/07\/gc-sommet-de-vilnius-e1689000437893.jpg","thumbnail_width":1453,"thumbnail_height":812,"description":"Mardi 11 juillet s\u2019ouvre \u00e0 Vilnius le 74\u00e8me sommet de l\u2019OTAN. Apr\u00e8s plus de 500 jours d\u2019invasion russe de son territoire, l\u2019Ukraine ne recevra pas d'\u00e9ch\u00e9ancier pr\u00e9cis pour son accession \u00e0 l\u2019Alliance. Les principales puissances militaires devraient toutefois formaliser des engagements en mati\u00e8re de s\u00e9curit\u00e9."}

Mardi 11 juillet s’ouvre à Vilnius le 74ème sommet de l’OTAN. Après plus de 500 jours d’invasion russe de son territoire, l’Ukraine ne recevra pas d'échéancier précis pour son accession à l’Alliance. Les principales puissances militaires devraient toutefois formaliser des engagements en matière de sécurité.
