{"version":"1.0","provider_name":"Le Grand Continent","provider_url":"https:\/\/legrandcontinent.eu\/fr","title":"H\u00e9g\u00e9monie : quelle droite gouvernera l'Europe ? | Le Grand Continent","type":"rich","width":600,"height":338,"html":"<blockquote class=\"wp-embedded-content\" data-secret=\"fxe3vUcghD\"><a href=\"https:\/\/legrandcontinent.eu\/fr\/2023\/07\/10\/hegemonie-quelle-droite-gouvernera-leurope\/\">H\u00e9g\u00e9monie&#160;: quelle droite gouvernera l&rsquo;Europe&#160;?<\/a><\/blockquote><iframe sandbox=\"allow-scripts\" security=\"restricted\" src=\"https:\/\/legrandcontinent.eu\/fr\/2023\/07\/10\/hegemonie-quelle-droite-gouvernera-leurope\/embed\/#?secret=fxe3vUcghD\" width=\"600\" height=\"338\" title=\"\u00ab\u00a0H\u00e9g\u00e9monie&#160;: quelle droite gouvernera l&rsquo;Europe&#160;?\u00a0\u00bb &#8212; Le Grand Continent\" data-secret=\"fxe3vUcghD\" frameborder=\"0\" marginwidth=\"0\" marginheight=\"0\" scrolling=\"no\" class=\"wp-embedded-content\"><\/iframe><script type=\"text\/javascript\">\n\/* <![CDATA[ *\/\n\/*! This file is auto-generated *\/\n!function(d,l){\"use strict\";l.querySelector&&d.addEventListener&&\"undefined\"!=typeof URL&&(d.wp=d.wp||{},d.wp.receiveEmbedMessage||(d.wp.receiveEmbedMessage=function(e){var t=e.data;if((t||t.secret||t.message||t.value)&&!\/[^a-zA-Z0-9]\/.test(t.secret)){for(var s,r,n,a=l.querySelectorAll('iframe[data-secret=\"'+t.secret+'\"]'),o=l.querySelectorAll('blockquote[data-secret=\"'+t.secret+'\"]'),c=new RegExp(\"^https?:$\",\"i\"),i=0;i<o.length;i++)o[i].style.display=\"none\";for(i=0;i<a.length;i++)s=a[i],e.source===s.contentWindow&&(s.removeAttribute(\"style\"),\"height\"===t.message?(1e3<(r=parseInt(t.value,10))?r=1e3:~~r<200&&(r=200),s.height=r):\"link\"===t.message&&(r=new URL(s.getAttribute(\"src\")),n=new URL(t.value),c.test(n.protocol))&&n.host===r.host&&l.activeElement===s&&(d.top.location.href=t.value))}},d.addEventListener(\"message\",d.wp.receiveEmbedMessage,!1),l.addEventListener(\"DOMContentLoaded\",function(){for(var e,t,s=l.querySelectorAll(\"iframe.wp-embedded-content\"),r=0;r<s.length;r++)(t=(e=s[r]).getAttribute(\"data-secret\"))||(t=Math.random().toString(36).substring(2,12),e.src+=\"#?secret=\"+t,e.setAttribute(\"data-secret\",t)),e.contentWindow.postMessage({message:\"ready\",secret:t},\"*\")},!1)))}(window,document);\n\/* ]]> *\/\n<\/script>\n","thumbnail_url":"https:\/\/legrandcontinent.eu\/fr\/wp-content\/uploads\/sites\/2\/2023\/07\/gc-droites-scaled.jpg","thumbnail_width":2560,"thumbnail_height":1440,"description":"\u00c0 un an des \u00e9lections au Parlement europ\u00e9en, la droite europ\u00e9enne appara\u00eet \u00e0 la fois certaine de son succ\u00e8s et inqui\u00e8te pour son avenir. Ce paradoxe tient \u00e0 l'affaiblissement du PPE, \u00e0 la fois point d'ancrage, maison commune et r\u00e9gulateur des droites continentales depuis trois d\u00e9cennies.  Alors que se dessine une possible h\u00e9g\u00e9monie des droites, la question de nouvelles alliances et de nouvelles strat\u00e9gies se pose."}

Hégémonie : quelle droite gouvernera l'Europe ? | Le Grand Continent

<blockquote class="wp-embedded-content" data-secret="fxe3vUcghD"><a href="https://legrandcontinent.eu/fr/2023/07/10/hegemonie-quelle-droite-gouvernera-leurope/">Hégémonie&#160;: quelle droite gouvernera l&rsquo;Europe&#160;?</a></blockquote><iframe sandbox="allow-scripts" security="restricted" src="https://legrandcontinent.eu/fr/2023/07/10/hegemonie-quelle-droite-gouvernera-leurope/embed/#?secret=fxe3vUcghD" width="600" height="338" title="« Hégémonie&#160;: quelle droite gouvernera l&rsquo;Europe&#160;? » &#8212; Le Grand Continent" data-secret="fxe3vUcghD" frameborder="0" marginwidth="0" marginheight="0" scrolling="no" class="wp-embedded-content"></iframe><script type="text/javascript">
/* <![CDATA[ */
/*! This file is auto-generated */
!function(d,l){"use strict";l.querySelector&&d.addEventListener&&"undefined"!=typeof URL&&(d.wp=d.wp||{},d.wp.receiveEmbedMessage||(d.wp.receiveEmbedMessage=function(e){var t=e.data;if((t||t.secret||t.message||t.value)&&!/[^a-zA-Z0-9]/.test(t.secret)){for(var s,r,n,a=l.querySelectorAll('iframe[data-secret="'+t.secret+'"]'),o=l.querySelectorAll('blockquote[data-secret="'+t.secret+'"]'),c=new RegExp("^https?:$","i"),i=0;i<o.length;i++)o[i].style.display="none";for(i=0;i<a.length;i++)s=a[i],e.source===s.contentWindow&&(s.removeAttribute("style"),"height"===t.message?(1e3<(r=parseInt(t.value,10))?r=1e3:~~r<200&&(r=200),s.height=r):"link"===t.message&&(r=new URL(s.getAttribute("src")),n=new URL(t.value),c.test(n.protocol))&&n.host===r.host&&l.activeElement===s&&(d.top.location.href=t.value))}},d.addEventListener("message",d.wp.receiveEmbedMessage,!1),l.addEventListener("DOMContentLoaded",function(){for(var e,t,s=l.querySelectorAll("iframe.wp-embedded-content"),r=0;r<s.length;r++)(t=(e=s[r]).getAttribute("data-secret"))||(t=Math.random().toString(36).substring(2,12),e.src+="#?secret="+t,e.setAttribute("data-secret",t)),e.contentWindow.postMessage({message:"ready",secret:t},"*")},!1)))}(window,document);
/* ]]> */
</script>

À un an des élections au Parlement européen, la droite européenne apparaît à la fois certaine de son succès et inquiète pour son avenir. Ce paradoxe tient à l'affaiblissement du PPE, à la fois point d'ancrage, maison commune et régulateur des droites continentales depuis trois décennies.  Alors que se dessine une possible hégémonie des droites, la question de nouvelles alliances et de nouvelles stratégies se pose.
