{"version":"1.0","provider_name":"Le Grand Continent","provider_url":"https:\/\/legrandcontinent.eu\/fr","title":"Meloni : six mois de techno-souverainisme | Le Grand Continent","type":"rich","width":600,"height":338,"html":"<blockquote class=\"wp-embedded-content\" data-secret=\"hKdIKyQjTs\"><a href=\"https:\/\/legrandcontinent.eu\/fr\/2023\/04\/23\/meloni-six-mois-de-techno-souverainisme\/\">Meloni&#160;: six mois de techno-souverainisme<\/a><\/blockquote><iframe sandbox=\"allow-scripts\" security=\"restricted\" src=\"https:\/\/legrandcontinent.eu\/fr\/2023\/04\/23\/meloni-six-mois-de-techno-souverainisme\/embed\/#?secret=hKdIKyQjTs\" width=\"600\" height=\"338\" title=\"\u00ab\u00a0Meloni&#160;: six mois de techno-souverainisme\u00a0\u00bb &#8212; Le Grand Continent\" data-secret=\"hKdIKyQjTs\" frameborder=\"0\" marginwidth=\"0\" marginheight=\"0\" scrolling=\"no\" class=\"wp-embedded-content\"><\/iframe><script type=\"text\/javascript\">\n\/* <![CDATA[ *\/\n\/*! This file is auto-generated *\/\n!function(d,l){\"use strict\";l.querySelector&&d.addEventListener&&\"undefined\"!=typeof URL&&(d.wp=d.wp||{},d.wp.receiveEmbedMessage||(d.wp.receiveEmbedMessage=function(e){var t=e.data;if((t||t.secret||t.message||t.value)&&!\/[^a-zA-Z0-9]\/.test(t.secret)){for(var s,r,n,a=l.querySelectorAll('iframe[data-secret=\"'+t.secret+'\"]'),o=l.querySelectorAll('blockquote[data-secret=\"'+t.secret+'\"]'),c=new RegExp(\"^https?:$\",\"i\"),i=0;i<o.length;i++)o[i].style.display=\"none\";for(i=0;i<a.length;i++)s=a[i],e.source===s.contentWindow&&(s.removeAttribute(\"style\"),\"height\"===t.message?(1e3<(r=parseInt(t.value,10))?r=1e3:~~r<200&&(r=200),s.height=r):\"link\"===t.message&&(r=new URL(s.getAttribute(\"src\")),n=new URL(t.value),c.test(n.protocol))&&n.host===r.host&&l.activeElement===s&&(d.top.location.href=t.value))}},d.addEventListener(\"message\",d.wp.receiveEmbedMessage,!1),l.addEventListener(\"DOMContentLoaded\",function(){for(var e,t,s=l.querySelectorAll(\"iframe.wp-embedded-content\"),r=0;r<s.length;r++)(t=(e=s[r]).getAttribute(\"data-secret\"))||(t=Math.random().toString(36).substring(2,12),e.src+=\"#?secret=\"+t,e.setAttribute(\"data-secret\",t)),e.contentWindow.postMessage({message:\"ready\",secret:t},\"*\")},!1)))}(window,document);\n\/* ]]> *\/\n<\/script>\n","thumbnail_url":"https:\/\/legrandcontinent.eu\/fr\/wp-content\/uploads\/sites\/2\/2023\/04\/gc-mel-scaled.jpg","thumbnail_width":2560,"thumbnail_height":1435,"description":"Entre un ministre qui parle de \"remplacement ethnique\" et des droits humains menac\u00e9s par d\u00e9cret, l'ex\u00e9cutif romain maintient son ambivalence, accompagnant la construction avec ses partenaires europ\u00e9ens d'un agenda conservateur, voire nationaliste, en politique int\u00e9rieure.  Dans sa derni\u00e8re mutation g\u00e9n\u00e9tique, la politique italienne \u00e0 l'\u00e8re de Giorgia Meloni prouve une fois de plus qu'elle peut s\u00e9parer la rh\u00e9torique des actes concrets \u2014 et que la contrainte ext\u00e9rieure reste motrice."}

Entre un ministre qui parle de "remplacement ethnique" et des droits humains menacés par décret, l'exécutif romain maintient son ambivalence, accompagnant la construction avec ses partenaires européens d'un agenda conservateur, voire nationaliste, en politique intérieure.  Dans sa dernière mutation génétique, la politique italienne à l'ère de Giorgia Meloni prouve une fois de plus qu'elle peut séparer la rhétorique des actes concrets — et que la contrainte extérieure reste motrice.
