{"version":"1.0","provider_name":"Le Grand Continent","provider_url":"https:\/\/legrandcontinent.eu\/fr","title":"Entre crise et esp\u00e9rance : l'Europe de Paul Val\u00e9ry | Le Grand Continent","type":"rich","width":600,"height":338,"html":"<blockquote class=\"wp-embedded-content\" data-secret=\"5Ssl5Jbwlj\"><a href=\"https:\/\/legrandcontinent.eu\/fr\/2023\/01\/14\/entre-crise-et-esperance-leurope-de-paul-valery\/\">Entre crise et esp\u00e9rance&#160;: l&rsquo;Europe de Paul Val\u00e9ry<\/a><\/blockquote><iframe sandbox=\"allow-scripts\" security=\"restricted\" src=\"https:\/\/legrandcontinent.eu\/fr\/2023\/01\/14\/entre-crise-et-esperance-leurope-de-paul-valery\/embed\/#?secret=5Ssl5Jbwlj\" width=\"600\" height=\"338\" title=\"\u00ab\u00a0Entre crise et esp\u00e9rance&#160;: l&rsquo;Europe de Paul Val\u00e9ry\u00a0\u00bb &#8212; Le Grand Continent\" data-secret=\"5Ssl5Jbwlj\" frameborder=\"0\" marginwidth=\"0\" marginheight=\"0\" scrolling=\"no\" class=\"wp-embedded-content\"><\/iframe><script type=\"text\/javascript\">\n\/* <![CDATA[ *\/\n\/*! This file is auto-generated *\/\n!function(d,l){\"use strict\";l.querySelector&&d.addEventListener&&\"undefined\"!=typeof URL&&(d.wp=d.wp||{},d.wp.receiveEmbedMessage||(d.wp.receiveEmbedMessage=function(e){var t=e.data;if((t||t.secret||t.message||t.value)&&!\/[^a-zA-Z0-9]\/.test(t.secret)){for(var s,r,n,a=l.querySelectorAll('iframe[data-secret=\"'+t.secret+'\"]'),o=l.querySelectorAll('blockquote[data-secret=\"'+t.secret+'\"]'),c=new RegExp(\"^https?:$\",\"i\"),i=0;i<o.length;i++)o[i].style.display=\"none\";for(i=0;i<a.length;i++)s=a[i],e.source===s.contentWindow&&(s.removeAttribute(\"style\"),\"height\"===t.message?(1e3<(r=parseInt(t.value,10))?r=1e3:~~r<200&&(r=200),s.height=r):\"link\"===t.message&&(r=new URL(s.getAttribute(\"src\")),n=new URL(t.value),c.test(n.protocol))&&n.host===r.host&&l.activeElement===s&&(d.top.location.href=t.value))}},d.addEventListener(\"message\",d.wp.receiveEmbedMessage,!1),l.addEventListener(\"DOMContentLoaded\",function(){for(var e,t,s=l.querySelectorAll(\"iframe.wp-embedded-content\"),r=0;r<s.length;r++)(t=(e=s[r]).getAttribute(\"data-secret\"))||(t=Math.random().toString(36).substring(2,12),e.src+=\"#?secret=\"+t,e.setAttribute(\"data-secret\",t)),e.contentWindow.postMessage({message:\"ready\",secret:t},\"*\")},!1)))}(window,document);\n\/* ]]> *\/\n<\/script>\n","thumbnail_url":"https:\/\/legrandcontinent.eu\/fr\/wp-content\/uploads\/sites\/2\/2023\/01\/gc-lurcat-scaled.jpg","thumbnail_width":2560,"thumbnail_height":1440,"description":"L'Europe de Paul Val\u00e9ry est devenue une r\u00e9f\u00e9rence si \u00e9vidente qu'elle a cess\u00e9 de nous interpeller. Pour relire aujourd'hui \u00ab&#160;La Crise de l'esprit&#160;\u00bb, il faut se garder de prendre le ton nuanc\u00e9 de l'auteur pour du conformisme, et accepter de revenir en profondeur sur les questions d\u00e9licates et parfois pol\u00e9miques auxquelles Val\u00e9ry trouve des formulations particuli\u00e8rement denses et subtiles. Une lecture sign\u00e9e Paola Cattani."}

Entre crise et espérance : l'Europe de Paul Valéry | Le Grand Continent

<blockquote class="wp-embedded-content" data-secret="5Ssl5Jbwlj"><a href="https://legrandcontinent.eu/fr/2023/01/14/entre-crise-et-esperance-leurope-de-paul-valery/">Entre crise et espérance&#160;: l&rsquo;Europe de Paul Valéry</a></blockquote><iframe sandbox="allow-scripts" security="restricted" src="https://legrandcontinent.eu/fr/2023/01/14/entre-crise-et-esperance-leurope-de-paul-valery/embed/#?secret=5Ssl5Jbwlj" width="600" height="338" title="« Entre crise et espérance&#160;: l&rsquo;Europe de Paul Valéry » &#8212; Le Grand Continent" data-secret="5Ssl5Jbwlj" frameborder="0" marginwidth="0" marginheight="0" scrolling="no" class="wp-embedded-content"></iframe><script type="text/javascript">
/* <![CDATA[ */
/*! This file is auto-generated */
!function(d,l){"use strict";l.querySelector&&d.addEventListener&&"undefined"!=typeof URL&&(d.wp=d.wp||{},d.wp.receiveEmbedMessage||(d.wp.receiveEmbedMessage=function(e){var t=e.data;if((t||t.secret||t.message||t.value)&&!/[^a-zA-Z0-9]/.test(t.secret)){for(var s,r,n,a=l.querySelectorAll('iframe[data-secret="'+t.secret+'"]'),o=l.querySelectorAll('blockquote[data-secret="'+t.secret+'"]'),c=new RegExp("^https?:$","i"),i=0;i<o.length;i++)o[i].style.display="none";for(i=0;i<a.length;i++)s=a[i],e.source===s.contentWindow&&(s.removeAttribute("style"),"height"===t.message?(1e3<(r=parseInt(t.value,10))?r=1e3:~~r<200&&(r=200),s.height=r):"link"===t.message&&(r=new URL(s.getAttribute("src")),n=new URL(t.value),c.test(n.protocol))&&n.host===r.host&&l.activeElement===s&&(d.top.location.href=t.value))}},d.addEventListener("message",d.wp.receiveEmbedMessage,!1),l.addEventListener("DOMContentLoaded",function(){for(var e,t,s=l.querySelectorAll("iframe.wp-embedded-content"),r=0;r<s.length;r++)(t=(e=s[r]).getAttribute("data-secret"))||(t=Math.random().toString(36).substring(2,12),e.src+="#?secret="+t,e.setAttribute("data-secret",t)),e.contentWindow.postMessage({message:"ready",secret:t},"*")},!1)))}(window,document);
/* ]]> */
</script>

L'Europe de Paul Valéry est devenue une référence si évidente qu'elle a cessé de nous interpeller. Pour relire aujourd'hui «&#160;La Crise de l'esprit&#160;», il faut se garder de prendre le ton nuancé de l'auteur pour du conformisme, et accepter de revenir en profondeur sur les questions délicates et parfois polémiques auxquelles Valéry trouve des formulations particulièrement denses et subtiles. Une lecture signée Paola Cattani.
