{"version":"1.0","provider_name":"Le Grand Continent","provider_url":"https:\/\/legrandcontinent.eu\/fr","title":"Premier voyage officiel du nouveau pr\u00e9sident du Chili | Le Grand Continent","type":"rich","width":600,"height":338,"html":"<blockquote class=\"wp-embedded-content\" data-secret=\"eT0DrtMfzY\"><a href=\"https:\/\/legrandcontinent.eu\/fr\/2022\/04\/05\/premier-voyage-officiel-du-nouveau-president-du-chili\/\">Premier voyage officiel du nouveau pr\u00e9sident du Chili<\/a><\/blockquote><iframe sandbox=\"allow-scripts\" security=\"restricted\" src=\"https:\/\/legrandcontinent.eu\/fr\/2022\/04\/05\/premier-voyage-officiel-du-nouveau-president-du-chili\/embed\/#?secret=eT0DrtMfzY\" width=\"600\" height=\"338\" title=\"\u00ab\u00a0Premier voyage officiel du nouveau pr\u00e9sident du Chili\u00a0\u00bb &#8212; Le Grand Continent\" data-secret=\"eT0DrtMfzY\" frameborder=\"0\" marginwidth=\"0\" marginheight=\"0\" scrolling=\"no\" class=\"wp-embedded-content\"><\/iframe><script type=\"text\/javascript\">\n\/* <![CDATA[ *\/\n\/*! This file is auto-generated *\/\n!function(d,l){\"use strict\";l.querySelector&&d.addEventListener&&\"undefined\"!=typeof URL&&(d.wp=d.wp||{},d.wp.receiveEmbedMessage||(d.wp.receiveEmbedMessage=function(e){var t=e.data;if((t||t.secret||t.message||t.value)&&!\/[^a-zA-Z0-9]\/.test(t.secret)){for(var s,r,n,a=l.querySelectorAll('iframe[data-secret=\"'+t.secret+'\"]'),o=l.querySelectorAll('blockquote[data-secret=\"'+t.secret+'\"]'),c=new RegExp(\"^https?:$\",\"i\"),i=0;i<o.length;i++)o[i].style.display=\"none\";for(i=0;i<a.length;i++)s=a[i],e.source===s.contentWindow&&(s.removeAttribute(\"style\"),\"height\"===t.message?(1e3<(r=parseInt(t.value,10))?r=1e3:~~r<200&&(r=200),s.height=r):\"link\"===t.message&&(r=new URL(s.getAttribute(\"src\")),n=new URL(t.value),c.test(n.protocol))&&n.host===r.host&&l.activeElement===s&&(d.top.location.href=t.value))}},d.addEventListener(\"message\",d.wp.receiveEmbedMessage,!1),l.addEventListener(\"DOMContentLoaded\",function(){for(var e,t,s=l.querySelectorAll(\"iframe.wp-embedded-content\"),r=0;r<s.length;r++)(t=(e=s[r]).getAttribute(\"data-secret\"))||(t=Math.random().toString(36).substring(2,12),e.src+=\"#?secret=\"+t,e.setAttribute(\"data-secret\",t)),e.contentWindow.postMessage({message:\"ready\",secret:t},\"*\")},!1)))}(window,document);\n\/* ]]> *\/\n<\/script>\n","thumbnail_url":"https:\/\/legrandcontinent.eu\/fr\/wp-content\/uploads\/sites\/2\/2022\/04\/gc-visite-Boric--scaled.jpg","thumbnail_width":2560,"thumbnail_height":1444,"description":"Pour son premier voyage \u00e0 l'\u00e9tranger en tant que pr\u00e9sident du Chili, Gabriel Boric est en Argentine depuis dimanche dernier. Le s\u00e9jour de Boric, qui durera deux jours, est un \u00e9v\u00e9nement cl\u00e9 pour les deux pays, car il devrait permettre de renforcer les relations diplomatiques et commerciales."}

Premier voyage officiel du nouveau président du Chili | Le Grand Continent

<blockquote class="wp-embedded-content" data-secret="eT0DrtMfzY"><a href="https://legrandcontinent.eu/fr/2022/04/05/premier-voyage-officiel-du-nouveau-president-du-chili/">Premier voyage officiel du nouveau président du Chili</a></blockquote><iframe sandbox="allow-scripts" security="restricted" src="https://legrandcontinent.eu/fr/2022/04/05/premier-voyage-officiel-du-nouveau-president-du-chili/embed/#?secret=eT0DrtMfzY" width="600" height="338" title="« Premier voyage officiel du nouveau président du Chili » &#8212; Le Grand Continent" data-secret="eT0DrtMfzY" frameborder="0" marginwidth="0" marginheight="0" scrolling="no" class="wp-embedded-content"></iframe><script type="text/javascript">
/* <![CDATA[ */
/*! This file is auto-generated */
!function(d,l){"use strict";l.querySelector&&d.addEventListener&&"undefined"!=typeof URL&&(d.wp=d.wp||{},d.wp.receiveEmbedMessage||(d.wp.receiveEmbedMessage=function(e){var t=e.data;if((t||t.secret||t.message||t.value)&&!/[^a-zA-Z0-9]/.test(t.secret)){for(var s,r,n,a=l.querySelectorAll('iframe[data-secret="'+t.secret+'"]'),o=l.querySelectorAll('blockquote[data-secret="'+t.secret+'"]'),c=new RegExp("^https?:$","i"),i=0;i<o.length;i++)o[i].style.display="none";for(i=0;i<a.length;i++)s=a[i],e.source===s.contentWindow&&(s.removeAttribute("style"),"height"===t.message?(1e3<(r=parseInt(t.value,10))?r=1e3:~~r<200&&(r=200),s.height=r):"link"===t.message&&(r=new URL(s.getAttribute("src")),n=new URL(t.value),c.test(n.protocol))&&n.host===r.host&&l.activeElement===s&&(d.top.location.href=t.value))}},d.addEventListener("message",d.wp.receiveEmbedMessage,!1),l.addEventListener("DOMContentLoaded",function(){for(var e,t,s=l.querySelectorAll("iframe.wp-embedded-content"),r=0;r<s.length;r++)(t=(e=s[r]).getAttribute("data-secret"))||(t=Math.random().toString(36).substring(2,12),e.src+="#?secret="+t,e.setAttribute("data-secret",t)),e.contentWindow.postMessage({message:"ready",secret:t},"*")},!1)))}(window,document);
/* ]]> */
</script>

Pour son premier voyage à l'étranger en tant que président du Chili, Gabriel Boric est en Argentine depuis dimanche dernier. Le séjour de Boric, qui durera deux jours, est un événement clé pour les deux pays, car il devrait permettre de renforcer les relations diplomatiques et commerciales.
