{"version":"1.0","provider_name":"Le Grand Continent","provider_url":"https:\/\/legrandcontinent.eu\/fr","title":"La g\u00e9opolitique des couleurs, une conversation avec Michel Pastoureau | Le Grand Continent","type":"rich","width":600,"height":338,"html":"<blockquote class=\"wp-embedded-content\" data-secret=\"6eBae2B2J9\"><a href=\"https:\/\/legrandcontinent.eu\/fr\/2022\/01\/04\/conversation-avec-michel-pastoureau\/\">La g\u00e9opolitique des couleurs, une conversation avec Michel Pastoureau<\/a><\/blockquote><iframe sandbox=\"allow-scripts\" security=\"restricted\" src=\"https:\/\/legrandcontinent.eu\/fr\/2022\/01\/04\/conversation-avec-michel-pastoureau\/embed\/#?secret=6eBae2B2J9\" width=\"600\" height=\"338\" title=\"\u00ab\u00a0La g\u00e9opolitique des couleurs, une conversation avec Michel Pastoureau\u00a0\u00bb &#8212; Le Grand Continent\" data-secret=\"6eBae2B2J9\" frameborder=\"0\" marginwidth=\"0\" marginheight=\"0\" scrolling=\"no\" class=\"wp-embedded-content\"><\/iframe><script type=\"text\/javascript\">\n\/* <![CDATA[ *\/\n\/*! This file is auto-generated *\/\n!function(d,l){\"use strict\";l.querySelector&&d.addEventListener&&\"undefined\"!=typeof URL&&(d.wp=d.wp||{},d.wp.receiveEmbedMessage||(d.wp.receiveEmbedMessage=function(e){var t=e.data;if((t||t.secret||t.message||t.value)&&!\/[^a-zA-Z0-9]\/.test(t.secret)){for(var s,r,n,a=l.querySelectorAll('iframe[data-secret=\"'+t.secret+'\"]'),o=l.querySelectorAll('blockquote[data-secret=\"'+t.secret+'\"]'),c=new RegExp(\"^https?:$\",\"i\"),i=0;i<o.length;i++)o[i].style.display=\"none\";for(i=0;i<a.length;i++)s=a[i],e.source===s.contentWindow&&(s.removeAttribute(\"style\"),\"height\"===t.message?(1e3<(r=parseInt(t.value,10))?r=1e3:~~r<200&&(r=200),s.height=r):\"link\"===t.message&&(r=new URL(s.getAttribute(\"src\")),n=new URL(t.value),c.test(n.protocol))&&n.host===r.host&&l.activeElement===s&&(d.top.location.href=t.value))}},d.addEventListener(\"message\",d.wp.receiveEmbedMessage,!1),l.addEventListener(\"DOMContentLoaded\",function(){for(var e,t,s=l.querySelectorAll(\"iframe.wp-embedded-content\"),r=0;r<s.length;r++)(t=(e=s[r]).getAttribute(\"data-secret\"))||(t=Math.random().toString(36).substring(2,12),e.src+=\"#?secret=\"+t,e.setAttribute(\"data-secret\",t)),e.contentWindow.postMessage({message:\"ready\",secret:t},\"*\")},!1)))}(window,document);\n\/* ]]> *\/\n<\/script>\n","thumbnail_url":"https:\/\/legrandcontinent.eu\/fr\/wp-content\/uploads\/sites\/2\/2022\/01\/gc-pastoureau-scaled.jpg","thumbnail_width":2560,"thumbnail_height":1440,"description":"La couleur \u00ab&#160;embl\u00e9matise&#160;\u00bb \u2013 et sa signification finit par se graver dans le temps. Alors que l'ann\u00e9e 2022 s'est ouverte sur une pol\u00e9mique st\u00e9rile et ridicule \u00e0 propos d'un symbole, l'historien des couleurs nous invite au contraire \u00e0 les ench\u00e2sser dans la longue dur\u00e9e."}

La géopolitique des couleurs, une conversation avec Michel Pastoureau | Le Grand Continent

<blockquote class="wp-embedded-content" data-secret="6eBae2B2J9"><a href="https://legrandcontinent.eu/fr/2022/01/04/conversation-avec-michel-pastoureau/">La géopolitique des couleurs, une conversation avec Michel Pastoureau</a></blockquote><iframe sandbox="allow-scripts" security="restricted" src="https://legrandcontinent.eu/fr/2022/01/04/conversation-avec-michel-pastoureau/embed/#?secret=6eBae2B2J9" width="600" height="338" title="« La géopolitique des couleurs, une conversation avec Michel Pastoureau » &#8212; Le Grand Continent" data-secret="6eBae2B2J9" frameborder="0" marginwidth="0" marginheight="0" scrolling="no" class="wp-embedded-content"></iframe><script type="text/javascript">
/* <![CDATA[ */
/*! This file is auto-generated */
!function(d,l){"use strict";l.querySelector&&d.addEventListener&&"undefined"!=typeof URL&&(d.wp=d.wp||{},d.wp.receiveEmbedMessage||(d.wp.receiveEmbedMessage=function(e){var t=e.data;if((t||t.secret||t.message||t.value)&&!/[^a-zA-Z0-9]/.test(t.secret)){for(var s,r,n,a=l.querySelectorAll('iframe[data-secret="'+t.secret+'"]'),o=l.querySelectorAll('blockquote[data-secret="'+t.secret+'"]'),c=new RegExp("^https?:$","i"),i=0;i<o.length;i++)o[i].style.display="none";for(i=0;i<a.length;i++)s=a[i],e.source===s.contentWindow&&(s.removeAttribute("style"),"height"===t.message?(1e3<(r=parseInt(t.value,10))?r=1e3:~~r<200&&(r=200),s.height=r):"link"===t.message&&(r=new URL(s.getAttribute("src")),n=new URL(t.value),c.test(n.protocol))&&n.host===r.host&&l.activeElement===s&&(d.top.location.href=t.value))}},d.addEventListener("message",d.wp.receiveEmbedMessage,!1),l.addEventListener("DOMContentLoaded",function(){for(var e,t,s=l.querySelectorAll("iframe.wp-embedded-content"),r=0;r<s.length;r++)(t=(e=s[r]).getAttribute("data-secret"))||(t=Math.random().toString(36).substring(2,12),e.src+="#?secret="+t,e.setAttribute("data-secret",t)),e.contentWindow.postMessage({message:"ready",secret:t},"*")},!1)))}(window,document);
/* ]]> */
</script>

La couleur «&#160;emblématise&#160;» – et sa signification finit par se graver dans le temps. Alors que l'année 2022 s'est ouverte sur une polémique stérile et ridicule à propos d'un symbole, l'historien des couleurs nous invite au contraire à les enchâsser dans la longue durée.
