{"version":"1.0","provider_name":"Le Grand Continent","provider_url":"https:\/\/legrandcontinent.eu\/fr","title":"Un tournant de la strat\u00e9gie de Poutine en Arctique ? | Le Grand Continent","type":"rich","width":600,"height":338,"html":"<blockquote class=\"wp-embedded-content\" data-secret=\"sDZKrRkqns\"><a href=\"https:\/\/legrandcontinent.eu\/fr\/2021\/10\/26\/poutine-et-larctique-europeen\/\">Un tournant de la strat\u00e9gie de Poutine en Arctique&#160;?<\/a><\/blockquote><iframe sandbox=\"allow-scripts\" security=\"restricted\" src=\"https:\/\/legrandcontinent.eu\/fr\/2021\/10\/26\/poutine-et-larctique-europeen\/embed\/#?secret=sDZKrRkqns\" width=\"600\" height=\"338\" title=\"\u00ab\u00a0Un tournant de la strat\u00e9gie de Poutine en Arctique&#160;?\u00a0\u00bb &#8212; Le Grand Continent\" data-secret=\"sDZKrRkqns\" frameborder=\"0\" marginwidth=\"0\" marginheight=\"0\" scrolling=\"no\" class=\"wp-embedded-content\"><\/iframe><script type=\"text\/javascript\">\n\/* <![CDATA[ *\/\n\/*! This file is auto-generated *\/\n!function(d,l){\"use strict\";l.querySelector&&d.addEventListener&&\"undefined\"!=typeof URL&&(d.wp=d.wp||{},d.wp.receiveEmbedMessage||(d.wp.receiveEmbedMessage=function(e){var t=e.data;if((t||t.secret||t.message||t.value)&&!\/[^a-zA-Z0-9]\/.test(t.secret)){for(var s,r,n,a=l.querySelectorAll('iframe[data-secret=\"'+t.secret+'\"]'),o=l.querySelectorAll('blockquote[data-secret=\"'+t.secret+'\"]'),c=new RegExp(\"^https?:$\",\"i\"),i=0;i<o.length;i++)o[i].style.display=\"none\";for(i=0;i<a.length;i++)s=a[i],e.source===s.contentWindow&&(s.removeAttribute(\"style\"),\"height\"===t.message?(1e3<(r=parseInt(t.value,10))?r=1e3:~~r<200&&(r=200),s.height=r):\"link\"===t.message&&(r=new URL(s.getAttribute(\"src\")),n=new URL(t.value),c.test(n.protocol))&&n.host===r.host&&l.activeElement===s&&(d.top.location.href=t.value))}},d.addEventListener(\"message\",d.wp.receiveEmbedMessage,!1),l.addEventListener(\"DOMContentLoaded\",function(){for(var e,t,s=l.querySelectorAll(\"iframe.wp-embedded-content\"),r=0;r<s.length;r++)(t=(e=s[r]).getAttribute(\"data-secret\"))||(t=Math.random().toString(36).substring(2,12),e.src+=\"#?secret=\"+t,e.setAttribute(\"data-secret\",t)),e.contentWindow.postMessage({message:\"ready\",secret:t},\"*\")},!1)))}(window,document);\n\/* ]]> *\/\n<\/script>\n","thumbnail_url":"https:\/\/legrandcontinent.eu\/fr\/wp-content\/uploads\/sites\/2\/2021\/10\/gc-carte.jpg","thumbnail_width":2560,"thumbnail_height":1440,"description":"La rencontre qui se d\u00e9roule aujourd'hui entre le ministre des Affaires \u00e9trang\u00e8res russe et certains de ses homologues europ\u00e9ens puis le Haut repr\u00e9sentant de l'Union Josep Borrell pourrait marquer un tournant pour la coop\u00e9ration r\u00e9gionale entre les pays de l\u2019Arctique europ\u00e9en et la Russie. Six points pour \u00e9clairer la situation du Conseil de l'Arctique."}

Un tournant de la stratégie de Poutine en Arctique ? | Le Grand Continent

<blockquote class="wp-embedded-content" data-secret="sDZKrRkqns"><a href="https://legrandcontinent.eu/fr/2021/10/26/poutine-et-larctique-europeen/">Un tournant de la stratégie de Poutine en Arctique&#160;?</a></blockquote><iframe sandbox="allow-scripts" security="restricted" src="https://legrandcontinent.eu/fr/2021/10/26/poutine-et-larctique-europeen/embed/#?secret=sDZKrRkqns" width="600" height="338" title="« Un tournant de la stratégie de Poutine en Arctique&#160;? » &#8212; Le Grand Continent" data-secret="sDZKrRkqns" frameborder="0" marginwidth="0" marginheight="0" scrolling="no" class="wp-embedded-content"></iframe><script type="text/javascript">
/* <![CDATA[ */
/*! This file is auto-generated */
!function(d,l){"use strict";l.querySelector&&d.addEventListener&&"undefined"!=typeof URL&&(d.wp=d.wp||{},d.wp.receiveEmbedMessage||(d.wp.receiveEmbedMessage=function(e){var t=e.data;if((t||t.secret||t.message||t.value)&&!/[^a-zA-Z0-9]/.test(t.secret)){for(var s,r,n,a=l.querySelectorAll('iframe[data-secret="'+t.secret+'"]'),o=l.querySelectorAll('blockquote[data-secret="'+t.secret+'"]'),c=new RegExp("^https?:$","i"),i=0;i<o.length;i++)o[i].style.display="none";for(i=0;i<a.length;i++)s=a[i],e.source===s.contentWindow&&(s.removeAttribute("style"),"height"===t.message?(1e3<(r=parseInt(t.value,10))?r=1e3:~~r<200&&(r=200),s.height=r):"link"===t.message&&(r=new URL(s.getAttribute("src")),n=new URL(t.value),c.test(n.protocol))&&n.host===r.host&&l.activeElement===s&&(d.top.location.href=t.value))}},d.addEventListener("message",d.wp.receiveEmbedMessage,!1),l.addEventListener("DOMContentLoaded",function(){for(var e,t,s=l.querySelectorAll("iframe.wp-embedded-content"),r=0;r<s.length;r++)(t=(e=s[r]).getAttribute("data-secret"))||(t=Math.random().toString(36).substring(2,12),e.src+="#?secret="+t,e.setAttribute("data-secret",t)),e.contentWindow.postMessage({message:"ready",secret:t},"*")},!1)))}(window,document);
/* ]]> */
</script>

La rencontre qui se déroule aujourd'hui entre le ministre des Affaires étrangères russe et certains de ses homologues européens puis le Haut représentant de l'Union Josep Borrell pourrait marquer un tournant pour la coopération régionale entre les pays de l’Arctique européen et la Russie. Six points pour éclairer la situation du Conseil de l'Arctique.
