{"version":"1.0","provider_name":"Le Grand Continent","provider_url":"https:\/\/legrandcontinent.eu\/fr","title":"L'avenir des peuples indig\u00e8nes du Br\u00e9sil | Le Grand Continent","type":"rich","width":600,"height":338,"html":"<blockquote class=\"wp-embedded-content\" data-secret=\"6pNPPj8Cb0\"><a href=\"https:\/\/legrandcontinent.eu\/fr\/2021\/09\/25\/lavenir-des-peuples-indigenes-du-bresil\/\">L&rsquo;avenir des peuples indig\u00e8nes du Br\u00e9sil<\/a><\/blockquote><iframe sandbox=\"allow-scripts\" security=\"restricted\" src=\"https:\/\/legrandcontinent.eu\/fr\/2021\/09\/25\/lavenir-des-peuples-indigenes-du-bresil\/embed\/#?secret=6pNPPj8Cb0\" width=\"600\" height=\"338\" title=\"\u00ab\u00a0L&rsquo;avenir des peuples indig\u00e8nes du Br\u00e9sil\u00a0\u00bb &#8212; Le Grand Continent\" data-secret=\"6pNPPj8Cb0\" frameborder=\"0\" marginwidth=\"0\" marginheight=\"0\" scrolling=\"no\" class=\"wp-embedded-content\"><\/iframe><script type=\"text\/javascript\">\n\/* <![CDATA[ *\/\n\/*! This file is auto-generated *\/\n!function(d,l){\"use strict\";l.querySelector&&d.addEventListener&&\"undefined\"!=typeof URL&&(d.wp=d.wp||{},d.wp.receiveEmbedMessage||(d.wp.receiveEmbedMessage=function(e){var t=e.data;if((t||t.secret||t.message||t.value)&&!\/[^a-zA-Z0-9]\/.test(t.secret)){for(var s,r,n,a=l.querySelectorAll('iframe[data-secret=\"'+t.secret+'\"]'),o=l.querySelectorAll('blockquote[data-secret=\"'+t.secret+'\"]'),c=new RegExp(\"^https?:$\",\"i\"),i=0;i<o.length;i++)o[i].style.display=\"none\";for(i=0;i<a.length;i++)s=a[i],e.source===s.contentWindow&&(s.removeAttribute(\"style\"),\"height\"===t.message?(1e3<(r=parseInt(t.value,10))?r=1e3:~~r<200&&(r=200),s.height=r):\"link\"===t.message&&(r=new URL(s.getAttribute(\"src\")),n=new URL(t.value),c.test(n.protocol))&&n.host===r.host&&l.activeElement===s&&(d.top.location.href=t.value))}},d.addEventListener(\"message\",d.wp.receiveEmbedMessage,!1),l.addEventListener(\"DOMContentLoaded\",function(){for(var e,t,s=l.querySelectorAll(\"iframe.wp-embedded-content\"),r=0;r<s.length;r++)(t=(e=s[r]).getAttribute(\"data-secret\"))||(t=Math.random().toString(36).substring(2,12),e.src+=\"#?secret=\"+t,e.setAttribute(\"data-secret\",t)),e.contentWindow.postMessage({message:\"ready\",secret:t},\"*\")},!1)))}(window,document);\n\/* ]]> *\/\n<\/script>\n","thumbnail_url":"https:\/\/legrandcontinent.eu\/fr\/wp-content\/uploads\/sites\/2\/2021\/09\/indiens-bresil.jpg","thumbnail_width":1917,"thumbnail_height":1077,"description":"La question des terres sur lesquelles vivent les tribus br\u00e9siliennes se heurte aux int\u00e9r\u00eats \u00e9conomiques dont Jair Bolsonaro entend tirer profit en continuant d'exploiter l'Amazonie. L'avenir de la communaut\u00e9 indig\u00e8ne se joue \u00e0 la Cour supr\u00eame br\u00e9silienne, qui doit prendre prochainement une d\u00e9cision relative au projet de loi 490 susceptible de conduire \u00e0 l'expulsion des Am\u00e9rindiens de leurs terres ancestrales s'il venait \u00e0 \u00eatre adopt\u00e9."}

L'avenir des peuples indigènes du Brésil | Le Grand Continent

<blockquote class="wp-embedded-content" data-secret="6pNPPj8Cb0"><a href="https://legrandcontinent.eu/fr/2021/09/25/lavenir-des-peuples-indigenes-du-bresil/">L&rsquo;avenir des peuples indigènes du Brésil</a></blockquote><iframe sandbox="allow-scripts" security="restricted" src="https://legrandcontinent.eu/fr/2021/09/25/lavenir-des-peuples-indigenes-du-bresil/embed/#?secret=6pNPPj8Cb0" width="600" height="338" title="« L&rsquo;avenir des peuples indigènes du Brésil » &#8212; Le Grand Continent" data-secret="6pNPPj8Cb0" frameborder="0" marginwidth="0" marginheight="0" scrolling="no" class="wp-embedded-content"></iframe><script type="text/javascript">
/* <![CDATA[ */
/*! This file is auto-generated */
!function(d,l){"use strict";l.querySelector&&d.addEventListener&&"undefined"!=typeof URL&&(d.wp=d.wp||{},d.wp.receiveEmbedMessage||(d.wp.receiveEmbedMessage=function(e){var t=e.data;if((t||t.secret||t.message||t.value)&&!/[^a-zA-Z0-9]/.test(t.secret)){for(var s,r,n,a=l.querySelectorAll('iframe[data-secret="'+t.secret+'"]'),o=l.querySelectorAll('blockquote[data-secret="'+t.secret+'"]'),c=new RegExp("^https?:$","i"),i=0;i<o.length;i++)o[i].style.display="none";for(i=0;i<a.length;i++)s=a[i],e.source===s.contentWindow&&(s.removeAttribute("style"),"height"===t.message?(1e3<(r=parseInt(t.value,10))?r=1e3:~~r<200&&(r=200),s.height=r):"link"===t.message&&(r=new URL(s.getAttribute("src")),n=new URL(t.value),c.test(n.protocol))&&n.host===r.host&&l.activeElement===s&&(d.top.location.href=t.value))}},d.addEventListener("message",d.wp.receiveEmbedMessage,!1),l.addEventListener("DOMContentLoaded",function(){for(var e,t,s=l.querySelectorAll("iframe.wp-embedded-content"),r=0;r<s.length;r++)(t=(e=s[r]).getAttribute("data-secret"))||(t=Math.random().toString(36).substring(2,12),e.src+="#?secret="+t,e.setAttribute("data-secret",t)),e.contentWindow.postMessage({message:"ready",secret:t},"*")},!1)))}(window,document);
/* ]]> */
</script>

La question des terres sur lesquelles vivent les tribus brésiliennes se heurte aux intérêts économiques dont Jair Bolsonaro entend tirer profit en continuant d'exploiter l'Amazonie. L'avenir de la communauté indigène se joue à la Cour suprême brésilienne, qui doit prendre prochainement une décision relative au projet de loi 490 susceptible de conduire à l'expulsion des Amérindiens de leurs terres ancestrales s'il venait à être adopté.
