{"version":"1.0","provider_name":"Le Grand Continent","provider_url":"https:\/\/legrandcontinent.eu\/fr","title":"\u00ab L'urgence climatique impose une politique mondiale \u00bb, une conversation avec Yannick Jadot | Le Grand Continent","type":"rich","width":600,"height":338,"html":"<blockquote class=\"wp-embedded-content\" data-secret=\"QeRgnl2jhr\"><a href=\"https:\/\/legrandcontinent.eu\/fr\/2021\/09\/14\/conversation-avec-yannick-jadot\/\">\u00ab&#160;L&rsquo;urgence climatique impose une politique mondiale&#160;\u00bb, une conversation avec Yannick Jadot<\/a><\/blockquote><iframe sandbox=\"allow-scripts\" security=\"restricted\" src=\"https:\/\/legrandcontinent.eu\/fr\/2021\/09\/14\/conversation-avec-yannick-jadot\/embed\/#?secret=QeRgnl2jhr\" width=\"600\" height=\"338\" title=\"\u00ab\u00a0\u00ab&#160;L&rsquo;urgence climatique impose une politique mondiale&#160;\u00bb, une conversation avec Yannick Jadot\u00a0\u00bb &#8212; Le Grand Continent\" data-secret=\"QeRgnl2jhr\" frameborder=\"0\" marginwidth=\"0\" marginheight=\"0\" scrolling=\"no\" class=\"wp-embedded-content\"><\/iframe><script type=\"text\/javascript\">\n\/* <![CDATA[ *\/\n\/*! This file is auto-generated *\/\n!function(d,l){\"use strict\";l.querySelector&&d.addEventListener&&\"undefined\"!=typeof URL&&(d.wp=d.wp||{},d.wp.receiveEmbedMessage||(d.wp.receiveEmbedMessage=function(e){var t=e.data;if((t||t.secret||t.message||t.value)&&!\/[^a-zA-Z0-9]\/.test(t.secret)){for(var s,r,n,a=l.querySelectorAll('iframe[data-secret=\"'+t.secret+'\"]'),o=l.querySelectorAll('blockquote[data-secret=\"'+t.secret+'\"]'),c=new RegExp(\"^https?:$\",\"i\"),i=0;i<o.length;i++)o[i].style.display=\"none\";for(i=0;i<a.length;i++)s=a[i],e.source===s.contentWindow&&(s.removeAttribute(\"style\"),\"height\"===t.message?(1e3<(r=parseInt(t.value,10))?r=1e3:~~r<200&&(r=200),s.height=r):\"link\"===t.message&&(r=new URL(s.getAttribute(\"src\")),n=new URL(t.value),c.test(n.protocol))&&n.host===r.host&&l.activeElement===s&&(d.top.location.href=t.value))}},d.addEventListener(\"message\",d.wp.receiveEmbedMessage,!1),l.addEventListener(\"DOMContentLoaded\",function(){for(var e,t,s=l.querySelectorAll(\"iframe.wp-embedded-content\"),r=0;r<s.length;r++)(t=(e=s[r]).getAttribute(\"data-secret\"))||(t=Math.random().toString(36).substring(2,12),e.src+=\"#?secret=\"+t,e.setAttribute(\"data-secret\",t)),e.contentWindow.postMessage({message:\"ready\",secret:t},\"*\")},!1)))}(window,document);\n\/* ]]> *\/\n<\/script>\n","thumbnail_url":"https:\/\/legrandcontinent.eu\/fr\/wp-content\/uploads\/sites\/2\/2021\/09\/gc-jadot-scaled.jpg","thumbnail_width":2560,"thumbnail_height":1440,"description":"Le premier tour de la primaire de l'\u00e9cologie aura lieu du 16 au 19 septembre prochain. Nous avons demand\u00e9 \u00e0 trois candidats \u00e9cologistes de prendre position sur le volet politique \u00e9trang\u00e8re et europ\u00e9enne de leur programme. Yannick Jadot r\u00e9pond ici \u00e0 nos questions sur l'Union europ\u00e9enne, la politique \u00e9trang\u00e8re de la France et la diplomatie de l'Anthropoc\u00e8ne."}

Le premier tour de la primaire de l'écologie aura lieu du 16 au 19 septembre prochain. Nous avons demandé à trois candidats écologistes de prendre position sur le volet politique étrangère et européenne de leur programme. Yannick Jadot répond ici à nos questions sur l'Union européenne, la politique étrangère de la France et la diplomatie de l'Anthropocène.
