{"version":"1.0","provider_name":"Le Grand Continent","provider_url":"https:\/\/legrandcontinent.eu\/fr","title":"\u00ab Avec l\u2019Alpe, on est en pr\u00e9sence d\u2019un massif-continent \u00bb, conversation avec Antoine de Baecque | Le Grand Continent","type":"rich","width":600,"height":338,"html":"<blockquote class=\"wp-embedded-content\" data-secret=\"QWrvMr4BNk\"><a href=\"https:\/\/legrandcontinent.eu\/fr\/2021\/07\/30\/grand-tour-antoine-de-baecque\/\">\u00ab&#160;Avec l\u2019Alpe, on est en pr\u00e9sence d\u2019un massif-continent&#160;\u00bb, conversation avec Antoine de Baecque<\/a><\/blockquote><iframe sandbox=\"allow-scripts\" security=\"restricted\" src=\"https:\/\/legrandcontinent.eu\/fr\/2021\/07\/30\/grand-tour-antoine-de-baecque\/embed\/#?secret=QWrvMr4BNk\" width=\"600\" height=\"338\" title=\"\u00ab\u00a0\u00ab&#160;Avec l\u2019Alpe, on est en pr\u00e9sence d\u2019un massif-continent&#160;\u00bb, conversation avec Antoine de Baecque\u00a0\u00bb &#8212; Le Grand Continent\" data-secret=\"QWrvMr4BNk\" frameborder=\"0\" marginwidth=\"0\" marginheight=\"0\" scrolling=\"no\" class=\"wp-embedded-content\"><\/iframe><script type=\"text\/javascript\">\n\/* <![CDATA[ *\/\n\/*! This file is auto-generated *\/\n!function(d,l){\"use strict\";l.querySelector&&d.addEventListener&&\"undefined\"!=typeof URL&&(d.wp=d.wp||{},d.wp.receiveEmbedMessage||(d.wp.receiveEmbedMessage=function(e){var t=e.data;if((t||t.secret||t.message||t.value)&&!\/[^a-zA-Z0-9]\/.test(t.secret)){for(var s,r,n,a=l.querySelectorAll('iframe[data-secret=\"'+t.secret+'\"]'),o=l.querySelectorAll('blockquote[data-secret=\"'+t.secret+'\"]'),c=new RegExp(\"^https?:$\",\"i\"),i=0;i<o.length;i++)o[i].style.display=\"none\";for(i=0;i<a.length;i++)s=a[i],e.source===s.contentWindow&&(s.removeAttribute(\"style\"),\"height\"===t.message?(1e3<(r=parseInt(t.value,10))?r=1e3:~~r<200&&(r=200),s.height=r):\"link\"===t.message&&(r=new URL(s.getAttribute(\"src\")),n=new URL(t.value),c.test(n.protocol))&&n.host===r.host&&l.activeElement===s&&(d.top.location.href=t.value))}},d.addEventListener(\"message\",d.wp.receiveEmbedMessage,!1),l.addEventListener(\"DOMContentLoaded\",function(){for(var e,t,s=l.querySelectorAll(\"iframe.wp-embedded-content\"),r=0;r<s.length;r++)(t=(e=s[r]).getAttribute(\"data-secret\"))||(t=Math.random().toString(36).substring(2,12),e.src+=\"#?secret=\"+t,e.setAttribute(\"data-secret\",t)),e.contentWindow.postMessage({message:\"ready\",secret:t},\"*\")},!1)))}(window,document);\n\/* ]]> *\/\n<\/script>\n","thumbnail_url":"https:\/\/legrandcontinent.eu\/fr\/wp-content\/uploads\/sites\/2\/2021\/07\/gc-de-baecque.jpg","thumbnail_width":1917,"thumbnail_height":1082,"description":"Notre s\u00e9rie Grand Tour prend la direction des chemins de transhumances alpines avec l\u2019historien et critique de cin\u00e9ma Antoine de Baecque. N\u00e9 en r\u00e9gion parisienne, le lien qu'il entretient le massif des Alpes trouve ses racines dans des souvenirs d'enfance et se cristallise dans la marche."}

« Avec l’Alpe, on est en présence d’un massif-continent », conversation avec Antoine de Baecque | Le Grand Continent

<blockquote class="wp-embedded-content" data-secret="QWrvMr4BNk"><a href="https://legrandcontinent.eu/fr/2021/07/30/grand-tour-antoine-de-baecque/">«&#160;Avec l’Alpe, on est en présence d’un massif-continent&#160;», conversation avec Antoine de Baecque</a></blockquote><iframe sandbox="allow-scripts" security="restricted" src="https://legrandcontinent.eu/fr/2021/07/30/grand-tour-antoine-de-baecque/embed/#?secret=QWrvMr4BNk" width="600" height="338" title="« «&#160;Avec l’Alpe, on est en présence d’un massif-continent&#160;», conversation avec Antoine de Baecque » &#8212; Le Grand Continent" data-secret="QWrvMr4BNk" frameborder="0" marginwidth="0" marginheight="0" scrolling="no" class="wp-embedded-content"></iframe><script type="text/javascript">
/* <![CDATA[ */
/*! This file is auto-generated */
!function(d,l){"use strict";l.querySelector&&d.addEventListener&&"undefined"!=typeof URL&&(d.wp=d.wp||{},d.wp.receiveEmbedMessage||(d.wp.receiveEmbedMessage=function(e){var t=e.data;if((t||t.secret||t.message||t.value)&&!/[^a-zA-Z0-9]/.test(t.secret)){for(var s,r,n,a=l.querySelectorAll('iframe[data-secret="'+t.secret+'"]'),o=l.querySelectorAll('blockquote[data-secret="'+t.secret+'"]'),c=new RegExp("^https?:$","i"),i=0;i<o.length;i++)o[i].style.display="none";for(i=0;i<a.length;i++)s=a[i],e.source===s.contentWindow&&(s.removeAttribute("style"),"height"===t.message?(1e3<(r=parseInt(t.value,10))?r=1e3:~~r<200&&(r=200),s.height=r):"link"===t.message&&(r=new URL(s.getAttribute("src")),n=new URL(t.value),c.test(n.protocol))&&n.host===r.host&&l.activeElement===s&&(d.top.location.href=t.value))}},d.addEventListener("message",d.wp.receiveEmbedMessage,!1),l.addEventListener("DOMContentLoaded",function(){for(var e,t,s=l.querySelectorAll("iframe.wp-embedded-content"),r=0;r<s.length;r++)(t=(e=s[r]).getAttribute("data-secret"))||(t=Math.random().toString(36).substring(2,12),e.src+="#?secret="+t,e.setAttribute("data-secret",t)),e.contentWindow.postMessage({message:"ready",secret:t},"*")},!1)))}(window,document);
/* ]]> */
</script>

Notre série Grand Tour prend la direction des chemins de transhumances alpines avec l’historien et critique de cinéma Antoine de Baecque. Né en région parisienne, le lien qu'il entretient le massif des Alpes trouve ses racines dans des souvenirs d'enfance et se cristallise dans la marche.
