{"version":"1.0","provider_name":"Le Grand Continent","provider_url":"https:\/\/legrandcontinent.eu\/fr","title":"L'Europe doit repenser sa politique technologique | Le Grand Continent","type":"rich","width":600,"height":338,"html":"<blockquote class=\"wp-embedded-content\" data-secret=\"0IQbgjdTna\"><a href=\"https:\/\/legrandcontinent.eu\/fr\/2021\/07\/26\/leurope-doit-repenser-sa-politique-technologique\/\">L&rsquo;Europe doit repenser sa politique technologique<\/a><\/blockquote><iframe sandbox=\"allow-scripts\" security=\"restricted\" src=\"https:\/\/legrandcontinent.eu\/fr\/2021\/07\/26\/leurope-doit-repenser-sa-politique-technologique\/embed\/#?secret=0IQbgjdTna\" width=\"600\" height=\"338\" title=\"\u00ab\u00a0L&rsquo;Europe doit repenser sa politique technologique\u00a0\u00bb &#8212; Le Grand Continent\" data-secret=\"0IQbgjdTna\" frameborder=\"0\" marginwidth=\"0\" marginheight=\"0\" scrolling=\"no\" class=\"wp-embedded-content\"><\/iframe><script type=\"text\/javascript\">\n\/* <![CDATA[ *\/\n\/*! This file is auto-generated *\/\n!function(d,l){\"use strict\";l.querySelector&&d.addEventListener&&\"undefined\"!=typeof URL&&(d.wp=d.wp||{},d.wp.receiveEmbedMessage||(d.wp.receiveEmbedMessage=function(e){var t=e.data;if((t||t.secret||t.message||t.value)&&!\/[^a-zA-Z0-9]\/.test(t.secret)){for(var s,r,n,a=l.querySelectorAll('iframe[data-secret=\"'+t.secret+'\"]'),o=l.querySelectorAll('blockquote[data-secret=\"'+t.secret+'\"]'),c=new RegExp(\"^https?:$\",\"i\"),i=0;i<o.length;i++)o[i].style.display=\"none\";for(i=0;i<a.length;i++)s=a[i],e.source===s.contentWindow&&(s.removeAttribute(\"style\"),\"height\"===t.message?(1e3<(r=parseInt(t.value,10))?r=1e3:~~r<200&&(r=200),s.height=r):\"link\"===t.message&&(r=new URL(s.getAttribute(\"src\")),n=new URL(t.value),c.test(n.protocol))&&n.host===r.host&&l.activeElement===s&&(d.top.location.href=t.value))}},d.addEventListener(\"message\",d.wp.receiveEmbedMessage,!1),l.addEventListener(\"DOMContentLoaded\",function(){for(var e,t,s=l.querySelectorAll(\"iframe.wp-embedded-content\"),r=0;r<s.length;r++)(t=(e=s[r]).getAttribute(\"data-secret\"))||(t=Math.random().toString(36).substring(2,12),e.src+=\"#?secret=\"+t,e.setAttribute(\"data-secret\",t)),e.contentWindow.postMessage({message:\"ready\",secret:t},\"*\")},!1)))}(window,document);\n\/* ]]> *\/\n<\/script>\n","thumbnail_url":"https:\/\/legrandcontinent.eu\/fr\/wp-content\/uploads\/sites\/2\/2021\/07\/gc-thierry-breton.jpg","thumbnail_width":1914,"thumbnail_height":1074,"description":"Ce n'est plus un secret pour personne&#160;: les enjeux technologiques configurent une tectonique des plaques \u00e0 l'\u00e9chelle mondiale. Si quelques \u00c9tats europ\u00e9ens en sont conscients et s'y pr\u00e9parent, cette situation est loin d'\u00eatre g\u00e9n\u00e9ralis\u00e9e. Pour Ulrike Franke, si l'Europe veut pr\u00e9tendre \u00e0 \u00eatre vraiment un acteur g\u00e9opolitique, elle doit repenser sa strat\u00e9gie technologique."}

Ce n'est plus un secret pour personne&#160;: les enjeux technologiques configurent une tectonique des plaques à l'échelle mondiale. Si quelques États européens en sont conscients et s'y préparent, cette situation est loin d'être généralisée. Pour Ulrike Franke, si l'Europe veut prétendre à être vraiment un acteur géopolitique, elle doit repenser sa stratégie technologique.
