{"version":"1.0","provider_name":"Le Grand Continent","provider_url":"https:\/\/legrandcontinent.eu\/fr","title":"L'alliance des extr\u00eames droites europ\u00e9ennes en une carte | Le Grand Continent","type":"rich","width":600,"height":338,"html":"<blockquote class=\"wp-embedded-content\" data-secret=\"m7WhRiUXH3\"><a href=\"https:\/\/legrandcontinent.eu\/fr\/2021\/07\/02\/lalliance-des-extremes-droites-europeennes-en-une-carte\/\">L&rsquo;alliance des extr\u00eames droites europ\u00e9ennes en une carte<\/a><\/blockquote><iframe sandbox=\"allow-scripts\" security=\"restricted\" src=\"https:\/\/legrandcontinent.eu\/fr\/2021\/07\/02\/lalliance-des-extremes-droites-europeennes-en-une-carte\/embed\/#?secret=m7WhRiUXH3\" width=\"600\" height=\"338\" title=\"\u00ab\u00a0L&rsquo;alliance des extr\u00eames droites europ\u00e9ennes en une carte\u00a0\u00bb &#8212; Le Grand Continent\" data-secret=\"m7WhRiUXH3\" frameborder=\"0\" marginwidth=\"0\" marginheight=\"0\" scrolling=\"no\" class=\"wp-embedded-content\"><\/iframe><script type=\"text\/javascript\">\n\/* <![CDATA[ *\/\n\/*! This file is auto-generated *\/\n!function(d,l){\"use strict\";l.querySelector&&d.addEventListener&&\"undefined\"!=typeof URL&&(d.wp=d.wp||{},d.wp.receiveEmbedMessage||(d.wp.receiveEmbedMessage=function(e){var t=e.data;if((t||t.secret||t.message||t.value)&&!\/[^a-zA-Z0-9]\/.test(t.secret)){for(var s,r,n,a=l.querySelectorAll('iframe[data-secret=\"'+t.secret+'\"]'),o=l.querySelectorAll('blockquote[data-secret=\"'+t.secret+'\"]'),c=new RegExp(\"^https?:$\",\"i\"),i=0;i<o.length;i++)o[i].style.display=\"none\";for(i=0;i<a.length;i++)s=a[i],e.source===s.contentWindow&&(s.removeAttribute(\"style\"),\"height\"===t.message?(1e3<(r=parseInt(t.value,10))?r=1e3:~~r<200&&(r=200),s.height=r):\"link\"===t.message&&(r=new URL(s.getAttribute(\"src\")),n=new URL(t.value),c.test(n.protocol))&&n.host===r.host&&l.activeElement===s&&(d.top.location.href=t.value))}},d.addEventListener(\"message\",d.wp.receiveEmbedMessage,!1),l.addEventListener(\"DOMContentLoaded\",function(){for(var e,t,s=l.querySelectorAll(\"iframe.wp-embedded-content\"),r=0;r<s.length;r++)(t=(e=s[r]).getAttribute(\"data-secret\"))||(t=Math.random().toString(36).substring(2,12),e.src+=\"#?secret=\"+t,e.setAttribute(\"data-secret\",t)),e.contentWindow.postMessage({message:\"ready\",secret:t},\"*\")},!1)))}(window,document);\n\/* ]]> *\/\n<\/script>\n","thumbnail_url":"https:\/\/legrandcontinent.eu\/fr\/wp-content\/uploads\/sites\/2\/2021\/07\/gc-mlp-scaled.jpg","thumbnail_width":2560,"thumbnail_height":1440,"description":"L'europ\u00e9anisation des extr\u00eames-droites europ\u00e9ennes n'est pas un ph\u00e9nom\u00e8ne nouveau. Mais avec la d\u00e9claration commune sign\u00e9e par 16 partis aujourd'hui, en r\u00e9ponse au lancement de la Conf\u00e9rence sur l'avenir de l'Europe, une nouvelle dynamique est peut-\u00eatre en train de se dessiner."}

L'alliance des extrêmes droites européennes en une carte | Le Grand Continent

<blockquote class="wp-embedded-content" data-secret="m7WhRiUXH3"><a href="https://legrandcontinent.eu/fr/2021/07/02/lalliance-des-extremes-droites-europeennes-en-une-carte/">L&rsquo;alliance des extrêmes droites européennes en une carte</a></blockquote><iframe sandbox="allow-scripts" security="restricted" src="https://legrandcontinent.eu/fr/2021/07/02/lalliance-des-extremes-droites-europeennes-en-une-carte/embed/#?secret=m7WhRiUXH3" width="600" height="338" title="« L&rsquo;alliance des extrêmes droites européennes en une carte » &#8212; Le Grand Continent" data-secret="m7WhRiUXH3" frameborder="0" marginwidth="0" marginheight="0" scrolling="no" class="wp-embedded-content"></iframe><script type="text/javascript">
/* <![CDATA[ */
/*! This file is auto-generated */
!function(d,l){"use strict";l.querySelector&&d.addEventListener&&"undefined"!=typeof URL&&(d.wp=d.wp||{},d.wp.receiveEmbedMessage||(d.wp.receiveEmbedMessage=function(e){var t=e.data;if((t||t.secret||t.message||t.value)&&!/[^a-zA-Z0-9]/.test(t.secret)){for(var s,r,n,a=l.querySelectorAll('iframe[data-secret="'+t.secret+'"]'),o=l.querySelectorAll('blockquote[data-secret="'+t.secret+'"]'),c=new RegExp("^https?:$","i"),i=0;i<o.length;i++)o[i].style.display="none";for(i=0;i<a.length;i++)s=a[i],e.source===s.contentWindow&&(s.removeAttribute("style"),"height"===t.message?(1e3<(r=parseInt(t.value,10))?r=1e3:~~r<200&&(r=200),s.height=r):"link"===t.message&&(r=new URL(s.getAttribute("src")),n=new URL(t.value),c.test(n.protocol))&&n.host===r.host&&l.activeElement===s&&(d.top.location.href=t.value))}},d.addEventListener("message",d.wp.receiveEmbedMessage,!1),l.addEventListener("DOMContentLoaded",function(){for(var e,t,s=l.querySelectorAll("iframe.wp-embedded-content"),r=0;r<s.length;r++)(t=(e=s[r]).getAttribute("data-secret"))||(t=Math.random().toString(36).substring(2,12),e.src+="#?secret="+t,e.setAttribute("data-secret",t)),e.contentWindow.postMessage({message:"ready",secret:t},"*")},!1)))}(window,document);
/* ]]> */
</script>

L'européanisation des extrêmes-droites européennes n'est pas un phénomène nouveau. Mais avec la déclaration commune signée par 16 partis aujourd'hui, en réponse au lancement de la Conférence sur l'avenir de l'Europe, une nouvelle dynamique est peut-être en train de se dessiner.
