{"version":"1.0","provider_name":"Le Grand Continent","provider_url":"https:\/\/legrandcontinent.eu\/fr","title":"Que penser de l\u2019accord Union-Chine ? | Le Grand Continent","type":"rich","width":600,"height":338,"html":"<blockquote class=\"wp-embedded-content\" data-secret=\"a7Z7uaeOtP\"><a href=\"https:\/\/legrandcontinent.eu\/fr\/2021\/01\/23\/que-penser-de-laccord-union-chine\/\">Que penser de l\u2019accord Union-Chine&#160;?<\/a><\/blockquote><iframe sandbox=\"allow-scripts\" security=\"restricted\" src=\"https:\/\/legrandcontinent.eu\/fr\/2021\/01\/23\/que-penser-de-laccord-union-chine\/embed\/#?secret=a7Z7uaeOtP\" width=\"600\" height=\"338\" title=\"\u00ab\u00a0Que penser de l\u2019accord Union-Chine&#160;?\u00a0\u00bb &#8212; Le Grand Continent\" data-secret=\"a7Z7uaeOtP\" frameborder=\"0\" marginwidth=\"0\" marginheight=\"0\" scrolling=\"no\" class=\"wp-embedded-content\"><\/iframe><script type=\"text\/javascript\">\n\/* <![CDATA[ *\/\n\/*! This file is auto-generated *\/\n!function(d,l){\"use strict\";l.querySelector&&d.addEventListener&&\"undefined\"!=typeof URL&&(d.wp=d.wp||{},d.wp.receiveEmbedMessage||(d.wp.receiveEmbedMessage=function(e){var t=e.data;if((t||t.secret||t.message||t.value)&&!\/[^a-zA-Z0-9]\/.test(t.secret)){for(var s,r,n,a=l.querySelectorAll('iframe[data-secret=\"'+t.secret+'\"]'),o=l.querySelectorAll('blockquote[data-secret=\"'+t.secret+'\"]'),c=new RegExp(\"^https?:$\",\"i\"),i=0;i<o.length;i++)o[i].style.display=\"none\";for(i=0;i<a.length;i++)s=a[i],e.source===s.contentWindow&&(s.removeAttribute(\"style\"),\"height\"===t.message?(1e3<(r=parseInt(t.value,10))?r=1e3:~~r<200&&(r=200),s.height=r):\"link\"===t.message&&(r=new URL(s.getAttribute(\"src\")),n=new URL(t.value),c.test(n.protocol))&&n.host===r.host&&l.activeElement===s&&(d.top.location.href=t.value))}},d.addEventListener(\"message\",d.wp.receiveEmbedMessage,!1),l.addEventListener(\"DOMContentLoaded\",function(){for(var e,t,s=l.querySelectorAll(\"iframe.wp-embedded-content\"),r=0;r<s.length;r++)(t=(e=s[r]).getAttribute(\"data-secret\"))||(t=Math.random().toString(36).substring(2,12),e.src+=\"#?secret=\"+t,e.setAttribute(\"data-secret\",t)),e.contentWindow.postMessage({message:\"ready\",secret:t},\"*\")},!1)))}(window,document);\n\/* ]]> *\/\n<\/script>\n","thumbnail_url":"https:\/\/legrandcontinent.eu\/fr\/wp-content\/uploads\/sites\/2\/2021\/01\/Grafica-2021-01-23-alle-13.11.04-scaled.jpg","thumbnail_width":2560,"thumbnail_height":1468,"description":"Fin d\u00e9cembre, l\u2019Union signait avec la Chine un accord d\u2019investissements, d\u00e9cri\u00e9 en Europe en raison des faibles garanties de respect du droit du travail par les Chinois et du b\u00e9n\u00e9fice que l\u2019Allemagne devrait en tirer au premier chef. Pour Luuk van Middelaar, l'accord Union-Chine donne une cl\u00e9 de lecture sur l'avenir de la relation transatlantique."}

Fin décembre, l’Union signait avec la Chine un accord d’investissements, décrié en Europe en raison des faibles garanties de respect du droit du travail par les Chinois et du bénéfice que l’Allemagne devrait en tirer au premier chef. Pour Luuk van Middelaar, l'accord Union-Chine donne une clé de lecture sur l'avenir de la relation transatlantique.
