{"version":"1.0","provider_name":"Le Grand Continent","provider_url":"https:\/\/legrandcontinent.eu\/fr","title":"Quel 2021? La COP26 | Le Grand Continent","type":"rich","width":600,"height":338,"html":"<blockquote class=\"wp-embedded-content\" data-secret=\"ila7rXOR93\"><a href=\"https:\/\/legrandcontinent.eu\/fr\/2021\/01\/10\/quel-2021-la-cop26\/\">Quel 2021&#160;? La COP26<\/a><\/blockquote><iframe sandbox=\"allow-scripts\" security=\"restricted\" src=\"https:\/\/legrandcontinent.eu\/fr\/2021\/01\/10\/quel-2021-la-cop26\/embed\/#?secret=ila7rXOR93\" width=\"600\" height=\"338\" title=\"\u00ab\u00a0Quel 2021&#160;? La COP26\u00a0\u00bb &#8212; Le Grand Continent\" data-secret=\"ila7rXOR93\" frameborder=\"0\" marginwidth=\"0\" marginheight=\"0\" scrolling=\"no\" class=\"wp-embedded-content\"><\/iframe><script type=\"text\/javascript\">\n\/* <![CDATA[ *\/\n\/*! This file is auto-generated *\/\n!function(d,l){\"use strict\";l.querySelector&&d.addEventListener&&\"undefined\"!=typeof URL&&(d.wp=d.wp||{},d.wp.receiveEmbedMessage||(d.wp.receiveEmbedMessage=function(e){var t=e.data;if((t||t.secret||t.message||t.value)&&!\/[^a-zA-Z0-9]\/.test(t.secret)){for(var s,r,n,a=l.querySelectorAll('iframe[data-secret=\"'+t.secret+'\"]'),o=l.querySelectorAll('blockquote[data-secret=\"'+t.secret+'\"]'),c=new RegExp(\"^https?:$\",\"i\"),i=0;i<o.length;i++)o[i].style.display=\"none\";for(i=0;i<a.length;i++)s=a[i],e.source===s.contentWindow&&(s.removeAttribute(\"style\"),\"height\"===t.message?(1e3<(r=parseInt(t.value,10))?r=1e3:~~r<200&&(r=200),s.height=r):\"link\"===t.message&&(r=new URL(s.getAttribute(\"src\")),n=new URL(t.value),c.test(n.protocol))&&n.host===r.host&&l.activeElement===s&&(d.top.location.href=t.value))}},d.addEventListener(\"message\",d.wp.receiveEmbedMessage,!1),l.addEventListener(\"DOMContentLoaded\",function(){for(var e,t,s=l.querySelectorAll(\"iframe.wp-embedded-content\"),r=0;r<s.length;r++)(t=(e=s[r]).getAttribute(\"data-secret\"))||(t=Math.random().toString(36).substring(2,12),e.src+=\"#?secret=\"+t,e.setAttribute(\"data-secret\",t)),e.contentWindow.postMessage({message:\"ready\",secret:t},\"*\")},!1)))}(window,document);\n\/* ]]> *\/\n<\/script>\n","thumbnail_url":"https:\/\/legrandcontinent.eu\/fr\/wp-content\/uploads\/sites\/2\/2020\/11\/gc-cop26.jpg","thumbnail_width":1200,"thumbnail_height":693,"description":"Nous vous proposons un calendrier prospectif des \u00e9v\u00e9nements et tendances que nous allons suivre en 2021. Du 1er au 12 novembre 2021, la 26e conf\u00e9rence annuelle de l'ONU sur le climat, ou COP26, r\u00e9unira 200 chefs d\u2019\u00c9tat \u00e0 Glasgow."}

Nous vous proposons un calendrier prospectif des événements et tendances que nous allons suivre en 2021. Du 1er au 12 novembre 2021, la 26e conférence annuelle de l'ONU sur le climat, ou COP26, réunira 200 chefs d’État à Glasgow.
