{"version":"1.0","provider_name":"Le Grand Continent","provider_url":"https:\/\/legrandcontinent.eu\/fr","title":"\u00ab R\u00e9forme de l\u2019\u00c9tat \u00bb, l\u2019euph\u00e9misme des \u00e9lites paraguayennes | Le Grand Continent","type":"rich","width":600,"height":338,"html":"<blockquote class=\"wp-embedded-content\" data-secret=\"L9GKxE11nm\"><a href=\"https:\/\/legrandcontinent.eu\/fr\/2020\/06\/09\/reforme-de-letat-leuphemisme-des-elites-paraguayennes\/\">\u00ab&#160;R\u00e9forme de l\u2019\u00c9tat&#160;\u00bb, l\u2019euph\u00e9misme des \u00e9lites paraguayennes<\/a><\/blockquote><iframe sandbox=\"allow-scripts\" security=\"restricted\" src=\"https:\/\/legrandcontinent.eu\/fr\/2020\/06\/09\/reforme-de-letat-leuphemisme-des-elites-paraguayennes\/embed\/#?secret=L9GKxE11nm\" width=\"600\" height=\"338\" title=\"\u00ab\u00a0\u00ab&#160;R\u00e9forme de l\u2019\u00c9tat&#160;\u00bb, l\u2019euph\u00e9misme des \u00e9lites paraguayennes\u00a0\u00bb &#8212; Le Grand Continent\" data-secret=\"L9GKxE11nm\" frameborder=\"0\" marginwidth=\"0\" marginheight=\"0\" scrolling=\"no\" class=\"wp-embedded-content\"><\/iframe><script type=\"text\/javascript\">\n\/* <![CDATA[ *\/\n\/*! This file is auto-generated *\/\n!function(d,l){\"use strict\";l.querySelector&&d.addEventListener&&\"undefined\"!=typeof URL&&(d.wp=d.wp||{},d.wp.receiveEmbedMessage||(d.wp.receiveEmbedMessage=function(e){var t=e.data;if((t||t.secret||t.message||t.value)&&!\/[^a-zA-Z0-9]\/.test(t.secret)){for(var s,r,n,a=l.querySelectorAll('iframe[data-secret=\"'+t.secret+'\"]'),o=l.querySelectorAll('blockquote[data-secret=\"'+t.secret+'\"]'),c=new RegExp(\"^https?:$\",\"i\"),i=0;i<o.length;i++)o[i].style.display=\"none\";for(i=0;i<a.length;i++)s=a[i],e.source===s.contentWindow&&(s.removeAttribute(\"style\"),\"height\"===t.message?(1e3<(r=parseInt(t.value,10))?r=1e3:~~r<200&&(r=200),s.height=r):\"link\"===t.message&&(r=new URL(s.getAttribute(\"src\")),n=new URL(t.value),c.test(n.protocol))&&n.host===r.host&&l.activeElement===s&&(d.top.location.href=t.value))}},d.addEventListener(\"message\",d.wp.receiveEmbedMessage,!1),l.addEventListener(\"DOMContentLoaded\",function(){for(var e,t,s=l.querySelectorAll(\"iframe.wp-embedded-content\"),r=0;r<s.length;r++)(t=(e=s[r]).getAttribute(\"data-secret\"))||(t=Math.random().toString(36).substring(2,12),e.src+=\"#?secret=\"+t,e.setAttribute(\"data-secret\",t)),e.contentWindow.postMessage({message:\"ready\",secret:t},\"*\")},!1)))}(window,document);\n\/* ]]> *\/\n<\/script>\n","thumbnail_url":"https:\/\/legrandcontinent.eu\/fr\/wp-content\/uploads\/sites\/2\/2020\/06\/GC-template-share-1-10.jpg","thumbnail_width":1200,"thumbnail_height":693,"description":"Que ce soit de la part du gouvernement de Mario Abdo, ou de certains partis de droite et organisations patronales, la r\u00e9forme de l'\u00c9tat \u00e0 venir semble \u00eatre un euph\u00e9misme pour faire allusion \u00e0 une initiative n\u00e9olib\u00e9rale du XIXe si\u00e8cle dont l\u2019objectif est d\u2019approfondir la \u00ab&#160;captation de l\u2019\u00c9tat&#160;\u00bb d\u00e9j\u00e0 en cours par les classes dominantes."}

« Réforme de l’État », l’euphémisme des élites paraguayennes | Le Grand Continent

<blockquote class="wp-embedded-content" data-secret="L9GKxE11nm"><a href="https://legrandcontinent.eu/fr/2020/06/09/reforme-de-letat-leuphemisme-des-elites-paraguayennes/">«&#160;Réforme de l’État&#160;», l’euphémisme des élites paraguayennes</a></blockquote><iframe sandbox="allow-scripts" security="restricted" src="https://legrandcontinent.eu/fr/2020/06/09/reforme-de-letat-leuphemisme-des-elites-paraguayennes/embed/#?secret=L9GKxE11nm" width="600" height="338" title="« «&#160;Réforme de l’État&#160;», l’euphémisme des élites paraguayennes » &#8212; Le Grand Continent" data-secret="L9GKxE11nm" frameborder="0" marginwidth="0" marginheight="0" scrolling="no" class="wp-embedded-content"></iframe><script type="text/javascript">
/* <![CDATA[ */
/*! This file is auto-generated */
!function(d,l){"use strict";l.querySelector&&d.addEventListener&&"undefined"!=typeof URL&&(d.wp=d.wp||{},d.wp.receiveEmbedMessage||(d.wp.receiveEmbedMessage=function(e){var t=e.data;if((t||t.secret||t.message||t.value)&&!/[^a-zA-Z0-9]/.test(t.secret)){for(var s,r,n,a=l.querySelectorAll('iframe[data-secret="'+t.secret+'"]'),o=l.querySelectorAll('blockquote[data-secret="'+t.secret+'"]'),c=new RegExp("^https?:$","i"),i=0;i<o.length;i++)o[i].style.display="none";for(i=0;i<a.length;i++)s=a[i],e.source===s.contentWindow&&(s.removeAttribute("style"),"height"===t.message?(1e3<(r=parseInt(t.value,10))?r=1e3:~~r<200&&(r=200),s.height=r):"link"===t.message&&(r=new URL(s.getAttribute("src")),n=new URL(t.value),c.test(n.protocol))&&n.host===r.host&&l.activeElement===s&&(d.top.location.href=t.value))}},d.addEventListener("message",d.wp.receiveEmbedMessage,!1),l.addEventListener("DOMContentLoaded",function(){for(var e,t,s=l.querySelectorAll("iframe.wp-embedded-content"),r=0;r<s.length;r++)(t=(e=s[r]).getAttribute("data-secret"))||(t=Math.random().toString(36).substring(2,12),e.src+="#?secret="+t,e.setAttribute("data-secret",t)),e.contentWindow.postMessage({message:"ready",secret:t},"*")},!1)))}(window,document);
/* ]]> */
</script>

Que ce soit de la part du gouvernement de Mario Abdo, ou de certains partis de droite et organisations patronales, la réforme de l'État à venir semble être un euphémisme pour faire allusion à une initiative néolibérale du XIXe siècle dont l’objectif est d’approfondir la «&#160;captation de l’État&#160;» déjà en cours par les classes dominantes.
