{"version":"1.0","provider_name":"Le Grand Continent","provider_url":"https:\/\/legrandcontinent.eu\/fr","title":"Santiago Abascal et l'internationalisme conservateur | Le Grand Continent","type":"rich","width":600,"height":338,"html":"<blockquote class=\"wp-embedded-content\" data-secret=\"iy6V2jztK9\"><a href=\"https:\/\/legrandcontinent.eu\/fr\/2020\/02\/09\/santiago-abascal-et-linternationalisme-conservateur\/\">Santiago Abascal et l&rsquo;internationalisme conservateur<\/a><\/blockquote><iframe sandbox=\"allow-scripts\" security=\"restricted\" src=\"https:\/\/legrandcontinent.eu\/fr\/2020\/02\/09\/santiago-abascal-et-linternationalisme-conservateur\/embed\/#?secret=iy6V2jztK9\" width=\"600\" height=\"338\" title=\"\u00ab\u00a0Santiago Abascal et l&rsquo;internationalisme conservateur\u00a0\u00bb &#8212; Le Grand Continent\" data-secret=\"iy6V2jztK9\" frameborder=\"0\" marginwidth=\"0\" marginheight=\"0\" scrolling=\"no\" class=\"wp-embedded-content\"><\/iframe><script type=\"text\/javascript\">\n\/* <![CDATA[ *\/\n\/*! This file is auto-generated *\/\n!function(d,l){\"use strict\";l.querySelector&&d.addEventListener&&\"undefined\"!=typeof URL&&(d.wp=d.wp||{},d.wp.receiveEmbedMessage||(d.wp.receiveEmbedMessage=function(e){var t=e.data;if((t||t.secret||t.message||t.value)&&!\/[^a-zA-Z0-9]\/.test(t.secret)){for(var s,r,n,a=l.querySelectorAll('iframe[data-secret=\"'+t.secret+'\"]'),o=l.querySelectorAll('blockquote[data-secret=\"'+t.secret+'\"]'),c=new RegExp(\"^https?:$\",\"i\"),i=0;i<o.length;i++)o[i].style.display=\"none\";for(i=0;i<a.length;i++)s=a[i],e.source===s.contentWindow&&(s.removeAttribute(\"style\"),\"height\"===t.message?(1e3<(r=parseInt(t.value,10))?r=1e3:~~r<200&&(r=200),s.height=r):\"link\"===t.message&&(r=new URL(s.getAttribute(\"src\")),n=new URL(t.value),c.test(n.protocol))&&n.host===r.host&&l.activeElement===s&&(d.top.location.href=t.value))}},d.addEventListener(\"message\",d.wp.receiveEmbedMessage,!1),l.addEventListener(\"DOMContentLoaded\",function(){for(var e,t,s=l.querySelectorAll(\"iframe.wp-embedded-content\"),r=0;r<s.length;r++)(t=(e=s[r]).getAttribute(\"data-secret\"))||(t=Math.random().toString(36).substring(2,12),e.src+=\"#?secret=\"+t,e.setAttribute(\"data-secret\",t)),e.contentWindow.postMessage({message:\"ready\",secret:t},\"*\")},!1)))}(window,document);\n\/* ]]> *\/\n<\/script>\n","description":"La conf\u00e9rence sur le conservatisme national, qui s'est tenue cette semaine \u00e0 Rome, a r\u00e9uni les dirigeants politiques les plus importants de la nouvelle droite nationaliste des deux c\u00f4t\u00e9s de l'Atlantique. La pr\u00e9sence de Santiago Abascal et est avant tout un geste symbolique pour amorcer un nouvel internationalisme et aligner Vox sur la carte internationale.","thumbnail_url":"https:\/\/legrandcontinent.eu\/fr\/wp-content\/uploads\/sites\/2\/2020\/02\/unnamed.png","thumbnail_width":1507,"thumbnail_height":1205}

La conférence sur le conservatisme national, qui s'est tenue cette semaine à Rome, a réuni les dirigeants politiques les plus importants de la nouvelle droite nationaliste des deux côtés de l'Atlantique. La présence de Santiago Abascal et est avant tout un geste symbolique pour amorcer un nouvel internationalisme et aligner Vox sur la carte internationale.
