{"version":"1.0","provider_name":"Le Grand Continent","provider_url":"https:\/\/legrandcontinent.eu\/fr","title":"La COP25 : une COP pr\u00e9liminaire avant 2020 ? | Le Grand Continent","type":"rich","width":600,"height":338,"html":"<blockquote class=\"wp-embedded-content\" data-secret=\"uLCkpSDvvT\"><a href=\"https:\/\/legrandcontinent.eu\/fr\/2019\/11\/28\/la-cop25-une-cop-preliminaire-avant-2020\/\">La COP25&#160;: une COP pr\u00e9liminaire avant 2020&#160;?<\/a><\/blockquote><iframe sandbox=\"allow-scripts\" security=\"restricted\" src=\"https:\/\/legrandcontinent.eu\/fr\/2019\/11\/28\/la-cop25-une-cop-preliminaire-avant-2020\/embed\/#?secret=uLCkpSDvvT\" width=\"600\" height=\"338\" title=\"\u00ab\u00a0La COP25&#160;: une COP pr\u00e9liminaire avant 2020&#160;?\u00a0\u00bb &#8212; Le Grand Continent\" data-secret=\"uLCkpSDvvT\" frameborder=\"0\" marginwidth=\"0\" marginheight=\"0\" scrolling=\"no\" class=\"wp-embedded-content\"><\/iframe><script type=\"text\/javascript\">\n\/* <![CDATA[ *\/\n\/*! This file is auto-generated *\/\n!function(d,l){\"use strict\";l.querySelector&&d.addEventListener&&\"undefined\"!=typeof URL&&(d.wp=d.wp||{},d.wp.receiveEmbedMessage||(d.wp.receiveEmbedMessage=function(e){var t=e.data;if((t||t.secret||t.message||t.value)&&!\/[^a-zA-Z0-9]\/.test(t.secret)){for(var s,r,n,a=l.querySelectorAll('iframe[data-secret=\"'+t.secret+'\"]'),o=l.querySelectorAll('blockquote[data-secret=\"'+t.secret+'\"]'),c=new RegExp(\"^https?:$\",\"i\"),i=0;i<o.length;i++)o[i].style.display=\"none\";for(i=0;i<a.length;i++)s=a[i],e.source===s.contentWindow&&(s.removeAttribute(\"style\"),\"height\"===t.message?(1e3<(r=parseInt(t.value,10))?r=1e3:~~r<200&&(r=200),s.height=r):\"link\"===t.message&&(r=new URL(s.getAttribute(\"src\")),n=new URL(t.value),c.test(n.protocol))&&n.host===r.host&&l.activeElement===s&&(d.top.location.href=t.value))}},d.addEventListener(\"message\",d.wp.receiveEmbedMessage,!1),l.addEventListener(\"DOMContentLoaded\",function(){for(var e,t,s=l.querySelectorAll(\"iframe.wp-embedded-content\"),r=0;r<s.length;r++)(t=(e=s[r]).getAttribute(\"data-secret\"))||(t=Math.random().toString(36).substring(2,12),e.src+=\"#?secret=\"+t,e.setAttribute(\"data-secret\",t)),e.contentWindow.postMessage({message:\"ready\",secret:t},\"*\")},!1)))}(window,document);\n\/* ]]> *\/\n<\/script>\n","thumbnail_url":"https:\/\/legrandcontinent.eu\/fr\/wp-content\/uploads\/sites\/2\/2019\/11\/pasted-image-0-1.png","thumbnail_width":1600,"thumbnail_height":1141,"description":"Apr\u00e8s le Sommet Action Climat de septembre 2019 qui a vu un tiers des Etats du monde s\u2019engager pour la neutralit\u00e9 carbone \u00e0 l\u2019horizon 2050, la Conf\u00e9rence des Parties (COP) en d\u00e9cembre \u00e0 Madrid va \u00eatre l\u2019occasion de prendre de nouveaux engagements dans la lign\u00e9e du bilan - maigre - de la COP24, et de pr\u00e9parer la COP de 2020, laquelle permettra de dresser un bilan des engagements pris par les Etats lors de l\u2019Accord de Paris de 2015. Dans ces n\u00e9gociations, l\u2019homog\u00e9n\u00e9it\u00e9 des positions des Etats de l\u2019Union europ\u00e9enne sera cruciale pour peser diplomatiquement."}

La COP25 : une COP préliminaire avant 2020 ? | Le Grand Continent

<blockquote class="wp-embedded-content" data-secret="uLCkpSDvvT"><a href="https://legrandcontinent.eu/fr/2019/11/28/la-cop25-une-cop-preliminaire-avant-2020/">La COP25&#160;: une COP préliminaire avant 2020&#160;?</a></blockquote><iframe sandbox="allow-scripts" security="restricted" src="https://legrandcontinent.eu/fr/2019/11/28/la-cop25-une-cop-preliminaire-avant-2020/embed/#?secret=uLCkpSDvvT" width="600" height="338" title="« La COP25&#160;: une COP préliminaire avant 2020&#160;? » &#8212; Le Grand Continent" data-secret="uLCkpSDvvT" frameborder="0" marginwidth="0" marginheight="0" scrolling="no" class="wp-embedded-content"></iframe><script type="text/javascript">
/* <![CDATA[ */
/*! This file is auto-generated */
!function(d,l){"use strict";l.querySelector&&d.addEventListener&&"undefined"!=typeof URL&&(d.wp=d.wp||{},d.wp.receiveEmbedMessage||(d.wp.receiveEmbedMessage=function(e){var t=e.data;if((t||t.secret||t.message||t.value)&&!/[^a-zA-Z0-9]/.test(t.secret)){for(var s,r,n,a=l.querySelectorAll('iframe[data-secret="'+t.secret+'"]'),o=l.querySelectorAll('blockquote[data-secret="'+t.secret+'"]'),c=new RegExp("^https?:$","i"),i=0;i<o.length;i++)o[i].style.display="none";for(i=0;i<a.length;i++)s=a[i],e.source===s.contentWindow&&(s.removeAttribute("style"),"height"===t.message?(1e3<(r=parseInt(t.value,10))?r=1e3:~~r<200&&(r=200),s.height=r):"link"===t.message&&(r=new URL(s.getAttribute("src")),n=new URL(t.value),c.test(n.protocol))&&n.host===r.host&&l.activeElement===s&&(d.top.location.href=t.value))}},d.addEventListener("message",d.wp.receiveEmbedMessage,!1),l.addEventListener("DOMContentLoaded",function(){for(var e,t,s=l.querySelectorAll("iframe.wp-embedded-content"),r=0;r<s.length;r++)(t=(e=s[r]).getAttribute("data-secret"))||(t=Math.random().toString(36).substring(2,12),e.src+="#?secret="+t,e.setAttribute("data-secret",t)),e.contentWindow.postMessage({message:"ready",secret:t},"*")},!1)))}(window,document);
/* ]]> */
</script>

Après le Sommet Action Climat de septembre 2019 qui a vu un tiers des Etats du monde s’engager pour la neutralité carbone à l’horizon 2050, la Conférence des Parties (COP) en décembre à Madrid va être l’occasion de prendre de nouveaux engagements dans la lignée du bilan - maigre - de la COP24, et de préparer la COP de 2020, laquelle permettra de dresser un bilan des engagements pris par les Etats lors de l’Accord de Paris de 2015. Dans ces négociations, l’homogénéité des positions des Etats de l’Union européenne sera cruciale pour peser diplomatiquement.
