{"version":"1.0","provider_name":"Le Grand Continent","provider_url":"https:\/\/legrandcontinent.eu\/fr","title":"Guerres priv\u00e9es\u00a0:\u00a0qui sont les \u00ab\u00a0gardiens\u00a0\u00bb en Afrique de l\u2019Ouest\u00a0? | Le Grand Continent","type":"rich","width":600,"height":338,"html":"<blockquote class=\"wp-embedded-content\" data-secret=\"QNO4YmkMU8\"><a href=\"https:\/\/legrandcontinent.eu\/fr\/2019\/04\/11\/securite-privee-et-gouvernance-en-afrique-de-louest\/\">Guerres priv\u00e9es&#160;:\u00a0qui sont les \u00ab&#160;gardiens&#160;\u00bb en Afrique de l\u2019Ouest&#160;?<\/a><\/blockquote><iframe sandbox=\"allow-scripts\" security=\"restricted\" src=\"https:\/\/legrandcontinent.eu\/fr\/2019\/04\/11\/securite-privee-et-gouvernance-en-afrique-de-louest\/embed\/#?secret=QNO4YmkMU8\" width=\"600\" height=\"338\" title=\"\u00ab\u00a0Guerres priv\u00e9es&#160;:\u00a0qui sont les \u00ab&#160;gardiens&#160;\u00bb en Afrique de l\u2019Ouest&#160;?\u00a0\u00bb &#8212; Le Grand Continent\" data-secret=\"QNO4YmkMU8\" frameborder=\"0\" marginwidth=\"0\" marginheight=\"0\" scrolling=\"no\" class=\"wp-embedded-content\"><\/iframe><script type=\"text\/javascript\">\n\/* <![CDATA[ *\/\n\/*! This file is auto-generated *\/\n!function(d,l){\"use strict\";l.querySelector&&d.addEventListener&&\"undefined\"!=typeof URL&&(d.wp=d.wp||{},d.wp.receiveEmbedMessage||(d.wp.receiveEmbedMessage=function(e){var t=e.data;if((t||t.secret||t.message||t.value)&&!\/[^a-zA-Z0-9]\/.test(t.secret)){for(var s,r,n,a=l.querySelectorAll('iframe[data-secret=\"'+t.secret+'\"]'),o=l.querySelectorAll('blockquote[data-secret=\"'+t.secret+'\"]'),c=new RegExp(\"^https?:$\",\"i\"),i=0;i<o.length;i++)o[i].style.display=\"none\";for(i=0;i<a.length;i++)s=a[i],e.source===s.contentWindow&&(s.removeAttribute(\"style\"),\"height\"===t.message?(1e3<(r=parseInt(t.value,10))?r=1e3:~~r<200&&(r=200),s.height=r):\"link\"===t.message&&(r=new URL(s.getAttribute(\"src\")),n=new URL(t.value),c.test(n.protocol))&&n.host===r.host&&l.activeElement===s&&(d.top.location.href=t.value))}},d.addEventListener(\"message\",d.wp.receiveEmbedMessage,!1),l.addEventListener(\"DOMContentLoaded\",function(){for(var e,t,s=l.querySelectorAll(\"iframe.wp-embedded-content\"),r=0;r<s.length;r++)(t=(e=s[r]).getAttribute(\"data-secret\"))||(t=Math.random().toString(36).substring(2,12),e.src+=\"#?secret=\"+t,e.setAttribute(\"data-secret\",t)),e.contentWindow.postMessage({message:\"ready\",secret:t},\"*\")},!1)))}(window,document);\n\/* ]]> *\/\n<\/script>\n","thumbnail_url":"https:\/\/legrandcontinent.eu\/fr\/wp-content\/uploads\/sites\/2\/2019\/04\/Bad-war-1.jpg","thumbnail_width":1409,"thumbnail_height":920,"description":"Si la mobilisation de forces priv\u00e9es dans des situations de crise peut \u00eatre justifi\u00e9e par \u00ab&#160;l\u2019exception&#160;\u00bb de la p\u00e9riode, que dire alors des agents de surveillance humaine, gardiens, vigiles et autres \u00e9l\u00e9ments de s\u00e9curit\u00e9 priv\u00e9e agissants sous nos yeux, ordinairement, sans que personne n\u2019y trouve \u00e0 redire&#160;?"}

Guerres privées : qui sont les « gardiens » en Afrique de l’Ouest ? | Le Grand Continent

<blockquote class="wp-embedded-content" data-secret="QNO4YmkMU8"><a href="https://legrandcontinent.eu/fr/2019/04/11/securite-privee-et-gouvernance-en-afrique-de-louest/">Guerres privées&#160;: qui sont les «&#160;gardiens&#160;» en Afrique de l’Ouest&#160;?</a></blockquote><iframe sandbox="allow-scripts" security="restricted" src="https://legrandcontinent.eu/fr/2019/04/11/securite-privee-et-gouvernance-en-afrique-de-louest/embed/#?secret=QNO4YmkMU8" width="600" height="338" title="« Guerres privées&#160;: qui sont les «&#160;gardiens&#160;» en Afrique de l’Ouest&#160;? » &#8212; Le Grand Continent" data-secret="QNO4YmkMU8" frameborder="0" marginwidth="0" marginheight="0" scrolling="no" class="wp-embedded-content"></iframe><script type="text/javascript">
/* <![CDATA[ */
/*! This file is auto-generated */
!function(d,l){"use strict";l.querySelector&&d.addEventListener&&"undefined"!=typeof URL&&(d.wp=d.wp||{},d.wp.receiveEmbedMessage||(d.wp.receiveEmbedMessage=function(e){var t=e.data;if((t||t.secret||t.message||t.value)&&!/[^a-zA-Z0-9]/.test(t.secret)){for(var s,r,n,a=l.querySelectorAll('iframe[data-secret="'+t.secret+'"]'),o=l.querySelectorAll('blockquote[data-secret="'+t.secret+'"]'),c=new RegExp("^https?:$","i"),i=0;i<o.length;i++)o[i].style.display="none";for(i=0;i<a.length;i++)s=a[i],e.source===s.contentWindow&&(s.removeAttribute("style"),"height"===t.message?(1e3<(r=parseInt(t.value,10))?r=1e3:~~r<200&&(r=200),s.height=r):"link"===t.message&&(r=new URL(s.getAttribute("src")),n=new URL(t.value),c.test(n.protocol))&&n.host===r.host&&l.activeElement===s&&(d.top.location.href=t.value))}},d.addEventListener("message",d.wp.receiveEmbedMessage,!1),l.addEventListener("DOMContentLoaded",function(){for(var e,t,s=l.querySelectorAll("iframe.wp-embedded-content"),r=0;r<s.length;r++)(t=(e=s[r]).getAttribute("data-secret"))||(t=Math.random().toString(36).substring(2,12),e.src+="#?secret="+t,e.setAttribute("data-secret",t)),e.contentWindow.postMessage({message:"ready",secret:t},"*")},!1)))}(window,document);
/* ]]> */
</script>

Si la mobilisation de forces privées dans des situations de crise peut être justifiée par «&#160;l’exception&#160;» de la période, que dire alors des agents de surveillance humaine, gardiens, vigiles et autres éléments de sécurité privée agissants sous nos yeux, ordinairement, sans que personne n’y trouve à redire&#160;?
