{"version":"1.0","provider_name":"Le Grand Continent","provider_url":"https:\/\/legrandcontinent.eu\/fr","title":"Le mouvement Fridays For Future en Europe | Le Grand Continent","type":"rich","width":600,"height":338,"html":"<blockquote class=\"wp-embedded-content\" data-secret=\"DYnxih97OE\"><a href=\"https:\/\/legrandcontinent.eu\/fr\/2019\/03\/17\/le-mouvement-fridays-for-future-en-europe\/\">Le mouvement Fridays For Future en Europe<\/a><\/blockquote><iframe sandbox=\"allow-scripts\" security=\"restricted\" src=\"https:\/\/legrandcontinent.eu\/fr\/2019\/03\/17\/le-mouvement-fridays-for-future-en-europe\/embed\/#?secret=DYnxih97OE\" width=\"600\" height=\"338\" title=\"\u00ab\u00a0Le mouvement Fridays For Future en Europe\u00a0\u00bb &#8212; Le Grand Continent\" data-secret=\"DYnxih97OE\" frameborder=\"0\" marginwidth=\"0\" marginheight=\"0\" scrolling=\"no\" class=\"wp-embedded-content\"><\/iframe><script type=\"text\/javascript\">\n\/* <![CDATA[ *\/\n\/*! This file is auto-generated *\/\n!function(d,l){\"use strict\";l.querySelector&&d.addEventListener&&\"undefined\"!=typeof URL&&(d.wp=d.wp||{},d.wp.receiveEmbedMessage||(d.wp.receiveEmbedMessage=function(e){var t=e.data;if((t||t.secret||t.message||t.value)&&!\/[^a-zA-Z0-9]\/.test(t.secret)){for(var s,r,n,a=l.querySelectorAll('iframe[data-secret=\"'+t.secret+'\"]'),o=l.querySelectorAll('blockquote[data-secret=\"'+t.secret+'\"]'),c=new RegExp(\"^https?:$\",\"i\"),i=0;i<o.length;i++)o[i].style.display=\"none\";for(i=0;i<a.length;i++)s=a[i],e.source===s.contentWindow&&(s.removeAttribute(\"style\"),\"height\"===t.message?(1e3<(r=parseInt(t.value,10))?r=1e3:~~r<200&&(r=200),s.height=r):\"link\"===t.message&&(r=new URL(s.getAttribute(\"src\")),n=new URL(t.value),c.test(n.protocol))&&n.host===r.host&&l.activeElement===s&&(d.top.location.href=t.value))}},d.addEventListener(\"message\",d.wp.receiveEmbedMessage,!1),l.addEventListener(\"DOMContentLoaded\",function(){for(var e,t,s=l.querySelectorAll(\"iframe.wp-embedded-content\"),r=0;r<s.length;r++)(t=(e=s[r]).getAttribute(\"data-secret\"))||(t=Math.random().toString(36).substring(2,12),e.src+=\"#?secret=\"+t,e.setAttribute(\"data-secret\",t)),e.contentWindow.postMessage({message:\"ready\",secret:t},\"*\")},!1)))}(window,document);\n\/* ]]> *\/\n<\/script>\n","description":"Vendredi 15 mars, les \u00e9tudiants europ\u00e9ens ont manifest\u00e9 leur m\u00e9contentement face au changement climatique. Comme dans plus de 120 pays dans le monde, pr\u00e8s de 10 000 \u00e9tudiants ont march\u00e9 dans les rues de la capitale irlandaise jusqu\u2019\u00e0 arriver devant le Parlement, Leinster House, en demandant un changement imm\u00e9diat dans la politique nationale."}

Vendredi 15 mars, les étudiants européens ont manifesté leur mécontentement face au changement climatique. Comme dans plus de 120 pays dans le monde, près de 10 000 étudiants ont marché dans les rues de la capitale irlandaise jusqu’à arriver devant le Parlement, Leinster House, en demandant un changement immédiat dans la politique nationale.
