{"version":"1.0","provider_name":"Le Grand Continent","provider_url":"https:\/\/legrandcontinent.eu\/fr","title":"Mod\u00e8les d\u2019arm\u00e9es : temps de crise ou de guerre ?  | Le Grand Continent","type":"rich","width":600,"height":338,"html":"<blockquote class=\"wp-embedded-content\" data-secret=\"Bzv7BHhIPt\"><a href=\"https:\/\/legrandcontinent.eu\/fr\/2018\/11\/25\/modeles-darmees-temps-de-crise-ou-de-guerre\/\">Mod\u00e8les d\u2019arm\u00e9es&#160;: temps de crise ou de guerre&#160;?<\/a><\/blockquote><iframe sandbox=\"allow-scripts\" security=\"restricted\" src=\"https:\/\/legrandcontinent.eu\/fr\/2018\/11\/25\/modeles-darmees-temps-de-crise-ou-de-guerre\/embed\/#?secret=Bzv7BHhIPt\" width=\"600\" height=\"338\" title=\"\u00ab\u00a0Mod\u00e8les d\u2019arm\u00e9es&#160;: temps de crise ou de guerre&#160;?\u00a0\u00bb &#8212; Le Grand Continent\" data-secret=\"Bzv7BHhIPt\" frameborder=\"0\" marginwidth=\"0\" marginheight=\"0\" scrolling=\"no\" class=\"wp-embedded-content\"><\/iframe><script type=\"text\/javascript\">\n\/* <![CDATA[ *\/\n\/*! This file is auto-generated *\/\n!function(d,l){\"use strict\";l.querySelector&&d.addEventListener&&\"undefined\"!=typeof URL&&(d.wp=d.wp||{},d.wp.receiveEmbedMessage||(d.wp.receiveEmbedMessage=function(e){var t=e.data;if((t||t.secret||t.message||t.value)&&!\/[^a-zA-Z0-9]\/.test(t.secret)){for(var s,r,n,a=l.querySelectorAll('iframe[data-secret=\"'+t.secret+'\"]'),o=l.querySelectorAll('blockquote[data-secret=\"'+t.secret+'\"]'),c=new RegExp(\"^https?:$\",\"i\"),i=0;i<o.length;i++)o[i].style.display=\"none\";for(i=0;i<a.length;i++)s=a[i],e.source===s.contentWindow&&(s.removeAttribute(\"style\"),\"height\"===t.message?(1e3<(r=parseInt(t.value,10))?r=1e3:~~r<200&&(r=200),s.height=r):\"link\"===t.message&&(r=new URL(s.getAttribute(\"src\")),n=new URL(t.value),c.test(n.protocol))&&n.host===r.host&&l.activeElement===s&&(d.top.location.href=t.value))}},d.addEventListener(\"message\",d.wp.receiveEmbedMessage,!1),l.addEventListener(\"DOMContentLoaded\",function(){for(var e,t,s=l.querySelectorAll(\"iframe.wp-embedded-content\"),r=0;r<s.length;r++)(t=(e=s[r]).getAttribute(\"data-secret\"))||(t=Math.random().toString(36).substring(2,12),e.src+=\"#?secret=\"+t,e.setAttribute(\"data-secret\",t)),e.contentWindow.postMessage({message:\"ready\",secret:t},\"*\")},!1)))}(window,document);\n\/* ]]> *\/\n<\/script>\n","description":"Les r\u00e9centes d\u00e9clarations de responsables militaires fran\u00e7ais sur les scenarii auxquels l\u2019arm\u00e9e fran\u00e7aise pourrait faire face, ainsi que des indices qui se pr\u00e9cisent sur une r\u00e9duction de l\u2019effort am\u00e9ricain en Afrique, ont sembl\u00e9 annoncer une acc\u00e9l\u00e9ration de la bascule du point focal des strat\u00e9gies de D\u00e9fense occidentales, des conflits asym\u00e9triques vers le retour de la perspective de conflits de haute intensit\u00e9."}

Modèles d’armées : temps de crise ou de guerre ?  | Le Grand Continent

<blockquote class="wp-embedded-content" data-secret="Bzv7BHhIPt"><a href="https://legrandcontinent.eu/fr/2018/11/25/modeles-darmees-temps-de-crise-ou-de-guerre/">Modèles d’armées&#160;: temps de crise ou de guerre&#160;?</a></blockquote><iframe sandbox="allow-scripts" security="restricted" src="https://legrandcontinent.eu/fr/2018/11/25/modeles-darmees-temps-de-crise-ou-de-guerre/embed/#?secret=Bzv7BHhIPt" width="600" height="338" title="« Modèles d’armées&#160;: temps de crise ou de guerre&#160;? » &#8212; Le Grand Continent" data-secret="Bzv7BHhIPt" frameborder="0" marginwidth="0" marginheight="0" scrolling="no" class="wp-embedded-content"></iframe><script type="text/javascript">
/* <![CDATA[ */
/*! This file is auto-generated */
!function(d,l){"use strict";l.querySelector&&d.addEventListener&&"undefined"!=typeof URL&&(d.wp=d.wp||{},d.wp.receiveEmbedMessage||(d.wp.receiveEmbedMessage=function(e){var t=e.data;if((t||t.secret||t.message||t.value)&&!/[^a-zA-Z0-9]/.test(t.secret)){for(var s,r,n,a=l.querySelectorAll('iframe[data-secret="'+t.secret+'"]'),o=l.querySelectorAll('blockquote[data-secret="'+t.secret+'"]'),c=new RegExp("^https?:$","i"),i=0;i<o.length;i++)o[i].style.display="none";for(i=0;i<a.length;i++)s=a[i],e.source===s.contentWindow&&(s.removeAttribute("style"),"height"===t.message?(1e3<(r=parseInt(t.value,10))?r=1e3:~~r<200&&(r=200),s.height=r):"link"===t.message&&(r=new URL(s.getAttribute("src")),n=new URL(t.value),c.test(n.protocol))&&n.host===r.host&&l.activeElement===s&&(d.top.location.href=t.value))}},d.addEventListener("message",d.wp.receiveEmbedMessage,!1),l.addEventListener("DOMContentLoaded",function(){for(var e,t,s=l.querySelectorAll("iframe.wp-embedded-content"),r=0;r<s.length;r++)(t=(e=s[r]).getAttribute("data-secret"))||(t=Math.random().toString(36).substring(2,12),e.src+="#?secret="+t,e.setAttribute("data-secret",t)),e.contentWindow.postMessage({message:"ready",secret:t},"*")},!1)))}(window,document);
/* ]]> */
</script>

Les récentes déclarations de responsables militaires français sur les scenarii auxquels l’armée française pourrait faire face, ainsi que des indices qui se précisent sur une réduction de l’effort américain en Afrique, ont semblé annoncer une accélération de la bascule du point focal des stratégies de Défense occidentales, des conflits asymétriques vers le retour de la perspective de conflits de haute intensité.
