{"version":"1.0","provider_name":"Le Grand Continent","provider_url":"https:\/\/legrandcontinent.eu\/fr","title":"Frans Timmermans et la souverainet\u00e9 dans le d\u00e9sert | Le Grand Continent","type":"rich","width":600,"height":338,"html":"<blockquote class=\"wp-embedded-content\" data-secret=\"YvJtqijlxt\"><a href=\"https:\/\/legrandcontinent.eu\/fr\/2018\/10\/14\/frans-timmermans-et-la-souverainete-dans-le-desert\/\">Frans Timmermans et la souverainet\u00e9 dans le d\u00e9sert<\/a><\/blockquote><iframe sandbox=\"allow-scripts\" security=\"restricted\" src=\"https:\/\/legrandcontinent.eu\/fr\/2018\/10\/14\/frans-timmermans-et-la-souverainete-dans-le-desert\/embed\/#?secret=YvJtqijlxt\" width=\"600\" height=\"338\" title=\"\u00ab\u00a0Frans Timmermans et la souverainet\u00e9 dans le d\u00e9sert\u00a0\u00bb &#8212; Le Grand Continent\" data-secret=\"YvJtqijlxt\" frameborder=\"0\" marginwidth=\"0\" marginheight=\"0\" scrolling=\"no\" class=\"wp-embedded-content\"><\/iframe><script type=\"text\/javascript\">\n\/* <![CDATA[ *\/\n\/*! This file is auto-generated *\/\n!function(d,l){\"use strict\";l.querySelector&&d.addEventListener&&\"undefined\"!=typeof URL&&(d.wp=d.wp||{},d.wp.receiveEmbedMessage||(d.wp.receiveEmbedMessage=function(e){var t=e.data;if((t||t.secret||t.message||t.value)&&!\/[^a-zA-Z0-9]\/.test(t.secret)){for(var s,r,n,a=l.querySelectorAll('iframe[data-secret=\"'+t.secret+'\"]'),o=l.querySelectorAll('blockquote[data-secret=\"'+t.secret+'\"]'),c=new RegExp(\"^https?:$\",\"i\"),i=0;i<o.length;i++)o[i].style.display=\"none\";for(i=0;i<a.length;i++)s=a[i],e.source===s.contentWindow&&(s.removeAttribute(\"style\"),\"height\"===t.message?(1e3<(r=parseInt(t.value,10))?r=1e3:~~r<200&&(r=200),s.height=r):\"link\"===t.message&&(r=new URL(s.getAttribute(\"src\")),n=new URL(t.value),c.test(n.protocol))&&n.host===r.host&&l.activeElement===s&&(d.top.location.href=t.value))}},d.addEventListener(\"message\",d.wp.receiveEmbedMessage,!1),l.addEventListener(\"DOMContentLoaded\",function(){for(var e,t,s=l.querySelectorAll(\"iframe.wp-embedded-content\"),r=0;r<s.length;r++)(t=(e=s[r]).getAttribute(\"data-secret\"))||(t=Math.random().toString(36).substring(2,12),e.src+=\"#?secret=\"+t,e.setAttribute(\"data-secret\",t)),e.contentWindow.postMessage({message:\"ready\",secret:t},\"*\")},!1)))}(window,document);\n\/* ]]> *\/\n<\/script>\n","description":"La candidature de l\u2019actuel premier vice-pr\u00e9sident de la Commission europ\u00e9enne comme Spitzenkandidat de l\u2019S&amp;D aux prochaines \u00e9lections europ\u00e9ennes ajoute un autre nom de poids dans la course vers le Berlaymont. Si la faiblesse de la social d\u00e9mocratie europ\u00e9enne rend tr\u00e8s difficile sa victoire, Timmermans pourrait voir sa position renforc\u00e9e par le soutien des leaders politiques importants."}

Frans Timmermans et la souveraineté dans le désert | Le Grand Continent

<blockquote class="wp-embedded-content" data-secret="YvJtqijlxt"><a href="https://legrandcontinent.eu/fr/2018/10/14/frans-timmermans-et-la-souverainete-dans-le-desert/">Frans Timmermans et la souveraineté dans le désert</a></blockquote><iframe sandbox="allow-scripts" security="restricted" src="https://legrandcontinent.eu/fr/2018/10/14/frans-timmermans-et-la-souverainete-dans-le-desert/embed/#?secret=YvJtqijlxt" width="600" height="338" title="« Frans Timmermans et la souveraineté dans le désert » &#8212; Le Grand Continent" data-secret="YvJtqijlxt" frameborder="0" marginwidth="0" marginheight="0" scrolling="no" class="wp-embedded-content"></iframe><script type="text/javascript">
/* <![CDATA[ */
/*! This file is auto-generated */
!function(d,l){"use strict";l.querySelector&&d.addEventListener&&"undefined"!=typeof URL&&(d.wp=d.wp||{},d.wp.receiveEmbedMessage||(d.wp.receiveEmbedMessage=function(e){var t=e.data;if((t||t.secret||t.message||t.value)&&!/[^a-zA-Z0-9]/.test(t.secret)){for(var s,r,n,a=l.querySelectorAll('iframe[data-secret="'+t.secret+'"]'),o=l.querySelectorAll('blockquote[data-secret="'+t.secret+'"]'),c=new RegExp("^https?:$","i"),i=0;i<o.length;i++)o[i].style.display="none";for(i=0;i<a.length;i++)s=a[i],e.source===s.contentWindow&&(s.removeAttribute("style"),"height"===t.message?(1e3<(r=parseInt(t.value,10))?r=1e3:~~r<200&&(r=200),s.height=r):"link"===t.message&&(r=new URL(s.getAttribute("src")),n=new URL(t.value),c.test(n.protocol))&&n.host===r.host&&l.activeElement===s&&(d.top.location.href=t.value))}},d.addEventListener("message",d.wp.receiveEmbedMessage,!1),l.addEventListener("DOMContentLoaded",function(){for(var e,t,s=l.querySelectorAll("iframe.wp-embedded-content"),r=0;r<s.length;r++)(t=(e=s[r]).getAttribute("data-secret"))||(t=Math.random().toString(36).substring(2,12),e.src+="#?secret="+t,e.setAttribute("data-secret",t)),e.contentWindow.postMessage({message:"ready",secret:t},"*")},!1)))}(window,document);
/* ]]> */
</script>

La candidature de l’actuel premier vice-président de la Commission européenne comme Spitzenkandidat de l’S&amp;D aux prochaines élections européennes ajoute un autre nom de poids dans la course vers le Berlaymont. Si la faiblesse de la social démocratie européenne rend très difficile sa victoire, Timmermans pourrait voir sa position renforcée par le soutien des leaders politiques importants.
