{"version":"1.0","provider_name":"Le Grand Continent","provider_url":"https:\/\/legrandcontinent.eu\/fr","title":"\u00ab La Turquie sort de l\u2019Europe avant m\u00eame d\u2019y \u00eatre entr\u00e9e ! \u00bb, une conversation avec Olivier Roy | Le Grand Continent","type":"rich","width":600,"height":338,"html":"<blockquote class=\"wp-embedded-content\" data-secret=\"Xx4rfsUWyl\"><a href=\"https:\/\/legrandcontinent.eu\/fr\/2017\/04\/17\/nous-avons-rencontre-olivier-roy\/\">\u00ab&#160;La Turquie sort de l\u2019Europe avant m\u00eame d\u2019y \u00eatre entr\u00e9e&#160;!&#160;\u00bb, une conversation avec Olivier Roy<\/a><\/blockquote><iframe sandbox=\"allow-scripts\" security=\"restricted\" src=\"https:\/\/legrandcontinent.eu\/fr\/2017\/04\/17\/nous-avons-rencontre-olivier-roy\/embed\/#?secret=Xx4rfsUWyl\" width=\"600\" height=\"338\" title=\"\u00ab\u00a0\u00ab&#160;La Turquie sort de l\u2019Europe avant m\u00eame d\u2019y \u00eatre entr\u00e9e&#160;!&#160;\u00bb, une conversation avec Olivier Roy\u00a0\u00bb &#8212; Le Grand Continent\" data-secret=\"Xx4rfsUWyl\" frameborder=\"0\" marginwidth=\"0\" marginheight=\"0\" scrolling=\"no\" class=\"wp-embedded-content\"><\/iframe><script type=\"text\/javascript\">\n\/* <![CDATA[ *\/\n\/*! This file is auto-generated *\/\n!function(d,l){\"use strict\";l.querySelector&&d.addEventListener&&\"undefined\"!=typeof URL&&(d.wp=d.wp||{},d.wp.receiveEmbedMessage||(d.wp.receiveEmbedMessage=function(e){var t=e.data;if((t||t.secret||t.message||t.value)&&!\/[^a-zA-Z0-9]\/.test(t.secret)){for(var s,r,n,a=l.querySelectorAll('iframe[data-secret=\"'+t.secret+'\"]'),o=l.querySelectorAll('blockquote[data-secret=\"'+t.secret+'\"]'),c=new RegExp(\"^https?:$\",\"i\"),i=0;i<o.length;i++)o[i].style.display=\"none\";for(i=0;i<a.length;i++)s=a[i],e.source===s.contentWindow&&(s.removeAttribute(\"style\"),\"height\"===t.message?(1e3<(r=parseInt(t.value,10))?r=1e3:~~r<200&&(r=200),s.height=r):\"link\"===t.message&&(r=new URL(s.getAttribute(\"src\")),n=new URL(t.value),c.test(n.protocol))&&n.host===r.host&&l.activeElement===s&&(d.top.location.href=t.value))}},d.addEventListener(\"message\",d.wp.receiveEmbedMessage,!1),l.addEventListener(\"DOMContentLoaded\",function(){for(var e,t,s=l.querySelectorAll(\"iframe.wp-embedded-content\"),r=0;r<s.length;r++)(t=(e=s[r]).getAttribute(\"data-secret\"))||(t=Math.random().toString(36).substring(2,12),e.src+=\"#?secret=\"+t,e.setAttribute(\"data-secret\",t)),e.contentWindow.postMessage({message:\"ready\",secret:t},\"*\")},!1)))}(window,document);\n\/* ]]> *\/\n<\/script>\n","thumbnail_url":"https:\/\/legrandcontinent.eu\/fr\/wp-content\/uploads\/sites\/2\/2017\/11\/olivier-roy_5139213.jpg","thumbnail_width":1520,"thumbnail_height":855,"description":"Olivier Roy nous explique l'\u00e9volution des rapports de force entre la Erdogan, la diaspora turque, et les Kurdes \u00e0 la veille du r\u00e9f\u00e9rendum. Puis analyse l'\u00e9volution du vote catholique en France. Enfin, il constate un refoul\u00e9 g\u00e9opolitique europ\u00e9en&#160;: la M\u00e9diterran\u00e9e."}

« La Turquie sort de l’Europe avant même d’y être entrée ! », une conversation avec Olivier Roy | Le Grand Continent

<blockquote class="wp-embedded-content" data-secret="Xx4rfsUWyl"><a href="https://legrandcontinent.eu/fr/2017/04/17/nous-avons-rencontre-olivier-roy/">«&#160;La Turquie sort de l’Europe avant même d’y être entrée&#160;!&#160;», une conversation avec Olivier Roy</a></blockquote><iframe sandbox="allow-scripts" security="restricted" src="https://legrandcontinent.eu/fr/2017/04/17/nous-avons-rencontre-olivier-roy/embed/#?secret=Xx4rfsUWyl" width="600" height="338" title="« «&#160;La Turquie sort de l’Europe avant même d’y être entrée&#160;!&#160;», une conversation avec Olivier Roy » &#8212; Le Grand Continent" data-secret="Xx4rfsUWyl" frameborder="0" marginwidth="0" marginheight="0" scrolling="no" class="wp-embedded-content"></iframe><script type="text/javascript">
/* <![CDATA[ */
/*! This file is auto-generated */
!function(d,l){"use strict";l.querySelector&&d.addEventListener&&"undefined"!=typeof URL&&(d.wp=d.wp||{},d.wp.receiveEmbedMessage||(d.wp.receiveEmbedMessage=function(e){var t=e.data;if((t||t.secret||t.message||t.value)&&!/[^a-zA-Z0-9]/.test(t.secret)){for(var s,r,n,a=l.querySelectorAll('iframe[data-secret="'+t.secret+'"]'),o=l.querySelectorAll('blockquote[data-secret="'+t.secret+'"]'),c=new RegExp("^https?:$","i"),i=0;i<o.length;i++)o[i].style.display="none";for(i=0;i<a.length;i++)s=a[i],e.source===s.contentWindow&&(s.removeAttribute("style"),"height"===t.message?(1e3<(r=parseInt(t.value,10))?r=1e3:~~r<200&&(r=200),s.height=r):"link"===t.message&&(r=new URL(s.getAttribute("src")),n=new URL(t.value),c.test(n.protocol))&&n.host===r.host&&l.activeElement===s&&(d.top.location.href=t.value))}},d.addEventListener("message",d.wp.receiveEmbedMessage,!1),l.addEventListener("DOMContentLoaded",function(){for(var e,t,s=l.querySelectorAll("iframe.wp-embedded-content"),r=0;r<s.length;r++)(t=(e=s[r]).getAttribute("data-secret"))||(t=Math.random().toString(36).substring(2,12),e.src+="#?secret="+t,e.setAttribute("data-secret",t)),e.contentWindow.postMessage({message:"ready",secret:t},"*")},!1)))}(window,document);
/* ]]> */
</script>

Olivier Roy nous explique l'évolution des rapports de force entre la Erdogan, la diaspora turque, et les Kurdes à la veille du référendum. Puis analyse l'évolution du vote catholique en France. Enfin, il constate un refoulé géopolitique européen&#160;: la Méditerranée.
