{"id":97539,"date":"2026-04-28T06:30:00","date_gmt":"2026-04-28T04:30:00","guid":{"rendered":"https:\/\/legrandcontinent.eu\/fr\/?post_type=event&#038;p=330086"},"modified":"2026-04-28T06:35:13","modified_gmt":"2026-04-28T04:35:13","slug":"amiral-vandier-transformation-guerre","status":"publish","type":"event","link":"https:\/\/legrandcontinent.eu\/es\/eventos\/amiral-vandier-transformation-guerre\/","title":{"rendered":"Sommes-nous toujours dans le d\u00e9ni de la guerre ?\u00a0"},"content":{"rendered":"\n<p>Dans une pi\u00e8ce de doctrine, \u00ab<a href=\"https:\/\/legrandcontinent.eu\/fr\/2026\/04\/28\/la-vitesse-est-la-matrice-de-la-nouvelle-puissance\/\">La vitesse est la nouvelle matrice de la puissance<\/a>\u00bb, l\u2019amiral Vandier, Commandant supr\u00eame alli\u00e9 Transformation de l&#8217;OTAN, consid\u00e8re que les arm\u00e9es et les soci\u00e9t\u00e9s de l\u2019Alliance atlantique sont confront\u00e9es \u00e0 un choix radical : \u00abTransformer ou d\u00e9crocher\u00bb.\u00a0<\/p>\n\n\n\n<p>Il d\u00e9crit une situation o\u00f9 les adversaires de l\u2019Otan \u00e9voluent plus rapidement que l\u2019Alliance et&nbsp; alerte sur les cons\u00e9quences d\u2019une stagnation : \u00abL&#8217;Histoire n&#8217;attend pas les organisations qui h\u00e9sitent. Elle ne pr\u00e9vient jamais. Elle constate, apr\u00e8s coup, quelles sont celles qui avaient su se transformer et celles qui ont disparu, annihil\u00e9es par la d\u00e9faite\u00bb.&nbsp;<\/p>\n\n\n\n<p>Pour \u00e9chapper \u00e0 cela, l\u2019amiral propose une m\u00e9thode : il faut apprendre plus vite que l\u2019adversaire.<\/p>\n\n\n\n<p>Avons-nous pris conscience, en Europe notamment, de l\u2019ampleur des transformations \u00e0 mener pour faire face aux guerres de demain ?&nbsp;<\/p>\n\n\n\n<p>Entrons-nous dans une \u00abblitz multidomaine\u00bb o\u00f9 l\u2019arri\u00e8re et les soci\u00e9t\u00e9s sont devenus des cibles, voire la cible principale ?&nbsp;<\/p>\n\n\n\n<p>Quels sont les obstacles \u2014mat\u00e9riels, politiques, \u00e9conomiques et psychologiques\u2014 qui emp\u00eachent de voir les ruptures strat\u00e9giques et d\u2019en tirer les cons\u00e9quences ?&nbsp;<\/p>\n\n\n\n<p>Quelle m\u00e9thode suivre \u00e0 pr\u00e9sent ?&nbsp;<\/p>\n\n\n\n<p>Afin de r\u00e9pondre \u00e0 ces questions, nous aurons le plaisir de recevoir :&nbsp;<\/p>\n\n\n\n<ul class=\"wp-block-list\">\n<li><a href=\"https:\/\/legrandcontinent.eu\/fr\/p\/stephane-audoin-rouzeau\/\">St\u00e9phane Audoin-Rouzeau<\/a>, directeur d\u2019\u00e9tudes \u00e0 l\u2019EHESS, auteur de <em>Notre d\u00e9ni de guerre <\/em>(Seuil, 2026) ;&nbsp;<\/li>\n\n\n\n<li><a href=\"https:\/\/legrandcontinent.eu\/fr\/p\/pierre-vandier\/\">amiral Pierre Vandier<\/a>, Commandant supr\u00eame alli\u00e9 Transformation de l&#8217;OTAN ;&nbsp;<\/li>\n\n\n\n<li><a href=\"https:\/\/legrandcontinent.eu\/fr\/p\/ulrike-franke\/\">Ulrike Franke<\/a>, <em>Senior Policy Fellow<\/em> au European Council on Foreign Relations.&nbsp;<\/li>\n<\/ul>\n\n\n\n<p>Comme tous les mardis du Grand Continent, cet \u00e9v\u00e9nement est ouvert \u00e0 toutes et \u00e0 tous, avec un certain nombre de places r\u00e9serv\u00e9es aux \u00e9tudiants et aux abonn\u00e9s, <a href=\"https:\/\/www.eventbrite.fr\/e\/billets-sommes-nous-toujours-dans-le-deni-de-la-guerre-1988349732575\">en cliquant ici<\/a>.<\/p>\n\n\n\n<p>Si vous souhaitez soutenir notre travail, vous pouvez <a href=\"https:\/\/legrandcontinent.eu\/fr\/offre-abonnement\/\">vous abonner ici<\/a>.<\/p>\n","protected":false},"author":11,"featured_media":97514,"template":"templates\/event-debate.php","categories":[],"event-type":[],"geo":[],"class_list":["post-97539","event","type-event","status-publish","hentry"],"acf":[],"yoast_head":"<!-- This site is optimized with the Yoast SEO plugin v26.1.1 - https:\/\/yoast.com\/wordpress\/plugins\/seo\/ -->\n<title>Sommes-nous toujours dans le d\u00e9ni de la guerre ?\u00a0 - El Grand Continent<\/title>\n<meta name=\"description\" content=\"Mardi du Grand Continent \u00e0 l&#039;\u00c9cole normale sup\u00e9rieure, avec St\u00e9phane Audoin-Rouzeau, Ulrike Franke et l&#039;amiral Pierre Vandier.\" \/>\n<meta name=\"robots\" content=\"index, follow, max-snippet:-1, max-image-preview:large, max-video-preview:-1\" \/>\n<link rel=\"canonical\" href=\"https:\/\/legrandcontinent.eu\/es\/eventos\/amiral-vandier-transformation-guerre\/\" \/>\n<meta property=\"og:locale\" content=\"es_ES\" \/>\n<meta property=\"og:type\" content=\"article\" \/>\n<meta property=\"og:title\" content=\"Sommes-nous toujours dans le d\u00e9ni de la guerre ?\u00a0 - El Grand Continent\" \/>\n<meta property=\"og:description\" content=\"Mardi du Grand Continent \u00e0 l&#039;\u00c9cole normale sup\u00e9rieure, avec St\u00e9phane Audoin-Rouzeau, Ulrike Franke et l&#039;amiral Pierre Vandier.\" \/>\n<meta property=\"og:url\" content=\"https:\/\/legrandcontinent.eu\/es\/eventos\/amiral-vandier-transformation-guerre\/\" \/>\n<meta property=\"og:site_name\" content=\"El Grand Continent\" \/>\n<meta property=\"article:modified_time\" content=\"2026-04-28T04:35:13+00:00\" \/>\n<meta name=\"twitter:card\" content=\"summary_large_image\" \/>\n<meta name=\"twitter:label1\" content=\"Tiempo de lectura\" \/>\n\t<meta name=\"twitter:data1\" content=\"2 minutos\" \/>\n<script type=\"application\/ld+json\" class=\"yoast-schema-graph\">{\"@context\":\"https:\/\/schema.org\",\"@graph\":[{\"@type\":\"WebPage\",\"@id\":\"https:\/\/legrandcontinent.eu\/es\/eventos\/amiral-vandier-transformation-guerre\/\",\"url\":\"https:\/\/legrandcontinent.eu\/es\/eventos\/amiral-vandier-transformation-guerre\/\",\"name\":\"Sommes-nous toujours dans le d\u00e9ni de la guerre ?\u00a0 - El Grand Continent\",\"isPartOf\":{\"@id\":\"https:\/\/legrandcontinent.eu\/es\/#website\"},\"primaryImageOfPage\":{\"@id\":\"https:\/\/legrandcontinent.eu\/es\/eventos\/amiral-vandier-transformation-guerre\/#primaryimage\"},\"image\":{\"@id\":\"https:\/\/legrandcontinent.eu\/es\/eventos\/amiral-vandier-transformation-guerre\/#primaryimage\"},\"thumbnailUrl\":\"https:\/\/legrandcontinent.eu\/es\/wp-content\/uploads\/sites\/2\/2026\/04\/Grand-Continent-Vitesse-matrice-de-la-puissance-bunker.png\",\"datePublished\":\"2026-04-28T04:30:00+00:00\",\"dateModified\":\"2026-04-28T04:35:13+00:00\",\"description\":\"Mardi du Grand Continent \u00e0 l'\u00c9cole normale sup\u00e9rieure, avec St\u00e9phane Audoin-Rouzeau, Ulrike Franke et l'amiral Pierre Vandier.\",\"breadcrumb\":{\"@id\":\"https:\/\/legrandcontinent.eu\/es\/eventos\/amiral-vandier-transformation-guerre\/#breadcrumb\"},\"inLanguage\":\"es\",\"potentialAction\":[{\"@type\":\"ReadAction\",\"target\":[\"https:\/\/legrandcontinent.eu\/es\/eventos\/amiral-vandier-transformation-guerre\/\"]}]},{\"@type\":\"ImageObject\",\"inLanguage\":\"es\",\"@id\":\"https:\/\/legrandcontinent.eu\/es\/eventos\/amiral-vandier-transformation-guerre\/#primaryimage\",\"url\":\"https:\/\/legrandcontinent.eu\/es\/wp-content\/uploads\/sites\/2\/2026\/04\/Grand-Continent-Vitesse-matrice-de-la-puissance-bunker.png\",\"contentUrl\":\"https:\/\/legrandcontinent.eu\/es\/wp-content\/uploads\/sites\/2\/2026\/04\/Grand-Continent-Vitesse-matrice-de-la-puissance-bunker.png\",\"width\":2048,\"height\":1296},{\"@type\":\"BreadcrumbList\",\"@id\":\"https:\/\/legrandcontinent.eu\/es\/eventos\/amiral-vandier-transformation-guerre\/#breadcrumb\",\"itemListElement\":[{\"@type\":\"ListItem\",\"position\":1,\"name\":\"Home\",\"item\":\"https:\/\/legrandcontinent.eu\/es\/\"},{\"@type\":\"ListItem\",\"position\":2,\"name\":\"Events\",\"item\":\"https:\/\/legrandcontinent.eu\/es\/events\/\"},{\"@type\":\"ListItem\",\"position\":3,\"name\":\"Sommes-nous toujours dans le d\u00e9ni de la guerre ?\u00a0\"}]},{\"@type\":\"WebSite\",\"@id\":\"https:\/\/legrandcontinent.eu\/es\/#website\",\"url\":\"https:\/\/legrandcontinent.eu\/es\/\",\"name\":\"El Grand Continent\",\"description\":\"La escala pertinente\",\"potentialAction\":[{\"@type\":\"SearchAction\",\"target\":{\"@type\":\"EntryPoint\",\"urlTemplate\":\"https:\/\/legrandcontinent.eu\/es\/?s={search_term_string}\"},\"query-input\":{\"@type\":\"PropertyValueSpecification\",\"valueRequired\":true,\"valueName\":\"search_term_string\"}}],\"inLanguage\":\"es\"}]}<\/script>\n<!-- \/ Yoast SEO plugin. -->","yoast_head_json":{"title":"Sommes-nous toujours dans le d\u00e9ni de la guerre ?\u00a0 - El Grand Continent","description":"Mardi du Grand Continent \u00e0 l'\u00c9cole normale sup\u00e9rieure, avec St\u00e9phane Audoin-Rouzeau, Ulrike Franke et l'amiral Pierre Vandier.","robots":{"index":"index","follow":"follow","max-snippet":"max-snippet:-1","max-image-preview":"max-image-preview:large","max-video-preview":"max-video-preview:-1"},"canonical":"https:\/\/legrandcontinent.eu\/es\/eventos\/amiral-vandier-transformation-guerre\/","og_locale":"es_ES","og_type":"article","og_title":"Sommes-nous toujours dans le d\u00e9ni de la guerre ?\u00a0 - El Grand Continent","og_description":"Mardi du Grand Continent \u00e0 l'\u00c9cole normale sup\u00e9rieure, avec St\u00e9phane Audoin-Rouzeau, Ulrike Franke et l'amiral Pierre Vandier.","og_url":"https:\/\/legrandcontinent.eu\/es\/eventos\/amiral-vandier-transformation-guerre\/","og_site_name":"El Grand Continent","article_modified_time":"2026-04-28T04:35:13+00:00","twitter_card":"summary_large_image","twitter_misc":{"Tiempo de lectura":"2 minutos"},"schema":{"@context":"https:\/\/schema.org","@graph":[{"@type":"WebPage","@id":"https:\/\/legrandcontinent.eu\/es\/eventos\/amiral-vandier-transformation-guerre\/","url":"https:\/\/legrandcontinent.eu\/es\/eventos\/amiral-vandier-transformation-guerre\/","name":"Sommes-nous toujours dans le d\u00e9ni de la guerre ?\u00a0 - El Grand Continent","isPartOf":{"@id":"https:\/\/legrandcontinent.eu\/es\/#website"},"primaryImageOfPage":{"@id":"https:\/\/legrandcontinent.eu\/es\/eventos\/amiral-vandier-transformation-guerre\/#primaryimage"},"image":{"@id":"https:\/\/legrandcontinent.eu\/es\/eventos\/amiral-vandier-transformation-guerre\/#primaryimage"},"thumbnailUrl":"https:\/\/legrandcontinent.eu\/es\/wp-content\/uploads\/sites\/2\/2026\/04\/Grand-Continent-Vitesse-matrice-de-la-puissance-bunker.png","datePublished":"2026-04-28T04:30:00+00:00","dateModified":"2026-04-28T04:35:13+00:00","description":"Mardi du Grand Continent \u00e0 l'\u00c9cole normale sup\u00e9rieure, avec St\u00e9phane Audoin-Rouzeau, Ulrike Franke et l'amiral Pierre Vandier.","breadcrumb":{"@id":"https:\/\/legrandcontinent.eu\/es\/eventos\/amiral-vandier-transformation-guerre\/#breadcrumb"},"inLanguage":"es","potentialAction":[{"@type":"ReadAction","target":["https:\/\/legrandcontinent.eu\/es\/eventos\/amiral-vandier-transformation-guerre\/"]}]},{"@type":"ImageObject","inLanguage":"es","@id":"https:\/\/legrandcontinent.eu\/es\/eventos\/amiral-vandier-transformation-guerre\/#primaryimage","url":"https:\/\/legrandcontinent.eu\/es\/wp-content\/uploads\/sites\/2\/2026\/04\/Grand-Continent-Vitesse-matrice-de-la-puissance-bunker.png","contentUrl":"https:\/\/legrandcontinent.eu\/es\/wp-content\/uploads\/sites\/2\/2026\/04\/Grand-Continent-Vitesse-matrice-de-la-puissance-bunker.png","width":2048,"height":1296},{"@type":"BreadcrumbList","@id":"https:\/\/legrandcontinent.eu\/es\/eventos\/amiral-vandier-transformation-guerre\/#breadcrumb","itemListElement":[{"@type":"ListItem","position":1,"name":"Home","item":"https:\/\/legrandcontinent.eu\/es\/"},{"@type":"ListItem","position":2,"name":"Events","item":"https:\/\/legrandcontinent.eu\/es\/events\/"},{"@type":"ListItem","position":3,"name":"Sommes-nous toujours dans le d\u00e9ni de la guerre ?\u00a0"}]},{"@type":"WebSite","@id":"https:\/\/legrandcontinent.eu\/es\/#website","url":"https:\/\/legrandcontinent.eu\/es\/","name":"El Grand Continent","description":"La escala pertinente","potentialAction":[{"@type":"SearchAction","target":{"@type":"EntryPoint","urlTemplate":"https:\/\/legrandcontinent.eu\/es\/?s={search_term_string}"},"query-input":{"@type":"PropertyValueSpecification","valueRequired":true,"valueName":"search_term_string"}}],"inLanguage":"es"}]}},"_links":{"self":[{"href":"https:\/\/legrandcontinent.eu\/es\/wp-json\/wp\/v2\/event\/97539","targetHints":{"allow":["GET"]}}],"collection":[{"href":"https:\/\/legrandcontinent.eu\/es\/wp-json\/wp\/v2\/event"}],"about":[{"href":"https:\/\/legrandcontinent.eu\/es\/wp-json\/wp\/v2\/types\/event"}],"author":[{"embeddable":true,"href":"https:\/\/legrandcontinent.eu\/es\/wp-json\/wp\/v2\/users\/11"}],"wp:featuredmedia":[{"embeddable":true,"href":"https:\/\/legrandcontinent.eu\/es\/wp-json\/wp\/v2\/media\/97514"}],"wp:attachment":[{"href":"https:\/\/legrandcontinent.eu\/es\/wp-json\/wp\/v2\/media?parent=97539"}],"wp:term":[{"taxonomy":"category","embeddable":true,"href":"https:\/\/legrandcontinent.eu\/es\/wp-json\/wp\/v2\/categories?post=97539"},{"taxonomy":"event-type","embeddable":true,"href":"https:\/\/legrandcontinent.eu\/es\/wp-json\/wp\/v2\/event-type?post=97539"},{"taxonomy":"geo","embeddable":true,"href":"https:\/\/legrandcontinent.eu\/es\/wp-json\/wp\/v2\/geo?post=97539"}],"curies":[{"name":"wp","href":"https:\/\/api.w.org\/{rel}","templated":true}]}}

Sommes-nous toujours dans le déni de la guerre ?

<p>Dans une pièce de doctrine, «<a href="https://legrandcontinent.eu/fr/2026/04/28/la-vitesse-est-la-matrice-de-la-nouvelle-puissance/">La vitesse est la nouvelle matrice de la puissance</a>», l’amiral Vandier, Commandant suprême allié Transformation de l&#8217;OTAN, considère que les armées et les sociétés de l’Alliance atlantique sont confrontées à un choix radical : «Transformer ou décrocher». </p>



<p>Il décrit une situation où les adversaires de l’Otan évoluent plus rapidement que l’Alliance et&nbsp; alerte sur les conséquences d’une stagnation : «L&#8217;Histoire n&#8217;attend pas les organisations qui hésitent. Elle ne prévient jamais. Elle constate, après coup, quelles sont celles qui avaient su se transformer et celles qui ont disparu, annihilées par la défaite».&nbsp;</p>



<p>Pour échapper à cela, l’amiral propose une méthode : il faut apprendre plus vite que l’adversaire.</p>



<p>Avons-nous pris conscience, en Europe notamment, de l’ampleur des transformations à mener pour faire face aux guerres de demain ?&nbsp;</p>



<p>Entrons-nous dans une «blitz multidomaine» où l’arrière et les sociétés sont devenus des cibles, voire la cible principale ?&nbsp;</p>



<p>Quels sont les obstacles —matériels, politiques, économiques et psychologiques— qui empêchent de voir les ruptures stratégiques et d’en tirer les conséquences ?&nbsp;</p>



<p>Quelle méthode suivre à présent ?&nbsp;</p>



<p>Afin de répondre à ces questions, nous aurons le plaisir de recevoir :&nbsp;</p>



<ul class="wp-block-list">
<li><a href="https://legrandcontinent.eu/fr/p/stephane-audoin-rouzeau/">Stéphane Audoin-Rouzeau</a>, directeur d’études à l’EHESS, auteur de <em>Notre déni de guerre </em>(Seuil, 2026) ;&nbsp;</li>



<li><a href="https://legrandcontinent.eu/fr/p/pierre-vandier/">amiral Pierre Vandier</a>, Commandant suprême allié Transformation de l&#8217;OTAN ;&nbsp;</li>



<li><a href="https://legrandcontinent.eu/fr/p/ulrike-franke/">Ulrike Franke</a>, <em>Senior Policy Fellow</em> au European Council on Foreign Relations.&nbsp;</li>
</ul>



<p>Comme tous les mardis du Grand Continent, cet événement est ouvert à toutes et à tous, avec un certain nombre de places réservées aux étudiants et aux abonnés, <a href="https://www.eventbrite.fr/e/billets-sommes-nous-toujours-dans-le-deni-de-la-guerre-1988349732575">en cliquant ici</a>.</p>



<p>Si vous souhaitez soutenir notre travail, vous pouvez <a href="https://legrandcontinent.eu/fr/offre-abonnement/">vous abonner ici</a>.</p>

<!-- This site is optimized with the Yoast SEO plugin v26.1.1 - https://yoast.com/wordpress/plugins/seo/ -->
<title>Sommes-nous toujours dans le déni de la guerre ?  - El Grand Continent</title>
<meta name="description" content="Mardi du Grand Continent à l&#039;École normale supérieure, avec Stéphane Audoin-Rouzeau, Ulrike Franke et l&#039;amiral Pierre Vandier." />
<meta name="robots" content="index, follow, max-snippet:-1, max-image-preview:large, max-video-preview:-1" />
<link rel="canonical" href="https://legrandcontinent.eu/es/eventos/amiral-vandier-transformation-guerre/" />
<meta property="og:locale" content="es_ES" />
<meta property="og:type" content="article" />
<meta property="og:title" content="Sommes-nous toujours dans le déni de la guerre ?  - El Grand Continent" />
<meta property="og:description" content="Mardi du Grand Continent à l&#039;École normale supérieure, avec Stéphane Audoin-Rouzeau, Ulrike Franke et l&#039;amiral Pierre Vandier." />
<meta property="og:url" content="https://legrandcontinent.eu/es/eventos/amiral-vandier-transformation-guerre/" />
<meta property="og:site_name" content="El Grand Continent" />
<meta property="article:modified_time" content="2026-04-28T04:35:13+00:00" />
<meta name="twitter:card" content="summary_large_image" />
<meta name="twitter:label1" content="Tiempo de lectura" />
	<meta name="twitter:data1" content="2 minutos" />
<script type="application/ld+json" class="yoast-schema-graph">{"@context":"https://schema.org","@graph":[{"@type":"WebPage","@id":"https://legrandcontinent.eu/es/eventos/amiral-vandier-transformation-guerre/","url":"https://legrandcontinent.eu/es/eventos/amiral-vandier-transformation-guerre/","name":"Sommes-nous toujours dans le déni de la guerre ?  - El Grand Continent","isPartOf":{"@id":"https://legrandcontinent.eu/es/#website"},"primaryImageOfPage":{"@id":"https://legrandcontinent.eu/es/eventos/amiral-vandier-transformation-guerre/#primaryimage"},"image":{"@id":"https://legrandcontinent.eu/es/eventos/amiral-vandier-transformation-guerre/#primaryimage"},"thumbnailUrl":"https://legrandcontinent.eu/es/wp-content/uploads/sites/2/2026/04/Grand-Continent-Vitesse-matrice-de-la-puissance-bunker.png","datePublished":"2026-04-28T04:30:00+00:00","dateModified":"2026-04-28T04:35:13+00:00","description":"Mardi du Grand Continent à l'École normale supérieure, avec Stéphane Audoin-Rouzeau, Ulrike Franke et l'amiral Pierre Vandier.","breadcrumb":{"@id":"https://legrandcontinent.eu/es/eventos/amiral-vandier-transformation-guerre/#breadcrumb"},"inLanguage":"es","potentialAction":[{"@type":"ReadAction","target":["https://legrandcontinent.eu/es/eventos/amiral-vandier-transformation-guerre/"]}]},{"@type":"ImageObject","inLanguage":"es","@id":"https://legrandcontinent.eu/es/eventos/amiral-vandier-transformation-guerre/#primaryimage","url":"https://legrandcontinent.eu/es/wp-content/uploads/sites/2/2026/04/Grand-Continent-Vitesse-matrice-de-la-puissance-bunker.png","contentUrl":"https://legrandcontinent.eu/es/wp-content/uploads/sites/2/2026/04/Grand-Continent-Vitesse-matrice-de-la-puissance-bunker.png","width":2048,"height":1296},{"@type":"BreadcrumbList","@id":"https://legrandcontinent.eu/es/eventos/amiral-vandier-transformation-guerre/#breadcrumb","itemListElement":[{"@type":"ListItem","position":1,"name":"Home","item":"https://legrandcontinent.eu/es/"},{"@type":"ListItem","position":2,"name":"Events","item":"https://legrandcontinent.eu/es/events/"},{"@type":"ListItem","position":3,"name":"Sommes-nous toujours dans le déni de la guerre ? "}]},{"@type":"WebSite","@id":"https://legrandcontinent.eu/es/#website","url":"https://legrandcontinent.eu/es/","name":"El Grand Continent","description":"La escala pertinente","potentialAction":[{"@type":"SearchAction","target":{"@type":"EntryPoint","urlTemplate":"https://legrandcontinent.eu/es/?s={search_term_string}"},"query-input":{"@type":"PropertyValueSpecification","valueRequired":true,"valueName":"search_term_string"}}],"inLanguage":"es"}]}</script>
<!-- / Yoast SEO plugin. -->

Sommes-nous toujours dans le déni de la guerre ?  - El Grand Continent

Mardi du Grand Continent à l'École normale supérieure, avec Stéphane Audoin-Rouzeau, Ulrike Franke et l'amiral Pierre Vandier.
