{"id":82537,"date":"2025-11-12T15:55:10","date_gmt":"2025-11-12T14:55:10","guid":{"rendered":"https:\/\/legrandcontinent.eu\/fr\/?post_type=event&#038;p=304940"},"modified":"2025-11-12T16:00:15","modified_gmt":"2025-11-12T15:00:15","slug":"documenter-lenfer-concentrationnaire-syrien","status":"publish","type":"event","link":"https:\/\/legrandcontinent.eu\/es\/eventos\/documenter-lenfer-concentrationnaire-syrien\/","title":{"rendered":"Documenter l&#8217;enfer concentrationnaire syrien"},"content":{"rendered":"\n<p>Le Grand Continent a le plaisir de recevoir Arthur Sarradin, journaliste, auteur de documentaires, pour une discussion autour de son livre\u00a0<em><a href=\"https:\/\/legrandcontinent.eu\/fr\/2025\/11\/01\/documenter-lenfer-concentrationnaire-syrien\/\">Le Nom des Ombres. Sortir de l&#8217;enfer concentrationnaire syrien<\/a><\/em>, paru fin octobre aux \u00c9ditions du Seuil.<\/p>\n\n\n\n<p>La discussion de l&#8217;ouvrage sera introduite par Leila Vignal, directrice du d\u00e9partment de G\u00e9ographie de l&#8217;\u00c9cole normale sup\u00e9rieure.<\/p>\n\n\n\n<p>Apr\u00e8s l&#8217;introduction et une pr\u00e9sentation de l&#8217;ouvrage par son auteur, l&#8217;essentiel de la s\u00e9ance consistera en des questions et r\u00e9ponses avec le public.<\/p>\n","protected":false},"author":11,"featured_media":0,"template":"templates\/event-debate.php","categories":[],"event-type":[],"geo":[],"class_list":["post-82537","event","type-event","status-publish","hentry"],"acf":[],"yoast_head":"<!-- This site is optimized with the Yoast SEO plugin v26.1.1 - https:\/\/yoast.com\/wordpress\/plugins\/seo\/ -->\n<title>Documenter l&#039;enfer concentrationnaire syrien - El Grand Continent<\/title>\n<meta name=\"description\" content=\"Rencontre avec Arthur Sarradin, introduite par Le\u00efla Vignal, \u00e0 l&#039;\u00c9cole normale sup\u00e9rieure, autour du livre Le Nom des Ombres.\" \/>\n<meta name=\"robots\" content=\"index, follow, max-snippet:-1, max-image-preview:large, max-video-preview:-1\" \/>\n<link rel=\"canonical\" href=\"https:\/\/legrandcontinent.eu\/es\/eventos\/documenter-lenfer-concentrationnaire-syrien\/\" \/>\n<meta property=\"og:locale\" content=\"es_ES\" \/>\n<meta property=\"og:type\" content=\"article\" \/>\n<meta property=\"og:title\" content=\"Documenter l&#039;enfer concentrationnaire syrien - El Grand Continent\" \/>\n<meta property=\"og:description\" content=\"Rencontre avec Arthur Sarradin, introduite par Le\u00efla Vignal, \u00e0 l&#039;\u00c9cole normale sup\u00e9rieure, autour du livre Le Nom des Ombres.\" \/>\n<meta property=\"og:url\" content=\"https:\/\/legrandcontinent.eu\/es\/eventos\/documenter-lenfer-concentrationnaire-syrien\/\" \/>\n<meta property=\"og:site_name\" content=\"El Grand Continent\" \/>\n<meta property=\"article:modified_time\" content=\"2025-11-12T15:00:15+00:00\" \/>\n<meta name=\"twitter:card\" content=\"summary_large_image\" \/>\n<meta name=\"twitter:label1\" content=\"Tiempo de lectura\" \/>\n\t<meta name=\"twitter:data1\" content=\"1 minuto\" \/>\n<script type=\"application\/ld+json\" class=\"yoast-schema-graph\">{\"@context\":\"https:\/\/schema.org\",\"@graph\":[{\"@type\":\"WebPage\",\"@id\":\"https:\/\/legrandcontinent.eu\/es\/eventos\/documenter-lenfer-concentrationnaire-syrien\/\",\"url\":\"https:\/\/legrandcontinent.eu\/es\/eventos\/documenter-lenfer-concentrationnaire-syrien\/\",\"name\":\"Documenter l'enfer concentrationnaire syrien - El Grand Continent\",\"isPartOf\":{\"@id\":\"https:\/\/legrandcontinent.eu\/es\/#website\"},\"datePublished\":\"2025-11-12T14:55:10+00:00\",\"dateModified\":\"2025-11-12T15:00:15+00:00\",\"description\":\"Rencontre avec Arthur Sarradin, introduite par Le\u00efla Vignal, \u00e0 l'\u00c9cole normale sup\u00e9rieure, autour du livre Le Nom des Ombres.\",\"breadcrumb\":{\"@id\":\"https:\/\/legrandcontinent.eu\/es\/eventos\/documenter-lenfer-concentrationnaire-syrien\/#breadcrumb\"},\"inLanguage\":\"es\",\"potentialAction\":[{\"@type\":\"ReadAction\",\"target\":[\"https:\/\/legrandcontinent.eu\/es\/eventos\/documenter-lenfer-concentrationnaire-syrien\/\"]}]},{\"@type\":\"BreadcrumbList\",\"@id\":\"https:\/\/legrandcontinent.eu\/es\/eventos\/documenter-lenfer-concentrationnaire-syrien\/#breadcrumb\",\"itemListElement\":[{\"@type\":\"ListItem\",\"position\":1,\"name\":\"Home\",\"item\":\"https:\/\/legrandcontinent.eu\/es\/\"},{\"@type\":\"ListItem\",\"position\":2,\"name\":\"Events\",\"item\":\"https:\/\/legrandcontinent.eu\/es\/events\/\"},{\"@type\":\"ListItem\",\"position\":3,\"name\":\"Documenter l&#8217;enfer concentrationnaire syrien\"}]},{\"@type\":\"WebSite\",\"@id\":\"https:\/\/legrandcontinent.eu\/es\/#website\",\"url\":\"https:\/\/legrandcontinent.eu\/es\/\",\"name\":\"El Grand Continent\",\"description\":\"La escala pertinente\",\"potentialAction\":[{\"@type\":\"SearchAction\",\"target\":{\"@type\":\"EntryPoint\",\"urlTemplate\":\"https:\/\/legrandcontinent.eu\/es\/?s={search_term_string}\"},\"query-input\":{\"@type\":\"PropertyValueSpecification\",\"valueRequired\":true,\"valueName\":\"search_term_string\"}}],\"inLanguage\":\"es\"}]}<\/script>\n<!-- \/ Yoast SEO plugin. -->","yoast_head_json":{"title":"Documenter l'enfer concentrationnaire syrien - El Grand Continent","description":"Rencontre avec Arthur Sarradin, introduite par Le\u00efla Vignal, \u00e0 l'\u00c9cole normale sup\u00e9rieure, autour du livre Le Nom des Ombres.","robots":{"index":"index","follow":"follow","max-snippet":"max-snippet:-1","max-image-preview":"max-image-preview:large","max-video-preview":"max-video-preview:-1"},"canonical":"https:\/\/legrandcontinent.eu\/es\/eventos\/documenter-lenfer-concentrationnaire-syrien\/","og_locale":"es_ES","og_type":"article","og_title":"Documenter l'enfer concentrationnaire syrien - El Grand Continent","og_description":"Rencontre avec Arthur Sarradin, introduite par Le\u00efla Vignal, \u00e0 l'\u00c9cole normale sup\u00e9rieure, autour du livre Le Nom des Ombres.","og_url":"https:\/\/legrandcontinent.eu\/es\/eventos\/documenter-lenfer-concentrationnaire-syrien\/","og_site_name":"El Grand Continent","article_modified_time":"2025-11-12T15:00:15+00:00","twitter_card":"summary_large_image","twitter_misc":{"Tiempo de lectura":"1 minuto"},"schema":{"@context":"https:\/\/schema.org","@graph":[{"@type":"WebPage","@id":"https:\/\/legrandcontinent.eu\/es\/eventos\/documenter-lenfer-concentrationnaire-syrien\/","url":"https:\/\/legrandcontinent.eu\/es\/eventos\/documenter-lenfer-concentrationnaire-syrien\/","name":"Documenter l'enfer concentrationnaire syrien - El Grand Continent","isPartOf":{"@id":"https:\/\/legrandcontinent.eu\/es\/#website"},"datePublished":"2025-11-12T14:55:10+00:00","dateModified":"2025-11-12T15:00:15+00:00","description":"Rencontre avec Arthur Sarradin, introduite par Le\u00efla Vignal, \u00e0 l'\u00c9cole normale sup\u00e9rieure, autour du livre Le Nom des Ombres.","breadcrumb":{"@id":"https:\/\/legrandcontinent.eu\/es\/eventos\/documenter-lenfer-concentrationnaire-syrien\/#breadcrumb"},"inLanguage":"es","potentialAction":[{"@type":"ReadAction","target":["https:\/\/legrandcontinent.eu\/es\/eventos\/documenter-lenfer-concentrationnaire-syrien\/"]}]},{"@type":"BreadcrumbList","@id":"https:\/\/legrandcontinent.eu\/es\/eventos\/documenter-lenfer-concentrationnaire-syrien\/#breadcrumb","itemListElement":[{"@type":"ListItem","position":1,"name":"Home","item":"https:\/\/legrandcontinent.eu\/es\/"},{"@type":"ListItem","position":2,"name":"Events","item":"https:\/\/legrandcontinent.eu\/es\/events\/"},{"@type":"ListItem","position":3,"name":"Documenter l&#8217;enfer concentrationnaire syrien"}]},{"@type":"WebSite","@id":"https:\/\/legrandcontinent.eu\/es\/#website","url":"https:\/\/legrandcontinent.eu\/es\/","name":"El Grand Continent","description":"La escala pertinente","potentialAction":[{"@type":"SearchAction","target":{"@type":"EntryPoint","urlTemplate":"https:\/\/legrandcontinent.eu\/es\/?s={search_term_string}"},"query-input":{"@type":"PropertyValueSpecification","valueRequired":true,"valueName":"search_term_string"}}],"inLanguage":"es"}]}},"_links":{"self":[{"href":"https:\/\/legrandcontinent.eu\/es\/wp-json\/wp\/v2\/event\/82537","targetHints":{"allow":["GET"]}}],"collection":[{"href":"https:\/\/legrandcontinent.eu\/es\/wp-json\/wp\/v2\/event"}],"about":[{"href":"https:\/\/legrandcontinent.eu\/es\/wp-json\/wp\/v2\/types\/event"}],"author":[{"embeddable":true,"href":"https:\/\/legrandcontinent.eu\/es\/wp-json\/wp\/v2\/users\/11"}],"wp:attachment":[{"href":"https:\/\/legrandcontinent.eu\/es\/wp-json\/wp\/v2\/media?parent=82537"}],"wp:term":[{"taxonomy":"category","embeddable":true,"href":"https:\/\/legrandcontinent.eu\/es\/wp-json\/wp\/v2\/categories?post=82537"},{"taxonomy":"event-type","embeddable":true,"href":"https:\/\/legrandcontinent.eu\/es\/wp-json\/wp\/v2\/event-type?post=82537"},{"taxonomy":"geo","embeddable":true,"href":"https:\/\/legrandcontinent.eu\/es\/wp-json\/wp\/v2\/geo?post=82537"}],"curies":[{"name":"wp","href":"https:\/\/api.w.org\/{rel}","templated":true}]}}

<p>Le Grand Continent a le plaisir de recevoir Arthur Sarradin, journaliste, auteur de documentaires, pour une discussion autour de son livre <em><a href="https://legrandcontinent.eu/fr/2025/11/01/documenter-lenfer-concentrationnaire-syrien/">Le Nom des Ombres. Sortir de l&#8217;enfer concentrationnaire syrien</a></em>, paru fin octobre aux Éditions du Seuil.</p>



<p>La discussion de l&#8217;ouvrage sera introduite par Leila Vignal, directrice du départment de Géographie de l&#8217;École normale supérieure.</p>



<p>Après l&#8217;introduction et une présentation de l&#8217;ouvrage par son auteur, l&#8217;essentiel de la séance consistera en des questions et réponses avec le public.</p>

<!-- This site is optimized with the Yoast SEO plugin v26.1.1 - https://yoast.com/wordpress/plugins/seo/ -->
<title>Documenter l&#039;enfer concentrationnaire syrien - El Grand Continent</title>
<meta name="description" content="Rencontre avec Arthur Sarradin, introduite par Leïla Vignal, à l&#039;École normale supérieure, autour du livre Le Nom des Ombres." />
<meta name="robots" content="index, follow, max-snippet:-1, max-image-preview:large, max-video-preview:-1" />
<link rel="canonical" href="https://legrandcontinent.eu/es/eventos/documenter-lenfer-concentrationnaire-syrien/" />
<meta property="og:locale" content="es_ES" />
<meta property="og:type" content="article" />
<meta property="og:title" content="Documenter l&#039;enfer concentrationnaire syrien - El Grand Continent" />
<meta property="og:description" content="Rencontre avec Arthur Sarradin, introduite par Leïla Vignal, à l&#039;École normale supérieure, autour du livre Le Nom des Ombres." />
<meta property="og:url" content="https://legrandcontinent.eu/es/eventos/documenter-lenfer-concentrationnaire-syrien/" />
<meta property="og:site_name" content="El Grand Continent" />
<meta property="article:modified_time" content="2025-11-12T15:00:15+00:00" />
<meta name="twitter:card" content="summary_large_image" />
<meta name="twitter:label1" content="Tiempo de lectura" />
	<meta name="twitter:data1" content="1 minuto" />
<script type="application/ld+json" class="yoast-schema-graph">{"@context":"https://schema.org","@graph":[{"@type":"WebPage","@id":"https://legrandcontinent.eu/es/eventos/documenter-lenfer-concentrationnaire-syrien/","url":"https://legrandcontinent.eu/es/eventos/documenter-lenfer-concentrationnaire-syrien/","name":"Documenter l'enfer concentrationnaire syrien - El Grand Continent","isPartOf":{"@id":"https://legrandcontinent.eu/es/#website"},"datePublished":"2025-11-12T14:55:10+00:00","dateModified":"2025-11-12T15:00:15+00:00","description":"Rencontre avec Arthur Sarradin, introduite par Leïla Vignal, à l'École normale supérieure, autour du livre Le Nom des Ombres.","breadcrumb":{"@id":"https://legrandcontinent.eu/es/eventos/documenter-lenfer-concentrationnaire-syrien/#breadcrumb"},"inLanguage":"es","potentialAction":[{"@type":"ReadAction","target":["https://legrandcontinent.eu/es/eventos/documenter-lenfer-concentrationnaire-syrien/"]}]},{"@type":"BreadcrumbList","@id":"https://legrandcontinent.eu/es/eventos/documenter-lenfer-concentrationnaire-syrien/#breadcrumb","itemListElement":[{"@type":"ListItem","position":1,"name":"Home","item":"https://legrandcontinent.eu/es/"},{"@type":"ListItem","position":2,"name":"Events","item":"https://legrandcontinent.eu/es/events/"},{"@type":"ListItem","position":3,"name":"Documenter l&#8217;enfer concentrationnaire syrien"}]},{"@type":"WebSite","@id":"https://legrandcontinent.eu/es/#website","url":"https://legrandcontinent.eu/es/","name":"El Grand Continent","description":"La escala pertinente","potentialAction":[{"@type":"SearchAction","target":{"@type":"EntryPoint","urlTemplate":"https://legrandcontinent.eu/es/?s={search_term_string}"},"query-input":{"@type":"PropertyValueSpecification","valueRequired":true,"valueName":"search_term_string"}}],"inLanguage":"es"}]}</script>
<!-- / Yoast SEO plugin. -->

Rencontre avec Arthur Sarradin, introduite par Leïla Vignal, à l'École normale supérieure, autour du livre Le Nom des Ombres.
