{"version":"1.0","provider_name":"El Grand Continent","provider_url":"https:\/\/legrandcontinent.eu\/es","title":"L'Europe face aux menaces num\u00e9riques - El Grand Continent","type":"rich","width":600,"height":338,"html":"<blockquote class=\"wp-embedded-content\" data-secret=\"yQrZCy0LzY\"><a href=\"https:\/\/legrandcontinent.eu\/es\/eventos\/leurope-face-aux-menaces-numeriques\/\">L&#8217;Europe face aux menaces num\u00e9riques<\/a><\/blockquote><iframe sandbox=\"allow-scripts\" security=\"restricted\" src=\"https:\/\/legrandcontinent.eu\/es\/eventos\/leurope-face-aux-menaces-numeriques\/embed\/#?secret=yQrZCy0LzY\" width=\"600\" height=\"338\" title=\"\u00abL&#8217;Europe face aux menaces num\u00e9riques\u00bb \u2014 El Grand Continent\" data-secret=\"yQrZCy0LzY\" frameborder=\"0\" marginwidth=\"0\" marginheight=\"0\" scrolling=\"no\" class=\"wp-embedded-content\"><\/iframe><script type=\"text\/javascript\">\n\/* <![CDATA[ *\/\n\/*! This file is auto-generated *\/\n!function(d,l){\"use strict\";l.querySelector&&d.addEventListener&&\"undefined\"!=typeof URL&&(d.wp=d.wp||{},d.wp.receiveEmbedMessage||(d.wp.receiveEmbedMessage=function(e){var t=e.data;if((t||t.secret||t.message||t.value)&&!\/[^a-zA-Z0-9]\/.test(t.secret)){for(var s,r,n,a=l.querySelectorAll('iframe[data-secret=\"'+t.secret+'\"]'),o=l.querySelectorAll('blockquote[data-secret=\"'+t.secret+'\"]'),c=new RegExp(\"^https?:$\",\"i\"),i=0;i<o.length;i++)o[i].style.display=\"none\";for(i=0;i<a.length;i++)s=a[i],e.source===s.contentWindow&&(s.removeAttribute(\"style\"),\"height\"===t.message?(1e3<(r=parseInt(t.value,10))?r=1e3:~~r<200&&(r=200),s.height=r):\"link\"===t.message&&(r=new URL(s.getAttribute(\"src\")),n=new URL(t.value),c.test(n.protocol))&&n.host===r.host&&l.activeElement===s&&(d.top.location.href=t.value))}},d.addEventListener(\"message\",d.wp.receiveEmbedMessage,!1),l.addEventListener(\"DOMContentLoaded\",function(){for(var e,t,s=l.querySelectorAll(\"iframe.wp-embedded-content\"),r=0;r<s.length;r++)(t=(e=s[r]).getAttribute(\"data-secret\"))||(t=Math.random().toString(36).substring(2,12),e.src+=\"#?secret=\"+t,e.setAttribute(\"data-secret\",t)),e.contentWindow.postMessage({message:\"ready\",secret:t},\"*\")},!1)))}(window,document);\n\/* ]]> *\/\n<\/script>\n","thumbnail_url":"https:\/\/legrandcontinent.eu\/es\/wp-content\/uploads\/sites\/2\/2019\/04\/GEG81.jpg","thumbnail_width":810,"thumbnail_height":450,"description":"Les r\u00e9cents d\u00e9bats autour de l'installation de la 5G en Europe, les craintes d'\u00eatre envahis par des g\u00e9ants chinois, et des difficult\u00e9s \u00e0 cr\u00e9er une taxation sur les GAFA \u00e0 l'\u00e9chelle europ\u00e9enne pourraient laisser penser que l'Europe, qui dispose d'une politique de protection des donn\u00e9es particuli\u00e8rement ambitieuse, manque en revanche d'une strat\u00e9gie pour s'imposer comme bloc g\u00e9opolitique dans le domaine du num\u00e9rique."}

L'Europe face aux menaces numériques - El Grand Continent

<blockquote class="wp-embedded-content" data-secret="yQrZCy0LzY"><a href="https://legrandcontinent.eu/es/eventos/leurope-face-aux-menaces-numeriques/">L&#8217;Europe face aux menaces numériques</a></blockquote><iframe sandbox="allow-scripts" security="restricted" src="https://legrandcontinent.eu/es/eventos/leurope-face-aux-menaces-numeriques/embed/#?secret=yQrZCy0LzY" width="600" height="338" title="«L&#8217;Europe face aux menaces numériques» — El Grand Continent" data-secret="yQrZCy0LzY" frameborder="0" marginwidth="0" marginheight="0" scrolling="no" class="wp-embedded-content"></iframe><script type="text/javascript">
/* <![CDATA[ */
/*! This file is auto-generated */
!function(d,l){"use strict";l.querySelector&&d.addEventListener&&"undefined"!=typeof URL&&(d.wp=d.wp||{},d.wp.receiveEmbedMessage||(d.wp.receiveEmbedMessage=function(e){var t=e.data;if((t||t.secret||t.message||t.value)&&!/[^a-zA-Z0-9]/.test(t.secret)){for(var s,r,n,a=l.querySelectorAll('iframe[data-secret="'+t.secret+'"]'),o=l.querySelectorAll('blockquote[data-secret="'+t.secret+'"]'),c=new RegExp("^https?:$","i"),i=0;i<o.length;i++)o[i].style.display="none";for(i=0;i<a.length;i++)s=a[i],e.source===s.contentWindow&&(s.removeAttribute("style"),"height"===t.message?(1e3<(r=parseInt(t.value,10))?r=1e3:~~r<200&&(r=200),s.height=r):"link"===t.message&&(r=new URL(s.getAttribute("src")),n=new URL(t.value),c.test(n.protocol))&&n.host===r.host&&l.activeElement===s&&(d.top.location.href=t.value))}},d.addEventListener("message",d.wp.receiveEmbedMessage,!1),l.addEventListener("DOMContentLoaded",function(){for(var e,t,s=l.querySelectorAll("iframe.wp-embedded-content"),r=0;r<s.length;r++)(t=(e=s[r]).getAttribute("data-secret"))||(t=Math.random().toString(36).substring(2,12),e.src+="#?secret="+t,e.setAttribute("data-secret",t)),e.contentWindow.postMessage({message:"ready",secret:t},"*")},!1)))}(window,document);
/* ]]> */
</script>

Les récents débats autour de l'installation de la 5G en Europe, les craintes d'être envahis par des géants chinois, et des difficultés à créer une taxation sur les GAFA à l'échelle européenne pourraient laisser penser que l'Europe, qui dispose d'une politique de protection des données particulièrement ambitieuse, manque en revanche d'une stratégie pour s'imposer comme bloc géopolitique dans le domaine du numérique.
