{"version":"1.0","provider_name":"El Grand Continent","provider_url":"https:\/\/legrandcontinent.eu\/es","title":"Javier Milei en Europa: geograf\u00eda del caos - El Grand Continent","type":"rich","width":600,"height":338,"html":"<blockquote class=\"wp-embedded-content\" data-secret=\"8mFSJ5EvPt\"><a href=\"https:\/\/legrandcontinent.eu\/es\/2024\/06\/21\/caotica-gira-europea-de-javier-milei\/\">Javier Milei en Europa: geograf\u00eda del caos<\/a><\/blockquote><iframe sandbox=\"allow-scripts\" security=\"restricted\" src=\"https:\/\/legrandcontinent.eu\/es\/2024\/06\/21\/caotica-gira-europea-de-javier-milei\/embed\/#?secret=8mFSJ5EvPt\" width=\"600\" height=\"338\" title=\"\u00abJavier Milei en Europa: geograf\u00eda del caos\u00bb \u2014 El Grand Continent\" data-secret=\"8mFSJ5EvPt\" frameborder=\"0\" marginwidth=\"0\" marginheight=\"0\" scrolling=\"no\" class=\"wp-embedded-content\"><\/iframe><script type=\"text\/javascript\">\n\/* <![CDATA[ *\/\n\/*! This file is auto-generated *\/\n!function(d,l){\"use strict\";l.querySelector&&d.addEventListener&&\"undefined\"!=typeof URL&&(d.wp=d.wp||{},d.wp.receiveEmbedMessage||(d.wp.receiveEmbedMessage=function(e){var t=e.data;if((t||t.secret||t.message||t.value)&&!\/[^a-zA-Z0-9]\/.test(t.secret)){for(var s,r,n,a=l.querySelectorAll('iframe[data-secret=\"'+t.secret+'\"]'),o=l.querySelectorAll('blockquote[data-secret=\"'+t.secret+'\"]'),c=new RegExp(\"^https?:$\",\"i\"),i=0;i<o.length;i++)o[i].style.display=\"none\";for(i=0;i<a.length;i++)s=a[i],e.source===s.contentWindow&&(s.removeAttribute(\"style\"),\"height\"===t.message?(1e3<(r=parseInt(t.value,10))?r=1e3:~~r<200&&(r=200),s.height=r):\"link\"===t.message&&(r=new URL(s.getAttribute(\"src\")),n=new URL(t.value),c.test(n.protocol))&&n.host===r.host&&l.activeElement===s&&(d.top.location.href=t.value))}},d.addEventListener(\"message\",d.wp.receiveEmbedMessage,!1),l.addEventListener(\"DOMContentLoaded\",function(){for(var e,t,s=l.querySelectorAll(\"iframe.wp-embedded-content\"),r=0;r<s.length;r++)(t=(e=s[r]).getAttribute(\"data-secret\"))||(t=Math.random().toString(36).substring(2,12),e.src+=\"#?secret=\"+t,e.setAttribute(\"data-secret\",t)),e.contentWindow.postMessage({message:\"ready\",secret:t},\"*\")},!1)))}(window,document);\n\/* ]]> *\/\n<\/script>\n","thumbnail_url":"https:\/\/legrandcontinent.eu\/es\/wp-content\/uploads\/sites\/6\/2024\/06\/K7dZW-milei-es-una-de-las-figuras-m-s-populares-en-argentina-.png","thumbnail_width":1240,"thumbnail_height":826,"description":"El Presidente argentino regresa hoy a Europa, donde permanecer\u00e1 hasta el domingo, tras una r\u00e1pida escala el pasado fin de semana en la cumbre del G7 y sobre la paz en Ucrania. El Rey Felipe VI rechaz\u00f3 reunirse con \u00e9l, se acort\u00f3 su encuentro con Olaf Scholz, se cancel\u00f3 su recepci\u00f3n en el El\u00edseo\u2026 En las capitales europeas se considera que es complejo recibir al presidente argentino."}

Javier Milei en Europa: geografía del caos - El Grand Continent

<blockquote class="wp-embedded-content" data-secret="8mFSJ5EvPt"><a href="https://legrandcontinent.eu/es/2024/06/21/caotica-gira-europea-de-javier-milei/">Javier Milei en Europa: geografía del caos</a></blockquote><iframe sandbox="allow-scripts" security="restricted" src="https://legrandcontinent.eu/es/2024/06/21/caotica-gira-europea-de-javier-milei/embed/#?secret=8mFSJ5EvPt" width="600" height="338" title="«Javier Milei en Europa: geografía del caos» — El Grand Continent" data-secret="8mFSJ5EvPt" frameborder="0" marginwidth="0" marginheight="0" scrolling="no" class="wp-embedded-content"></iframe><script type="text/javascript">
/* <![CDATA[ */
/*! This file is auto-generated */
!function(d,l){"use strict";l.querySelector&&d.addEventListener&&"undefined"!=typeof URL&&(d.wp=d.wp||{},d.wp.receiveEmbedMessage||(d.wp.receiveEmbedMessage=function(e){var t=e.data;if((t||t.secret||t.message||t.value)&&!/[^a-zA-Z0-9]/.test(t.secret)){for(var s,r,n,a=l.querySelectorAll('iframe[data-secret="'+t.secret+'"]'),o=l.querySelectorAll('blockquote[data-secret="'+t.secret+'"]'),c=new RegExp("^https?:$","i"),i=0;i<o.length;i++)o[i].style.display="none";for(i=0;i<a.length;i++)s=a[i],e.source===s.contentWindow&&(s.removeAttribute("style"),"height"===t.message?(1e3<(r=parseInt(t.value,10))?r=1e3:~~r<200&&(r=200),s.height=r):"link"===t.message&&(r=new URL(s.getAttribute("src")),n=new URL(t.value),c.test(n.protocol))&&n.host===r.host&&l.activeElement===s&&(d.top.location.href=t.value))}},d.addEventListener("message",d.wp.receiveEmbedMessage,!1),l.addEventListener("DOMContentLoaded",function(){for(var e,t,s=l.querySelectorAll("iframe.wp-embedded-content"),r=0;r<s.length;r++)(t=(e=s[r]).getAttribute("data-secret"))||(t=Math.random().toString(36).substring(2,12),e.src+="#?secret="+t,e.setAttribute("data-secret",t)),e.contentWindow.postMessage({message:"ready",secret:t},"*")},!1)))}(window,document);
/* ]]> */
</script>

El Presidente argentino regresa hoy a Europa, donde permanecerá hasta el domingo, tras una rápida escala el pasado fin de semana en la cumbre del G7 y sobre la paz en Ucrania. El Rey Felipe VI rechazó reunirse con él, se acortó su encuentro con Olaf Scholz, se canceló su recepción en el Elíseo… En las capitales europeas se considera que es complejo recibir al presidente argentino.
