{"version":"1.0","provider_name":"El Grand Continent","provider_url":"https:\/\/legrandcontinent.eu\/es","title":"COP28: la ecolog\u00eda a la escala pertinente - El Grand Continent","type":"rich","width":600,"height":338,"html":"<blockquote class=\"wp-embedded-content\" data-secret=\"PDtyQ33zLx\"><a href=\"https:\/\/legrandcontinent.eu\/es\/2023\/12\/04\/cop28-la-ecologia-a-la-escala-pertinente\/\">COP28: la ecolog\u00eda a la escala pertinente<\/a><\/blockquote><iframe sandbox=\"allow-scripts\" security=\"restricted\" src=\"https:\/\/legrandcontinent.eu\/es\/2023\/12\/04\/cop28-la-ecologia-a-la-escala-pertinente\/embed\/#?secret=PDtyQ33zLx\" width=\"600\" height=\"338\" title=\"\u00abCOP28: la ecolog\u00eda a la escala pertinente\u00bb \u2014 El Grand Continent\" data-secret=\"PDtyQ33zLx\" frameborder=\"0\" marginwidth=\"0\" marginheight=\"0\" scrolling=\"no\" class=\"wp-embedded-content\"><\/iframe><script type=\"text\/javascript\">\n\/* <![CDATA[ *\/\n\/*! This file is auto-generated *\/\n!function(d,l){\"use strict\";l.querySelector&&d.addEventListener&&\"undefined\"!=typeof URL&&(d.wp=d.wp||{},d.wp.receiveEmbedMessage||(d.wp.receiveEmbedMessage=function(e){var t=e.data;if((t||t.secret||t.message||t.value)&&!\/[^a-zA-Z0-9]\/.test(t.secret)){for(var s,r,n,a=l.querySelectorAll('iframe[data-secret=\"'+t.secret+'\"]'),o=l.querySelectorAll('blockquote[data-secret=\"'+t.secret+'\"]'),c=new RegExp(\"^https?:$\",\"i\"),i=0;i<o.length;i++)o[i].style.display=\"none\";for(i=0;i<a.length;i++)s=a[i],e.source===s.contentWindow&&(s.removeAttribute(\"style\"),\"height\"===t.message?(1e3<(r=parseInt(t.value,10))?r=1e3:~~r<200&&(r=200),s.height=r):\"link\"===t.message&&(r=new URL(s.getAttribute(\"src\")),n=new URL(t.value),c.test(n.protocol))&&n.host===r.host&&l.activeElement===s&&(d.top.location.href=t.value))}},d.addEventListener(\"message\",d.wp.receiveEmbedMessage,!1),l.addEventListener(\"DOMContentLoaded\",function(){for(var e,t,s=l.querySelectorAll(\"iframe.wp-embedded-content\"),r=0;r<s.length;r++)(t=(e=s[r]).getAttribute(\"data-secret\"))||(t=Math.random().toString(36).substring(2,12),e.src+=\"#?secret=\"+t,e.setAttribute(\"data-secret\",t)),e.contentWindow.postMessage({message:\"ready\",secret:t},\"*\")},!1)))}(window,document);\n\/* ]]> *\/\n<\/script>\n","thumbnail_url":"https:\/\/legrandcontinent.eu\/es\/wp-content\/uploads\/sites\/6\/2023\/12\/gc-elbechu-scaled.jpg","thumbnail_width":2560,"thumbnail_height":1440,"description":"C\u00f3mo preservar el medio ambiente sin alienar a las poblaciones. Ante el auge del populismo clim\u00e1tico y en un momento en que las democracias est\u00e1n siendo atacadas en todo el mundo, el Ministro franc\u00e9s de la Transici\u00f3n Ecol\u00f3gica, Christophe B\u00e9chu, reflexiona sobre las escalas de la acci\u00f3n medioambiental, proponiendo varios marcos para encarnar colectivamente una lucha que nos implique a todos. Una lectura obligada mientras prosigue la COP28 en Dubai."}

COP28: la ecología a la escala pertinente - El Grand Continent

<blockquote class="wp-embedded-content" data-secret="PDtyQ33zLx"><a href="https://legrandcontinent.eu/es/2023/12/04/cop28-la-ecologia-a-la-escala-pertinente/">COP28: la ecología a la escala pertinente</a></blockquote><iframe sandbox="allow-scripts" security="restricted" src="https://legrandcontinent.eu/es/2023/12/04/cop28-la-ecologia-a-la-escala-pertinente/embed/#?secret=PDtyQ33zLx" width="600" height="338" title="«COP28: la ecología a la escala pertinente» — El Grand Continent" data-secret="PDtyQ33zLx" frameborder="0" marginwidth="0" marginheight="0" scrolling="no" class="wp-embedded-content"></iframe><script type="text/javascript">
/* <![CDATA[ */
/*! This file is auto-generated */
!function(d,l){"use strict";l.querySelector&&d.addEventListener&&"undefined"!=typeof URL&&(d.wp=d.wp||{},d.wp.receiveEmbedMessage||(d.wp.receiveEmbedMessage=function(e){var t=e.data;if((t||t.secret||t.message||t.value)&&!/[^a-zA-Z0-9]/.test(t.secret)){for(var s,r,n,a=l.querySelectorAll('iframe[data-secret="'+t.secret+'"]'),o=l.querySelectorAll('blockquote[data-secret="'+t.secret+'"]'),c=new RegExp("^https?:$","i"),i=0;i<o.length;i++)o[i].style.display="none";for(i=0;i<a.length;i++)s=a[i],e.source===s.contentWindow&&(s.removeAttribute("style"),"height"===t.message?(1e3<(r=parseInt(t.value,10))?r=1e3:~~r<200&&(r=200),s.height=r):"link"===t.message&&(r=new URL(s.getAttribute("src")),n=new URL(t.value),c.test(n.protocol))&&n.host===r.host&&l.activeElement===s&&(d.top.location.href=t.value))}},d.addEventListener("message",d.wp.receiveEmbedMessage,!1),l.addEventListener("DOMContentLoaded",function(){for(var e,t,s=l.querySelectorAll("iframe.wp-embedded-content"),r=0;r<s.length;r++)(t=(e=s[r]).getAttribute("data-secret"))||(t=Math.random().toString(36).substring(2,12),e.src+="#?secret="+t,e.setAttribute("data-secret",t)),e.contentWindow.postMessage({message:"ready",secret:t},"*")},!1)))}(window,document);
/* ]]> */
</script>

Cómo preservar el medio ambiente sin alienar a las poblaciones. Ante el auge del populismo climático y en un momento en que las democracias están siendo atacadas en todo el mundo, el Ministro francés de la Transición Ecológica, Christophe Béchu, reflexiona sobre las escalas de la acción medioambiental, proponiendo varios marcos para encarnar colectivamente una lucha que nos implique a todos. Una lectura obligada mientras prosigue la COP28 en Dubai.
