{"version":"1.0","provider_name":"El Grand Continent","provider_url":"https:\/\/legrandcontinent.eu\/es","title":"Manifestaciones masivas por la democracia en Polonia - El Grand Continent","type":"rich","width":600,"height":338,"html":"<blockquote class=\"wp-embedded-content\" data-secret=\"LnTW6myYc8\"><a href=\"https:\/\/legrandcontinent.eu\/es\/2023\/06\/04\/manifestaciones-masivas-por-la-democracia-en-polonia\/\">Manifestaciones masivas por la democracia en Polonia<\/a><\/blockquote><iframe sandbox=\"allow-scripts\" security=\"restricted\" src=\"https:\/\/legrandcontinent.eu\/es\/2023\/06\/04\/manifestaciones-masivas-por-la-democracia-en-polonia\/embed\/#?secret=LnTW6myYc8\" width=\"600\" height=\"338\" title=\"\u00abManifestaciones masivas por la democracia en Polonia\u00bb \u2014 El Grand Continent\" data-secret=\"LnTW6myYc8\" frameborder=\"0\" marginwidth=\"0\" marginheight=\"0\" scrolling=\"no\" class=\"wp-embedded-content\"><\/iframe><script type=\"text\/javascript\">\n\/* <![CDATA[ *\/\n\/*! This file is auto-generated *\/\n!function(d,l){\"use strict\";l.querySelector&&d.addEventListener&&\"undefined\"!=typeof URL&&(d.wp=d.wp||{},d.wp.receiveEmbedMessage||(d.wp.receiveEmbedMessage=function(e){var t=e.data;if((t||t.secret||t.message||t.value)&&!\/[^a-zA-Z0-9]\/.test(t.secret)){for(var s,r,n,a=l.querySelectorAll('iframe[data-secret=\"'+t.secret+'\"]'),o=l.querySelectorAll('blockquote[data-secret=\"'+t.secret+'\"]'),c=new RegExp(\"^https?:$\",\"i\"),i=0;i<o.length;i++)o[i].style.display=\"none\";for(i=0;i<a.length;i++)s=a[i],e.source===s.contentWindow&&(s.removeAttribute(\"style\"),\"height\"===t.message?(1e3<(r=parseInt(t.value,10))?r=1e3:~~r<200&&(r=200),s.height=r):\"link\"===t.message&&(r=new URL(s.getAttribute(\"src\")),n=new URL(t.value),c.test(n.protocol))&&n.host===r.host&&l.activeElement===s&&(d.top.location.href=t.value))}},d.addEventListener(\"message\",d.wp.receiveEmbedMessage,!1),l.addEventListener(\"DOMContentLoaded\",function(){for(var e,t,s=l.querySelectorAll(\"iframe.wp-embedded-content\"),r=0;r<s.length;r++)(t=(e=s[r]).getAttribute(\"data-secret\"))||(t=Math.random().toString(36).substring(2,12),e.src+=\"#?secret=\"+t,e.setAttribute(\"data-secret\",t)),e.contentWindow.postMessage({message:\"ready\",secret:t},\"*\")},!1)))}(window,document);\n\/* ]]> *\/\n<\/script>\n","thumbnail_url":"https:\/\/legrandcontinent.eu\/es\/wp-content\/uploads\/sites\/6\/2023\/06\/gc-elmanifestacionespolonia-scaled.jpg","thumbnail_width":2560,"thumbnail_height":1440,"description":"La semana comenz\u00f3 en Polonia con los anuncios del presidente Duda sobre el proyecto de ley del gobierno contra la influencia rusa en la pol\u00edtica nacional, r\u00e1pidamente interpretado como una ley antioposici\u00f3n e incluso anti-Donald Tusk. En respuesta, los polacos participaron en multitudinarias manifestaciones, encabezadas por la oposici\u00f3n, para salvar la democracia. La temporada electoral, que culminar\u00e1 con la renovaci\u00f3n de los diputados en oto\u00f1o, promete ser especialmente larga."}

La semana comenzó en Polonia con los anuncios del presidente Duda sobre el proyecto de ley del gobierno contra la influencia rusa en la política nacional, rápidamente interpretado como una ley antioposición e incluso anti-Donald Tusk. En respuesta, los polacos participaron en multitudinarias manifestaciones, encabezadas por la oposición, para salvar la democracia. La temporada electoral, que culminará con la renovación de los diputados en otoño, promete ser especialmente larga.
