{"version":"1.0","provider_name":"El Grand Continent","provider_url":"https:\/\/legrandcontinent.eu\/es","title":"El futuro progresista de Colombia\u00a0 - El Grand Continent","type":"rich","width":600,"height":338,"html":"<blockquote class=\"wp-embedded-content\" data-secret=\"eFg0tmv13H\"><a href=\"https:\/\/legrandcontinent.eu\/es\/2022\/11\/03\/el-futuro-progresista-de-colombia\/\">El futuro progresista de Colombia\u00a0<\/a><\/blockquote><iframe sandbox=\"allow-scripts\" security=\"restricted\" src=\"https:\/\/legrandcontinent.eu\/es\/2022\/11\/03\/el-futuro-progresista-de-colombia\/embed\/#?secret=eFg0tmv13H\" width=\"600\" height=\"338\" title=\"\u00abEl futuro progresista de Colombia\u00a0\u00bb \u2014 El Grand Continent\" data-secret=\"eFg0tmv13H\" frameborder=\"0\" marginwidth=\"0\" marginheight=\"0\" scrolling=\"no\" class=\"wp-embedded-content\"><\/iframe><script type=\"text\/javascript\">\n\/* <![CDATA[ *\/\n\/*! This file is auto-generated *\/\n!function(d,l){\"use strict\";l.querySelector&&d.addEventListener&&\"undefined\"!=typeof URL&&(d.wp=d.wp||{},d.wp.receiveEmbedMessage||(d.wp.receiveEmbedMessage=function(e){var t=e.data;if((t||t.secret||t.message||t.value)&&!\/[^a-zA-Z0-9]\/.test(t.secret)){for(var s,r,n,a=l.querySelectorAll('iframe[data-secret=\"'+t.secret+'\"]'),o=l.querySelectorAll('blockquote[data-secret=\"'+t.secret+'\"]'),c=new RegExp(\"^https?:$\",\"i\"),i=0;i<o.length;i++)o[i].style.display=\"none\";for(i=0;i<a.length;i++)s=a[i],e.source===s.contentWindow&&(s.removeAttribute(\"style\"),\"height\"===t.message?(1e3<(r=parseInt(t.value,10))?r=1e3:~~r<200&&(r=200),s.height=r):\"link\"===t.message&&(r=new URL(s.getAttribute(\"src\")),n=new URL(t.value),c.test(n.protocol))&&n.host===r.host&&l.activeElement===s&&(d.top.location.href=t.value))}},d.addEventListener(\"message\",d.wp.receiveEmbedMessage,!1),l.addEventListener(\"DOMContentLoaded\",function(){for(var e,t,s=l.querySelectorAll(\"iframe.wp-embedded-content\"),r=0;r<s.length;r++)(t=(e=s[r]).getAttribute(\"data-secret\"))||(t=Math.random().toString(36).substring(2,12),e.src+=\"#?secret=\"+t,e.setAttribute(\"data-secret\",t)),e.contentWindow.postMessage({message:\"ready\",secret:t},\"*\")},!1)))}(window,document);\n\/* ]]> *\/\n<\/script>\n","thumbnail_url":"https:\/\/legrandcontinent.eu\/es\/wp-content\/uploads\/sites\/6\/2022\/11\/gc-elfuturocolombia-scaled.jpg","thumbnail_width":2560,"thumbnail_height":1441,"description":"La llegada al poder de Gustavo Petro y su vicepresidenta Francia M\u00e1rquez al frente de Colombia abre una brecha. Criticado y escudri\u00f1ado, el giro pol\u00edtico del pa\u00eds tambi\u00e9n ha tra\u00eddo esperanza al resto de Am\u00e9rica Latina. Para el ex presidente colombiano Ernesto Samper, esta ruptura podr\u00eda marcar en el tiempo largo una transformaci\u00f3n democr\u00e1tica hist\u00f3rica."}

La llegada al poder de Gustavo Petro y su vicepresidenta Francia Márquez al frente de Colombia abre una brecha. Criticado y escudriñado, el giro político del país también ha traído esperanza al resto de América Latina. Para el ex presidente colombiano Ernesto Samper, esta ruptura podría marcar en el tiempo largo una transformación democrática histórica.
